

{"version":"1.0","provider_name":"FAMPA Castell\u00f3 Penyagolosa","provider_url":"http:\/\/fapacastello.com\/es","author_name":"Raquel Garc\u00eda","author_url":"http:\/\/fapacastello.com\/es\/author\/socraquel\/","title":"Formaci\u00f3n \u201cEl tabaco y el vapeo en la adolescencia\u201d | FAMPA Castell\u00f3 Penyagolosa","type":"rich","width":600,"height":338,"html":"<blockquote class=\"wp-embedded-content\" data-secret=\"ddFlFMweuI\"><a href=\"http:\/\/fapacastello.com\/es\/event\/formacio-el-tabac-i-el-vapeig-en-ladolescencia\/\">Formaci\u00f3n \u201cEl tabaco y el vapeo en la adolescencia\u201d<\/a><\/blockquote><iframe sandbox=\"allow-scripts\" security=\"restricted\" src=\"http:\/\/fapacastello.com\/es\/event\/formacio-el-tabac-i-el-vapeig-en-ladolescencia\/embed\/#?secret=ddFlFMweuI\" width=\"600\" height=\"338\" title=\"\u00abFormaci\u00f3n \u201cEl tabaco y el vapeo en la adolescencia\u201d\u00bb \u2014 FAMPA Castell\u00f3 Penyagolosa\" data-secret=\"ddFlFMweuI\" frameborder=\"0\" marginwidth=\"0\" marginheight=\"0\" scrolling=\"no\" class=\"wp-embedded-content\"><\/iframe><script type=\"text\/javascript\">\n\/*! This file is auto-generated *\/\n!function(c,d){\"use strict\";var e=!1,o=!1;if(d.querySelector)if(c.addEventListener)e=!0;if(c.wp=c.wp||{},c.wp.receiveEmbedMessage);else if(c.wp.receiveEmbedMessage=function(e){var t=e.data;if(!t);else if(!(t.secret||t.message||t.value));else if(\/[^a-zA-Z0-9]\/.test(t.secret));else{for(var r,s,a,i=d.querySelectorAll('iframe[data-secret=\"'+t.secret+'\"]'),n=d.querySelectorAll('blockquote[data-secret=\"'+t.secret+'\"]'),o=new RegExp(\"^https?:$\",\"i\"),l=0;l<n.length;l++)n[l].style.display=\"none\";for(l=0;l<i.length;l++)if(r=i[l],e.source!==r.contentWindow);else{if(r.removeAttribute(\"style\"),\"height\"===t.message){if(1e3<(s=parseInt(t.value,10)))s=1e3;else if(~~s<200)s=200;r.height=s}if(\"link\"===t.message)if(s=d.createElement(\"a\"),a=d.createElement(\"a\"),s.href=r.getAttribute(\"src\"),a.href=t.value,!o.test(a.protocol));else if(a.host===s.host)if(d.activeElement===r)c.top.location.href=t.value}}},e)c.addEventListener(\"message\",c.wp.receiveEmbedMessage,!1),d.addEventListener(\"DOMContentLoaded\",t,!1),c.addEventListener(\"load\",t,!1);function t(){if(o);else{o=!0;for(var e,t,r,s=-1!==navigator.appVersion.indexOf(\"MSIE 10\"),a=!!navigator.userAgent.match(\/Trident.*rv:11\\.\/),i=d.querySelectorAll(\"iframe.wp-embedded-content\"),n=0;n<i.length;n++){if(!(r=(t=i[n]).getAttribute(\"data-secret\")))r=Math.random().toString(36).substr(2,10),t.src+=\"#?secret=\"+r,t.setAttribute(\"data-secret\",r);if(s||a)(e=t.cloneNode(!0)).removeAttribute(\"security\"),t.parentNode.replaceChild(e,t);t.contentWindow.postMessage({message:\"ready\",secret:r},\"*\")}}}}(window,document);\n<\/script>\n","thumbnail_url":"http:\/\/fapacastello.com\/wp-content\/uploads\/2024\/09\/BANNERS-WEB.jpg","thumbnail_width":2000,"thumbnail_height":875,"description":"El tabaco es la segunda causa de muerte y se estima que m\u00e1s de cinco millones de personas mueren al a\u00f1o como consecuencia de su consumo. El h\u00e1bito tab\u00e1quico es progresivamente m\u00e1s precoz y ocurre alrededor de los 13,5 a\u00f1os. Por ello, y por sus efectos perjudiciales para la salud, el tabaquismo en adolescentes es un problema social grave. Para concienciar sobre los peligros del tabaquismo en adolescentes, haciendo \u00e9nfasis en sus efectos nocivos, las estrategias comerciales enga\u00f1osas y la importancia de promover el abandono de este h\u00e1bito mediante la educaci\u00f3n, la FAMPA Castell\u00f3 Penyagolosa, en colaboraci\u00f3n con la Confederaci\u00f3n Espa\u00f1ola de Asociaciones de Padres y Madres de Alumnado (CEAPA), ofrecer\u00e1 el s\u00e1bado 21 de septiembre la formaci\u00f3n titulada \u201cEl tabaco y el vapeo en la adolescencia\u201d. El evento, tendr\u00e1 lugar a las 10:30 h en el Espai cultural el Menador de Castell\u00f3. La formaci\u00f3n ser\u00e1 impartida por Laura Onrubia, enfermera con una amplia trayectoria en hospitalizaci\u00f3n pedi\u00e1trica y UCINN."}

FAMPA Castelló Penyagolosa

Raquel García

Formación “El tabaco y el vapeo en la adolescencia” | FAMPA Castelló Penyagolosa

<blockquote class="wp-embedded-content" data-secret="ddFlFMweuI"><a href="http://fapacastello.com/es/event/formacio-el-tabac-i-el-vapeig-en-ladolescencia/">Formación “El tabaco y el vapeo en la adolescencia”</a></blockquote><iframe sandbox="allow-scripts" security="restricted" src="http://fapacastello.com/es/event/formacio-el-tabac-i-el-vapeig-en-ladolescencia/embed/#?secret=ddFlFMweuI" width="600" height="338" title="«Formación “El tabaco y el vapeo en la adolescencia”» — FAMPA Castelló Penyagolosa" data-secret="ddFlFMweuI" frameborder="0" marginwidth="0" marginheight="0" scrolling="no" class="wp-embedded-content"></iframe><script type="text/javascript">
/*! This file is auto-generated */
!function(c,d){"use strict";var e=!1,o=!1;if(d.querySelector)if(c.addEventListener)e=!0;if(c.wp=c.wp||{},c.wp.receiveEmbedMessage);else if(c.wp.receiveEmbedMessage=function(e){var t=e.data;if(!t);else if(!(t.secret||t.message||t.value));else if(/[^a-zA-Z0-9]/.test(t.secret));else{for(var r,s,a,i=d.querySelectorAll('iframe[data-secret="'+t.secret+'"]'),n=d.querySelectorAll('blockquote[data-secret="'+t.secret+'"]'),o=new RegExp("^https?:$","i"),l=0;l<n.length;l++)n[l].style.display="none";for(l=0;l<i.length;l++)if(r=i[l],e.source!==r.contentWindow);else{if(r.removeAttribute("style"),"height"===t.message){if(1e3<(s=parseInt(t.value,10)))s=1e3;else if(~~s<200)s=200;r.height=s}if("link"===t.message)if(s=d.createElement("a"),a=d.createElement("a"),s.href=r.getAttribute("src"),a.href=t.value,!o.test(a.protocol));else if(a.host===s.host)if(d.activeElement===r)c.top.location.href=t.value}}},e)c.addEventListener("message",c.wp.receiveEmbedMessage,!1),d.addEventListener("DOMContentLoaded",t,!1),c.addEventListener("load",t,!1);function t(){if(o);else{o=!0;for(var e,t,r,s=-1!==navigator.appVersion.indexOf("MSIE 10"),a=!!navigator.userAgent.match(/Trident.*rv:11\./),i=d.querySelectorAll("iframe.wp-embedded-content"),n=0;n<i.length;n++){if(!(r=(t=i[n]).getAttribute("data-secret")))r=Math.random().toString(36).substr(2,10),t.src+="#?secret="+r,t.setAttribute("data-secret",r);if(s||a)(e=t.cloneNode(!0)).removeAttribute("security"),t.parentNode.replaceChild(e,t);t.contentWindow.postMessage({message:"ready",secret:r},"*")}}}}(window,document);
</script>

El tabaco es la segunda causa de muerte y se estima que más de cinco millones de personas mueren al año como consecuencia de su consumo. El hábito tabáquico es progresivamente más precoz y ocurre alrededor de los 13,5 años. Por ello, y por sus efectos perjudiciales para la salud, el tabaquismo en adolescentes es un problema social grave. Para concienciar sobre los peligros del tabaquismo en adolescentes, haciendo énfasis en sus efectos nocivos, las estrategias comerciales engañosas y la importancia de promover el abandono de este hábito mediante la educación, la FAMPA Castelló Penyagolosa, en colaboración con la Confederación Española de Asociaciones de Padres y Madres de Alumnado (CEAPA), ofrecerá el sábado 21 de septiembre la formación titulada “El tabaco y el vapeo en la adolescencia”. El evento, tendrá lugar a las 10:30 h en el Espai cultural el Menador de Castelló. La formación será impartida por Laura Onrubia, enfermera con una amplia trayectoria en hospitalización pediátrica y UCINN.
