

{"version":"1.0","provider_name":"FAMPA Castell\u00f3 Penyagolosa","provider_url":"http:\/\/fapacastello.com\/es","author_name":"Raquel Garc\u00eda","author_url":"http:\/\/fapacastello.com\/es\/author\/socraquel\/","title":"Rueda de prensa inicio de curso 2023\/2024 | FAMPA Castell\u00f3 Penyagolosa","type":"rich","width":600,"height":338,"html":"<blockquote class=\"wp-embedded-content\" data-secret=\"WFOforQn4V\"><a href=\"http:\/\/fapacastello.com\/es\/event\/roda-de-premsa-inici-de-curs-2023-2024\/\">Rueda de prensa inicio de curso 2023\/2024<\/a><\/blockquote><iframe sandbox=\"allow-scripts\" security=\"restricted\" src=\"http:\/\/fapacastello.com\/es\/event\/roda-de-premsa-inici-de-curs-2023-2024\/embed\/#?secret=WFOforQn4V\" width=\"600\" height=\"338\" title=\"\u00abRueda de prensa inicio de curso 2023\/2024\u00bb \u2014 FAMPA Castell\u00f3 Penyagolosa\" data-secret=\"WFOforQn4V\" frameborder=\"0\" marginwidth=\"0\" marginheight=\"0\" scrolling=\"no\" class=\"wp-embedded-content\"><\/iframe><script type=\"text\/javascript\">\n\/*! This file is auto-generated *\/\n!function(c,d){\"use strict\";var e=!1,o=!1;if(d.querySelector)if(c.addEventListener)e=!0;if(c.wp=c.wp||{},c.wp.receiveEmbedMessage);else if(c.wp.receiveEmbedMessage=function(e){var t=e.data;if(!t);else if(!(t.secret||t.message||t.value));else if(\/[^a-zA-Z0-9]\/.test(t.secret));else{for(var r,s,a,i=d.querySelectorAll('iframe[data-secret=\"'+t.secret+'\"]'),n=d.querySelectorAll('blockquote[data-secret=\"'+t.secret+'\"]'),o=new RegExp(\"^https?:$\",\"i\"),l=0;l<n.length;l++)n[l].style.display=\"none\";for(l=0;l<i.length;l++)if(r=i[l],e.source!==r.contentWindow);else{if(r.removeAttribute(\"style\"),\"height\"===t.message){if(1e3<(s=parseInt(t.value,10)))s=1e3;else if(~~s<200)s=200;r.height=s}if(\"link\"===t.message)if(s=d.createElement(\"a\"),a=d.createElement(\"a\"),s.href=r.getAttribute(\"src\"),a.href=t.value,!o.test(a.protocol));else if(a.host===s.host)if(d.activeElement===r)c.top.location.href=t.value}}},e)c.addEventListener(\"message\",c.wp.receiveEmbedMessage,!1),d.addEventListener(\"DOMContentLoaded\",t,!1),c.addEventListener(\"load\",t,!1);function t(){if(o);else{o=!0;for(var e,t,r,s=-1!==navigator.appVersion.indexOf(\"MSIE 10\"),a=!!navigator.userAgent.match(\/Trident.*rv:11\\.\/),i=d.querySelectorAll(\"iframe.wp-embedded-content\"),n=0;n<i.length;n++){if(!(r=(t=i[n]).getAttribute(\"data-secret\")))r=Math.random().toString(36).substr(2,10),t.src+=\"#?secret=\"+r,t.setAttribute(\"data-secret\",r);if(s||a)(e=t.cloneNode(!0)).removeAttribute(\"security\"),t.parentNode.replaceChild(e,t);t.contentWindow.postMessage({message:\"ready\",secret:r},\"*\")}}}}(window,document);\n<\/script>\n","thumbnail_url":"https:\/\/fapacastello.com\/wp-content\/uploads\/2023\/09\/Formacions-gratui\u0308tes-adrec\u0327ades-a-fami\u0301lies-pares-mares-tutorses-dAMPA-federades.-1.jpg","thumbnail_width":1920,"thumbnail_height":480,"description":"La Federaci\u00f3n de Asociaciones de Madres y Padres de Alumnos (FAMPA) Castell\u00f3Penyagolosa convoca la primera rueda de prensa del curso 2023-2024 que tendr\u00e1 lugar eljueves 7 de septiembre a las 12 horas en el patio del Centro de Educaci\u00f3n Espacial (CEE)el CAU (Camino de Borriol a la Costa, 9, 12004 Castell\u00f3 de la Plana, Castell\u00f3). En la rueda de prensa, la entidad har\u00e1 una breve valoraci\u00f3n del curso 2022-2023 y tratar\u00e1los desaf\u00edos y reivindicaciones del nuevo a\u00f1o lectivo. Tambi\u00e9n se tratar\u00e1n temas como son la situaci\u00f3n de las AMPA, y su importante papel deagente socializador en todas nuestras comarcas, la diversidad de las AMPA en los colegiosde educaci\u00f3n especial y escuela rural, la aplicaci\u00f3n de la LOMLOE a la totalidad de losniveles educativos, la eliminaci\u00f3n de los conciertos educativos, la estabilidad de lasplantillas en los centros educativos, los horarios escolares, las actividades extraescolares yla evoluci\u00f3n de los programas de inclusi\u00f3n, pluriling\u00fcismo e inclusi\u00f3n, entre otros temas. En este contexto continuamos reivindicando, como hemos hecho a lo largo de estos a\u00f1os,una educaci\u00f3n de calidad, p\u00fablica, gratuita e igualitaria."}

FAMPA Castelló Penyagolosa

Raquel García

Rueda de prensa inicio de curso 2023/2024 | FAMPA Castelló Penyagolosa

<blockquote class="wp-embedded-content" data-secret="WFOforQn4V"><a href="http://fapacastello.com/es/event/roda-de-premsa-inici-de-curs-2023-2024/">Rueda de prensa inicio de curso 2023/2024</a></blockquote><iframe sandbox="allow-scripts" security="restricted" src="http://fapacastello.com/es/event/roda-de-premsa-inici-de-curs-2023-2024/embed/#?secret=WFOforQn4V" width="600" height="338" title="«Rueda de prensa inicio de curso 2023/2024» — FAMPA Castelló Penyagolosa" data-secret="WFOforQn4V" frameborder="0" marginwidth="0" marginheight="0" scrolling="no" class="wp-embedded-content"></iframe><script type="text/javascript">
/*! This file is auto-generated */
!function(c,d){"use strict";var e=!1,o=!1;if(d.querySelector)if(c.addEventListener)e=!0;if(c.wp=c.wp||{},c.wp.receiveEmbedMessage);else if(c.wp.receiveEmbedMessage=function(e){var t=e.data;if(!t);else if(!(t.secret||t.message||t.value));else if(/[^a-zA-Z0-9]/.test(t.secret));else{for(var r,s,a,i=d.querySelectorAll('iframe[data-secret="'+t.secret+'"]'),n=d.querySelectorAll('blockquote[data-secret="'+t.secret+'"]'),o=new RegExp("^https?:$","i"),l=0;l<n.length;l++)n[l].style.display="none";for(l=0;l<i.length;l++)if(r=i[l],e.source!==r.contentWindow);else{if(r.removeAttribute("style"),"height"===t.message){if(1e3<(s=parseInt(t.value,10)))s=1e3;else if(~~s<200)s=200;r.height=s}if("link"===t.message)if(s=d.createElement("a"),a=d.createElement("a"),s.href=r.getAttribute("src"),a.href=t.value,!o.test(a.protocol));else if(a.host===s.host)if(d.activeElement===r)c.top.location.href=t.value}}},e)c.addEventListener("message",c.wp.receiveEmbedMessage,!1),d.addEventListener("DOMContentLoaded",t,!1),c.addEventListener("load",t,!1);function t(){if(o);else{o=!0;for(var e,t,r,s=-1!==navigator.appVersion.indexOf("MSIE 10"),a=!!navigator.userAgent.match(/Trident.*rv:11\./),i=d.querySelectorAll("iframe.wp-embedded-content"),n=0;n<i.length;n++){if(!(r=(t=i[n]).getAttribute("data-secret")))r=Math.random().toString(36).substr(2,10),t.src+="#?secret="+r,t.setAttribute("data-secret",r);if(s||a)(e=t.cloneNode(!0)).removeAttribute("security"),t.parentNode.replaceChild(e,t);t.contentWindow.postMessage({message:"ready",secret:r},"*")}}}}(window,document);
</script>

La Federación de Asociaciones de Madres y Padres de Alumnos (FAMPA) CastellóPenyagolosa convoca la primera rueda de prensa del curso 2023-2024 que tendrá lugar eljueves 7 de septiembre a las 12 horas en el patio del Centro de Educación Espacial (CEE)el CAU (Camino de Borriol a la Costa, 9, 12004 Castelló de la Plana, Castelló). En la rueda de prensa, la entidad hará una breve valoración del curso 2022-2023 y tratarálos desafíos y reivindicaciones del nuevo año lectivo. También se tratarán temas como son la situación de las AMPA, y su importante papel deagente socializador en todas nuestras comarcas, la diversidad de las AMPA en los colegiosde educación especial y escuela rural, la aplicación de la LOMLOE a la totalidad de losniveles educativos, la eliminación de los conciertos educativos, la estabilidad de lasplantillas en los centros educativos, los horarios escolares, las actividades extraescolares yla evolución de los programas de inclusión, plurilingüismo e inclusión, entre otros temas. En este contexto continuamos reivindicando, como hemos hecho a lo largo de estos años,una educación de calidad, pública, gratuita e igualitaria.
