

{"id":10709,"date":"2023-09-01T10:36:10","date_gmt":"2023-09-01T08:36:10","guid":{"rendered":"http:\/\/fapacastello.com\/?post_type=event_listing&#038;p=10709\/"},"modified":"2023-09-01T10:38:06","modified_gmt":"2023-09-01T08:38:06","slug":"roda-de-premsa-inici-de-curs-2023-2024","status":"publish","type":"event_listing","link":"http:\/\/fapacastello.com\/es\/event\/roda-de-premsa-inici-de-curs-2023-2024\/","title":{"rendered":"Rueda de prensa inicio de curso 2023\/2024"},"content":{"rendered":"\n<p>La Federaci\u00f3n de Asociaciones de Madres y Padres de Alumnos (FAMPA) Castell\u00f3<br>Penyagolosa convoca la primera rueda de prensa del curso 2023-2024 que tendr\u00e1 lugar el<br>jueves 7 de septiembre a las 12 horas en el patio del Centro de Educaci\u00f3n Espacial (CEE)<br>el CAU (Camino de Borriol a la Costa, 9, 12004 Castell\u00f3 de la Plana, Castell\u00f3).<\/p>\n\n\n\n<p>En la rueda de prensa, la entidad har\u00e1 una breve valoraci\u00f3n del curso 2022-2023 y tratar\u00e1<br>los desaf\u00edos y reivindicaciones del nuevo a\u00f1o lectivo.<\/p>\n\n\n\n<p>Tambi\u00e9n se tratar\u00e1n temas como son la situaci\u00f3n de las AMPA, y su importante papel de<br>agente socializador en todas nuestras comarcas, la diversidad de las AMPA en los colegios<br>de educaci\u00f3n especial y escuela rural, la aplicaci\u00f3n de la LOMLOE a la totalidad de los<br>niveles educativos, la eliminaci\u00f3n de los conciertos educativos, la estabilidad de las<br>plantillas en los centros educativos, los horarios escolares, las actividades extraescolares y<br>la evoluci\u00f3n de los programas de inclusi\u00f3n, pluriling\u00fcismo e inclusi\u00f3n, entre otros temas.<\/p>\n\n\n\n<p>En este contexto continuamos reivindicando, como hemos hecho a lo largo de estos a\u00f1os,<br>una educaci\u00f3n de calidad, p\u00fablica, gratuita e igualitaria.<\/p>\n\n\n\n<figure class=\"wp-block-image size-large\"><img loading=\"lazy\" width=\"819\" height=\"1024\" src=\"http:\/\/fapacastello.com\/wp-content\/uploads\/2023\/09\/2-819x1024.jpg\" alt=\"\" class=\"wp-image-10710\" srcset=\"http:\/\/fapacastello.com\/wp-content\/uploads\/2023\/09\/2-819x1024.jpg 819w, http:\/\/fapacastello.com\/wp-content\/uploads\/2023\/09\/2-240x300.jpg 240w, http:\/\/fapacastello.com\/wp-content\/uploads\/2023\/09\/2-768x960.jpg 768w, http:\/\/fapacastello.com\/wp-content\/uploads\/2023\/09\/2-117x146.jpg 117w, http:\/\/fapacastello.com\/wp-content\/uploads\/2023\/09\/2-40x50.jpg 40w, http:\/\/fapacastello.com\/wp-content\/uploads\/2023\/09\/2-60x75.jpg 60w, http:\/\/fapacastello.com\/wp-content\/uploads\/2023\/09\/2.jpg 1080w\" sizes=\"(max-width: 819px) 100vw, 819px\" \/><\/figure>\n","protected":false},"featured_media":10708,"template":"","meta":[],"event_listing_category":[],"event_listing_type":[],"yoast_head":"<!-- This site is optimized with the Yoast SEO plugin v19.2 - https:\/\/yoast.com\/wordpress\/plugins\/seo\/ -->\n<title>Rueda de prensa inicio de curso 2023\/2024 | FAMPA Castell\u00f3 Penyagolosa<\/title>\n<meta name=\"robots\" content=\"index, follow, max-snippet:-1, max-image-preview:large, max-video-preview:-1\" \/>\n<link rel=\"canonical\" href=\"https:\/\/fapacastello.com\/es\/event\/roda-de-premsa-inici-de-curs-2023-2024\/\" \/>\n<meta property=\"og:locale\" content=\"es_ES\" \/>\n<meta property=\"og:type\" content=\"article\" \/>\n<meta property=\"og:title\" content=\"Rueda de prensa inicio de curso 2023\/2024 | FAMPA Castell\u00f3 Penyagolosa\" \/>\n<meta property=\"og:description\" content=\"La Federaci\u00f3n de Asociaciones de Madres y Padres de Alumnos (FAMPA) Castell\u00f3Penyagolosa convoca la primera rueda de prensa del curso 2023-2024 que tendr\u00e1 lugar eljueves 7 de septiembre a las 12 horas en el patio del Centro de Educaci\u00f3n Espacial (CEE)el CAU (Camino de Borriol a la Costa, 9, 12004 Castell\u00f3 de la Plana, Castell\u00f3). En la rueda de prensa, la entidad har\u00e1 una breve valoraci\u00f3n del curso 2022-2023 y tratar\u00e1los desaf\u00edos y reivindicaciones del nuevo a\u00f1o lectivo. Tambi\u00e9n se tratar\u00e1n temas como son la situaci\u00f3n de las AMPA, y su importante papel deagente socializador en todas nuestras comarcas, la diversidad de las AMPA en los colegiosde educaci\u00f3n especial y escuela rural, la aplicaci\u00f3n de la LOMLOE a la totalidad de losniveles educativos, la eliminaci\u00f3n de los conciertos educativos, la estabilidad de lasplantillas en los centros educativos, los horarios escolares, las actividades extraescolares yla evoluci\u00f3n de los programas de inclusi\u00f3n, pluriling\u00fcismo e inclusi\u00f3n, entre otros temas. En este contexto continuamos reivindicando, como hemos hecho a lo largo de estos a\u00f1os,una educaci\u00f3n de calidad, p\u00fablica, gratuita e igualitaria.\" \/>\n<meta property=\"og:url\" content=\"https:\/\/fapacastello.com\/es\/event\/roda-de-premsa-inici-de-curs-2023-2024\/\" \/>\n<meta property=\"og:site_name\" content=\"FAMPA Castell\u00f3 Penyagolosa\" \/>\n<meta property=\"article:publisher\" content=\"http:\/\/www.facebook.com\/fapa.penyagolosa\" \/>\n<meta property=\"article:modified_time\" content=\"2023-09-01T08:38:06+00:00\" \/>\n<meta property=\"og:image\" content=\"https:\/\/fapacastello.com\/wp-content\/uploads\/2023\/09\/Formacions-gratui\u0308tes-adrec\u0327ades-a-fami\u0301lies-pares-mares-tutorses-dAMPA-federades.-1.jpg\" \/>\n\t<meta property=\"og:image:width\" content=\"1920\" \/>\n\t<meta property=\"og:image:height\" content=\"480\" \/>\n\t<meta property=\"og:image:type\" content=\"image\/jpeg\" \/>\n<meta name=\"author\" content=\"Raquel Garc\u00eda\" \/>\n<meta name=\"twitter:card\" content=\"summary\" \/>\n<meta name=\"twitter:site\" content=\"@FAMPACS\" \/>\n<meta name=\"twitter:label1\" content=\"Tiempo de lectura\" \/>\n\t<meta name=\"twitter:data1\" content=\"2 minutos\" \/>\n<script type=\"application\/ld+json\" class=\"yoast-schema-graph\">{\"@context\":\"https:\/\/schema.org\",\"@graph\":[{\"@type\":\"WebSite\",\"@id\":\"http:\/\/fapacastello.com\/es\/#website\",\"url\":\"http:\/\/fapacastello.com\/es\/\",\"name\":\"FAMPA Castell\u00f3 Penyagolosa\",\"description\":\"Fapa-Castell\u00f3n Penyagolosa. Federaci\u00f3n de Asociaciones de Padres i Madres de Alumnos Provincia de Castell\u00f3n.\",\"potentialAction\":[{\"@type\":\"SearchAction\",\"target\":{\"@type\":\"EntryPoint\",\"urlTemplate\":\"http:\/\/fapacastello.com\/es\/?s={search_term_string}\"},\"query-input\":\"required name=search_term_string\"}],\"inLanguage\":\"es\"},{\"@type\":\"ImageObject\",\"inLanguage\":\"es\",\"@id\":\"https:\/\/fapacastello.com\/es\/event\/roda-de-premsa-inici-de-curs-2023-2024\/#primaryimage\",\"url\":\"http:\/\/fapacastello.com\/wp-content\/uploads\/2023\/09\/Formacions-gratui\u0308tes-adrec\u0327ades-a-fami\u0301lies-pares-mares-tutorses-dAMPA-federades.-1.jpg\",\"contentUrl\":\"http:\/\/fapacastello.com\/wp-content\/uploads\/2023\/09\/Formacions-gratui\u0308tes-adrec\u0327ades-a-fami\u0301lies-pares-mares-tutorses-dAMPA-federades.-1.jpg\",\"width\":1920,\"height\":480},{\"@type\":\"WebPage\",\"@id\":\"https:\/\/fapacastello.com\/es\/event\/roda-de-premsa-inici-de-curs-2023-2024\/#webpage\",\"url\":\"https:\/\/fapacastello.com\/es\/event\/roda-de-premsa-inici-de-curs-2023-2024\/\",\"name\":\"Rueda de prensa inicio de curso 2023\/2024 | FAMPA Castell\u00f3 Penyagolosa\",\"isPartOf\":{\"@id\":\"http:\/\/fapacastello.com\/es\/#website\"},\"primaryImageOfPage\":{\"@id\":\"https:\/\/fapacastello.com\/es\/event\/roda-de-premsa-inici-de-curs-2023-2024\/#primaryimage\"},\"datePublished\":\"2023-09-01T08:36:10+00:00\",\"dateModified\":\"2023-09-01T08:38:06+00:00\",\"breadcrumb\":{\"@id\":\"https:\/\/fapacastello.com\/es\/event\/roda-de-premsa-inici-de-curs-2023-2024\/#breadcrumb\"},\"inLanguage\":\"es\",\"potentialAction\":[{\"@type\":\"ReadAction\",\"target\":[\"https:\/\/fapacastello.com\/es\/event\/roda-de-premsa-inici-de-curs-2023-2024\/\"]}]},{\"@type\":\"BreadcrumbList\",\"@id\":\"https:\/\/fapacastello.com\/es\/event\/roda-de-premsa-inici-de-curs-2023-2024\/#breadcrumb\",\"itemListElement\":[{\"@type\":\"ListItem\",\"position\":1,\"name\":\"Portada\",\"item\":\"http:\/\/fapacastello.com\/es\/\"},{\"@type\":\"ListItem\",\"position\":2,\"name\":\"Rueda de prensa inicio de curso 2023\/2024\"}]}]}<\/script>\n<!-- \/ Yoast SEO plugin. -->","yoast_head_json":{"title":"Rueda de prensa inicio de curso 2023\/2024 | FAMPA Castell\u00f3 Penyagolosa","robots":{"index":"index","follow":"follow","max-snippet":"max-snippet:-1","max-image-preview":"max-image-preview:large","max-video-preview":"max-video-preview:-1"},"canonical":"https:\/\/fapacastello.com\/es\/event\/roda-de-premsa-inici-de-curs-2023-2024\/","og_locale":"es_ES","og_type":"article","og_title":"Rueda de prensa inicio de curso 2023\/2024 | FAMPA Castell\u00f3 Penyagolosa","og_description":"La Federaci\u00f3n de Asociaciones de Madres y Padres de Alumnos (FAMPA) Castell\u00f3Penyagolosa convoca la primera rueda de prensa del curso 2023-2024 que tendr\u00e1 lugar eljueves 7 de septiembre a las 12 horas en el patio del Centro de Educaci\u00f3n Espacial (CEE)el CAU (Camino de Borriol a la Costa, 9, 12004 Castell\u00f3 de la Plana, Castell\u00f3). En la rueda de prensa, la entidad har\u00e1 una breve valoraci\u00f3n del curso 2022-2023 y tratar\u00e1los desaf\u00edos y reivindicaciones del nuevo a\u00f1o lectivo. Tambi\u00e9n se tratar\u00e1n temas como son la situaci\u00f3n de las AMPA, y su importante papel deagente socializador en todas nuestras comarcas, la diversidad de las AMPA en los colegiosde educaci\u00f3n especial y escuela rural, la aplicaci\u00f3n de la LOMLOE a la totalidad de losniveles educativos, la eliminaci\u00f3n de los conciertos educativos, la estabilidad de lasplantillas en los centros educativos, los horarios escolares, las actividades extraescolares yla evoluci\u00f3n de los programas de inclusi\u00f3n, pluriling\u00fcismo e inclusi\u00f3n, entre otros temas. En este contexto continuamos reivindicando, como hemos hecho a lo largo de estos a\u00f1os,una educaci\u00f3n de calidad, p\u00fablica, gratuita e igualitaria.","og_url":"https:\/\/fapacastello.com\/es\/event\/roda-de-premsa-inici-de-curs-2023-2024\/","og_site_name":"FAMPA Castell\u00f3 Penyagolosa","article_publisher":"http:\/\/www.facebook.com\/fapa.penyagolosa","article_modified_time":"2023-09-01T08:38:06+00:00","og_image":[{"width":1920,"height":480,"url":"https:\/\/fapacastello.com\/wp-content\/uploads\/2023\/09\/Formacions-gratui\u0308tes-adrec\u0327ades-a-fami\u0301lies-pares-mares-tutorses-dAMPA-federades.-1.jpg","type":"image\/jpeg"}],"author":"Raquel Garc\u00eda","twitter_card":"summary","twitter_site":"@FAMPACS","twitter_misc":{"Tiempo de lectura":"2 minutos"},"schema":{"@context":"https:\/\/schema.org","@graph":[{"@type":"WebSite","@id":"http:\/\/fapacastello.com\/es\/#website","url":"http:\/\/fapacastello.com\/es\/","name":"FAMPA Castell\u00f3 Penyagolosa","description":"Fapa-Castell\u00f3n Penyagolosa. Federaci\u00f3n de Asociaciones de Padres i Madres de Alumnos Provincia de Castell\u00f3n.","potentialAction":[{"@type":"SearchAction","target":{"@type":"EntryPoint","urlTemplate":"http:\/\/fapacastello.com\/es\/?s={search_term_string}"},"query-input":"required name=search_term_string"}],"inLanguage":"es"},{"@type":"ImageObject","inLanguage":"es","@id":"https:\/\/fapacastello.com\/es\/event\/roda-de-premsa-inici-de-curs-2023-2024\/#primaryimage","url":"http:\/\/fapacastello.com\/wp-content\/uploads\/2023\/09\/Formacions-gratui\u0308tes-adrec\u0327ades-a-fami\u0301lies-pares-mares-tutorses-dAMPA-federades.-1.jpg","contentUrl":"http:\/\/fapacastello.com\/wp-content\/uploads\/2023\/09\/Formacions-gratui\u0308tes-adrec\u0327ades-a-fami\u0301lies-pares-mares-tutorses-dAMPA-federades.-1.jpg","width":1920,"height":480},{"@type":"WebPage","@id":"https:\/\/fapacastello.com\/es\/event\/roda-de-premsa-inici-de-curs-2023-2024\/#webpage","url":"https:\/\/fapacastello.com\/es\/event\/roda-de-premsa-inici-de-curs-2023-2024\/","name":"Rueda de prensa inicio de curso 2023\/2024 | FAMPA Castell\u00f3 Penyagolosa","isPartOf":{"@id":"http:\/\/fapacastello.com\/es\/#website"},"primaryImageOfPage":{"@id":"https:\/\/fapacastello.com\/es\/event\/roda-de-premsa-inici-de-curs-2023-2024\/#primaryimage"},"datePublished":"2023-09-01T08:36:10+00:00","dateModified":"2023-09-01T08:38:06+00:00","breadcrumb":{"@id":"https:\/\/fapacastello.com\/es\/event\/roda-de-premsa-inici-de-curs-2023-2024\/#breadcrumb"},"inLanguage":"es","potentialAction":[{"@type":"ReadAction","target":["https:\/\/fapacastello.com\/es\/event\/roda-de-premsa-inici-de-curs-2023-2024\/"]}]},{"@type":"BreadcrumbList","@id":"https:\/\/fapacastello.com\/es\/event\/roda-de-premsa-inici-de-curs-2023-2024\/#breadcrumb","itemListElement":[{"@type":"ListItem","position":1,"name":"Portada","item":"http:\/\/fapacastello.com\/es\/"},{"@type":"ListItem","position":2,"name":"Rueda de prensa inicio de curso 2023\/2024"}]}]}},"_links":{"self":[{"href":"http:\/\/fapacastello.com\/es\/wp-json\/wp\/v2\/event_listing\/10709"}],"collection":[{"href":"http:\/\/fapacastello.com\/es\/wp-json\/wp\/v2\/event_listing"}],"about":[{"href":"http:\/\/fapacastello.com\/es\/wp-json\/wp\/v2\/types\/event_listing"}],"wp:featuredmedia":[{"embeddable":true,"href":"http:\/\/fapacastello.com\/es\/wp-json\/wp\/v2\/media\/10708"}],"wp:attachment":[{"href":"http:\/\/fapacastello.com\/es\/wp-json\/wp\/v2\/media?parent=10709"}],"wp:term":[{"taxonomy":"event_listing_category","embeddable":true,"href":"http:\/\/fapacastello.com\/es\/wp-json\/wp\/v2\/event_listing_category?post=10709"},{"taxonomy":"event_listing_type","embeddable":true,"href":"http:\/\/fapacastello.com\/es\/wp-json\/wp\/v2\/event_listing_type?post=10709"}],"curies":[{"name":"wp","href":"https:\/\/api.w.org\/{rel}","templated":true}]}}

<p>La Federación de Asociaciones de Madres y Padres de Alumnos (FAMPA) Castelló<br>Penyagolosa convoca la primera rueda de prensa del curso 2023-2024 que tendrá lugar el<br>jueves 7 de septiembre a las 12 horas en el patio del Centro de Educación Espacial (CEE)<br>el CAU (Camino de Borriol a la Costa, 9, 12004 Castelló de la Plana, Castelló).</p>



<p>En la rueda de prensa, la entidad hará una breve valoración del curso 2022-2023 y tratará<br>los desafíos y reivindicaciones del nuevo año lectivo.</p>



<p>También se tratarán temas como son la situación de las AMPA, y su importante papel de<br>agente socializador en todas nuestras comarcas, la diversidad de las AMPA en los colegios<br>de educación especial y escuela rural, la aplicación de la LOMLOE a la totalidad de los<br>niveles educativos, la eliminación de los conciertos educativos, la estabilidad de las<br>plantillas en los centros educativos, los horarios escolares, las actividades extraescolares y<br>la evolución de los programas de inclusión, plurilingüismo e inclusión, entre otros temas.</p>



<p>En este contexto continuamos reivindicando, como hemos hecho a lo largo de estos años,<br>una educación de calidad, pública, gratuita e igualitaria.</p>



<figure class="wp-block-image size-large"><img loading="lazy" width="819" height="1024" src="http://fapacastello.com/wp-content/uploads/2023/09/2-819x1024.jpg" alt="" class="wp-image-10710" srcset="http://fapacastello.com/wp-content/uploads/2023/09/2-819x1024.jpg 819w, http://fapacastello.com/wp-content/uploads/2023/09/2-240x300.jpg 240w, http://fapacastello.com/wp-content/uploads/2023/09/2-768x960.jpg 768w, http://fapacastello.com/wp-content/uploads/2023/09/2-117x146.jpg 117w, http://fapacastello.com/wp-content/uploads/2023/09/2-40x50.jpg 40w, http://fapacastello.com/wp-content/uploads/2023/09/2-60x75.jpg 60w, http://fapacastello.com/wp-content/uploads/2023/09/2.jpg 1080w" sizes="(max-width: 819px) 100vw, 819px" /></figure>

<!-- This site is optimized with the Yoast SEO plugin v19.2 - https://yoast.com/wordpress/plugins/seo/ -->
<title>Rueda de prensa inicio de curso 2023/2024 | FAMPA Castelló Penyagolosa</title>
<meta name="robots" content="index, follow, max-snippet:-1, max-image-preview:large, max-video-preview:-1" />
<link rel="canonical" href="https://fapacastello.com/es/event/roda-de-premsa-inici-de-curs-2023-2024/" />
<meta property="og:locale" content="es_ES" />
<meta property="og:type" content="article" />
<meta property="og:title" content="Rueda de prensa inicio de curso 2023/2024 | FAMPA Castelló Penyagolosa" />
<meta property="og:description" content="La Federación de Asociaciones de Madres y Padres de Alumnos (FAMPA) CastellóPenyagolosa convoca la primera rueda de prensa del curso 2023-2024 que tendrá lugar eljueves 7 de septiembre a las 12 horas en el patio del Centro de Educación Espacial (CEE)el CAU (Camino de Borriol a la Costa, 9, 12004 Castelló de la Plana, Castelló). En la rueda de prensa, la entidad hará una breve valoración del curso 2022-2023 y tratarálos desafíos y reivindicaciones del nuevo año lectivo. También se tratarán temas como son la situación de las AMPA, y su importante papel deagente socializador en todas nuestras comarcas, la diversidad de las AMPA en los colegiosde educación especial y escuela rural, la aplicación de la LOMLOE a la totalidad de losniveles educativos, la eliminación de los conciertos educativos, la estabilidad de lasplantillas en los centros educativos, los horarios escolares, las actividades extraescolares yla evolución de los programas de inclusión, plurilingüismo e inclusión, entre otros temas. En este contexto continuamos reivindicando, como hemos hecho a lo largo de estos años,una educación de calidad, pública, gratuita e igualitaria." />
<meta property="og:url" content="https://fapacastello.com/es/event/roda-de-premsa-inici-de-curs-2023-2024/" />
<meta property="og:site_name" content="FAMPA Castelló Penyagolosa" />
<meta property="article:publisher" content="http://www.facebook.com/fapa.penyagolosa" />
<meta property="article:modified_time" content="2023-09-01T08:38:06+00:00" />
<meta property="og:image" content="https://fapacastello.com/wp-content/uploads/2023/09/Formacions-gratuïtes-adreçades-a-famílies-pares-mares-tutorses-dAMPA-federades.-1.jpg" />
	<meta property="og:image:width" content="1920" />
	<meta property="og:image:height" content="480" />
	<meta property="og:image:type" content="image/jpeg" />
<meta name="author" content="Raquel García" />
<meta name="twitter:card" content="summary" />
<meta name="twitter:site" content="@FAMPACS" />
<meta name="twitter:label1" content="Tiempo de lectura" />
	<meta name="twitter:data1" content="2 minutos" />
<script type="application/ld+json" class="yoast-schema-graph">{"@context":"https://schema.org","@graph":[{"@type":"WebSite","@id":"http://fapacastello.com/es/#website","url":"http://fapacastello.com/es/","name":"FAMPA Castelló Penyagolosa","description":"Fapa-Castellón Penyagolosa. Federación de Asociaciones de Padres i Madres de Alumnos Provincia de Castellón.","potentialAction":[{"@type":"SearchAction","target":{"@type":"EntryPoint","urlTemplate":"http://fapacastello.com/es/?s={search_term_string}"},"query-input":"required name=search_term_string"}],"inLanguage":"es"},{"@type":"ImageObject","inLanguage":"es","@id":"https://fapacastello.com/es/event/roda-de-premsa-inici-de-curs-2023-2024/#primaryimage","url":"http://fapacastello.com/wp-content/uploads/2023/09/Formacions-gratuïtes-adreçades-a-famílies-pares-mares-tutorses-dAMPA-federades.-1.jpg","contentUrl":"http://fapacastello.com/wp-content/uploads/2023/09/Formacions-gratuïtes-adreçades-a-famílies-pares-mares-tutorses-dAMPA-federades.-1.jpg","width":1920,"height":480},{"@type":"WebPage","@id":"https://fapacastello.com/es/event/roda-de-premsa-inici-de-curs-2023-2024/#webpage","url":"https://fapacastello.com/es/event/roda-de-premsa-inici-de-curs-2023-2024/","name":"Rueda de prensa inicio de curso 2023/2024 | FAMPA Castelló Penyagolosa","isPartOf":{"@id":"http://fapacastello.com/es/#website"},"primaryImageOfPage":{"@id":"https://fapacastello.com/es/event/roda-de-premsa-inici-de-curs-2023-2024/#primaryimage"},"datePublished":"2023-09-01T08:36:10+00:00","dateModified":"2023-09-01T08:38:06+00:00","breadcrumb":{"@id":"https://fapacastello.com/es/event/roda-de-premsa-inici-de-curs-2023-2024/#breadcrumb"},"inLanguage":"es","potentialAction":[{"@type":"ReadAction","target":["https://fapacastello.com/es/event/roda-de-premsa-inici-de-curs-2023-2024/"]}]},{"@type":"BreadcrumbList","@id":"https://fapacastello.com/es/event/roda-de-premsa-inici-de-curs-2023-2024/#breadcrumb","itemListElement":[{"@type":"ListItem","position":1,"name":"Portada","item":"http://fapacastello.com/es/"},{"@type":"ListItem","position":2,"name":"Rueda de prensa inicio de curso 2023/2024"}]}]}</script>
<!-- / Yoast SEO plugin. -->

Rueda de prensa inicio de curso 2023/2024 | FAMPA Castelló Penyagolosa

La Federación de Asociaciones de Madres y Padres de Alumnos (FAMPA) CastellóPenyagolosa convoca la primera rueda de prensa del curso 2023-2024 que tendrá lugar eljueves 7 de septiembre a las 12 horas en el patio del Centro de Educación Espacial (CEE)el CAU (Camino de Borriol a la Costa, 9, 12004 Castelló de la Plana, Castelló). En la rueda de prensa, la entidad hará una breve valoración del curso 2022-2023 y tratarálos desafíos y reivindicaciones del nuevo año lectivo. También se tratarán temas como son la situación de las AMPA, y su importante papel deagente socializador en todas nuestras comarcas, la diversidad de las AMPA en los colegiosde educación especial y escuela rural, la aplicación de la LOMLOE a la totalidad de losniveles educativos, la eliminación de los conciertos educativos, la estabilidad de lasplantillas en los centros educativos, los horarios escolares, las actividades extraescolares yla evolución de los programas de inclusión, plurilingüismo e inclusión, entre otros temas. En este contexto continuamos reivindicando, como hemos hecho a lo largo de estos años,una educación de calidad, pública, gratuita e igualitaria.

FAMPA Castelló Penyagolosa

Raquel García

Fapa-Castellón Penyagolosa. Federación de Asociaciones de Padres i Madres de Alumnos Provincia de Castellón.
