

{"id":11634,"date":"2023-12-04T15:35:23","date_gmt":"2023-12-04T14:35:23","guid":{"rendered":"https:\/\/fapacastello.com\/?post_type=event_listing&#038;p=11634\/"},"modified":"2023-12-04T15:36:40","modified_gmt":"2023-12-04T14:36:40","slug":"formacio-en-linia-que-cobreix-lasseguranca-de-responsabilitat-civil","status":"publish","type":"event_listing","link":"http:\/\/fapacastello.com\/es\/event\/formacio-en-linia-que-cobreix-lasseguranca-de-responsabilitat-civil\/","title":{"rendered":"Formaci\u00f3n en l\u00ednea: \u00bfQu\u00e9 cubre el seguro de responsabilidad civil?"},"content":{"rendered":"\n<p>Estimada Junta Directiva de la AMPA,<\/p>\n\n\n\n<p>os queremos invitar a la formaci\u00f3n \u201c\u00bfQu\u00e9 cubre el seguro de responsabilidad civil?\u201d, organizada con la colaboraci\u00f3n de Ar\u00e7, que tendr\u00e1 lugar el mi\u00e9rcoles 13 de diciembre a las 18 h en l\u00ednea.<\/p>\n\n\n\n<p>En la charla explicaremos las coberturas y caracter\u00edsticas de los seguros de responsabilidad civil que ten\u00e9is contratados por estar federadas con nosotros.<\/p>\n\n\n\n<p>Os pod\u00e9is inscribir a trav\u00e9s de este enlace https:\/\/forms.gle\/DGnCUt5FpLSyjhpC7 hasta el 12 de diciembre a las 14 h.<\/p>\n\n\n\n<figure class=\"wp-block-image size-large\"><img loading=\"lazy\" width=\"819\" height=\"1024\" src=\"https:\/\/fapacastello.com\/wp-content\/uploads\/2023\/12\/Que\u0300-cobreix-lasseguranc\u0327a-de-responsabilitat-civil-2-819x1024.jpg\" alt=\"\" class=\"wp-image-11635\" srcset=\"http:\/\/fapacastello.com\/wp-content\/uploads\/2023\/12\/Que\u0300-cobreix-lasseguranc\u0327a-de-responsabilitat-civil-2-819x1024.jpg 819w, http:\/\/fapacastello.com\/wp-content\/uploads\/2023\/12\/Que\u0300-cobreix-lasseguranc\u0327a-de-responsabilitat-civil-2-240x300.jpg 240w, http:\/\/fapacastello.com\/wp-content\/uploads\/2023\/12\/Que\u0300-cobreix-lasseguranc\u0327a-de-responsabilitat-civil-2-768x960.jpg 768w, http:\/\/fapacastello.com\/wp-content\/uploads\/2023\/12\/Que\u0300-cobreix-lasseguranc\u0327a-de-responsabilitat-civil-2-117x146.jpg 117w, http:\/\/fapacastello.com\/wp-content\/uploads\/2023\/12\/Que\u0300-cobreix-lasseguranc\u0327a-de-responsabilitat-civil-2-40x50.jpg 40w, http:\/\/fapacastello.com\/wp-content\/uploads\/2023\/12\/Que\u0300-cobreix-lasseguranc\u0327a-de-responsabilitat-civil-2-60x75.jpg 60w, http:\/\/fapacastello.com\/wp-content\/uploads\/2023\/12\/Que\u0300-cobreix-lasseguranc\u0327a-de-responsabilitat-civil-2.jpg 1080w\" sizes=\"(max-width: 819px) 100vw, 819px\" \/><\/figure>\n","protected":false},"featured_media":11631,"template":"","meta":[],"event_listing_category":[],"event_listing_type":[],"yoast_head":"<!-- This site is optimized with the Yoast SEO plugin v19.2 - https:\/\/yoast.com\/wordpress\/plugins\/seo\/ -->\n<title>Formaci\u00f3n en l\u00ednea: \u00bfQu\u00e9 cubre el seguro de responsabilidad civil? | FAMPA Castell\u00f3 Penyagolosa<\/title>\n<meta name=\"robots\" content=\"index, follow, max-snippet:-1, max-image-preview:large, max-video-preview:-1\" \/>\n<link rel=\"canonical\" href=\"https:\/\/fapacastello.com\/es\/event\/formacio-en-linia-que-cobreix-lasseguranca-de-responsabilitat-civil\/\" \/>\n<meta property=\"og:locale\" content=\"es_ES\" \/>\n<meta property=\"og:type\" content=\"article\" \/>\n<meta property=\"og:title\" content=\"Formaci\u00f3n en l\u00ednea: \u00bfQu\u00e9 cubre el seguro de responsabilidad civil? | FAMPA Castell\u00f3 Penyagolosa\" \/>\n<meta property=\"og:description\" content=\"Estimada Junta Directiva de la AMPA, os queremos invitar a la formaci\u00f3n \u201c\u00bfQu\u00e9 cubre el seguro de responsabilidad civil?\u201d, organizada con la colaboraci\u00f3n de Ar\u00e7, que tendr\u00e1 lugar el mi\u00e9rcoles 13 de diciembre a las 18 h en l\u00ednea. En la charla explicaremos las coberturas y caracter\u00edsticas de los seguros de responsabilidad civil que ten\u00e9is contratados por estar federadas con nosotros. Os pod\u00e9is inscribir a trav\u00e9s de este enlace https:\/\/forms.gle\/DGnCUt5FpLSyjhpC7 hasta el 12 de diciembre a las 14 h.\" \/>\n<meta property=\"og:url\" content=\"https:\/\/fapacastello.com\/es\/event\/formacio-en-linia-que-cobreix-lasseguranca-de-responsabilitat-civil\/\" \/>\n<meta property=\"og:site_name\" content=\"FAMPA Castell\u00f3 Penyagolosa\" \/>\n<meta property=\"article:publisher\" content=\"http:\/\/www.facebook.com\/fapa.penyagolosa\" \/>\n<meta property=\"article:modified_time\" content=\"2023-12-04T14:36:40+00:00\" \/>\n<meta property=\"og:image\" content=\"https:\/\/fapacastello.com\/wp-content\/uploads\/2023\/12\/BANNERS-WEB.jpg\" \/>\n\t<meta property=\"og:image:width\" content=\"2000\" \/>\n\t<meta property=\"og:image:height\" content=\"875\" \/>\n\t<meta property=\"og:image:type\" content=\"image\/jpeg\" \/>\n<meta name=\"author\" content=\"Raquel Garc\u00eda\" \/>\n<meta name=\"twitter:card\" content=\"summary\" \/>\n<meta name=\"twitter:site\" content=\"@FAMPACS\" \/>\n<meta name=\"twitter:label1\" content=\"Tiempo de lectura\" \/>\n\t<meta name=\"twitter:data1\" content=\"1 minuto\" \/>\n<script type=\"application\/ld+json\" class=\"yoast-schema-graph\">{\"@context\":\"https:\/\/schema.org\",\"@graph\":[{\"@type\":\"WebSite\",\"@id\":\"http:\/\/fapacastello.com\/es\/#website\",\"url\":\"http:\/\/fapacastello.com\/es\/\",\"name\":\"FAMPA Castell\u00f3 Penyagolosa\",\"description\":\"Fapa-Castell\u00f3n Penyagolosa. Federaci\u00f3n de Asociaciones de Padres i Madres de Alumnos Provincia de Castell\u00f3n.\",\"potentialAction\":[{\"@type\":\"SearchAction\",\"target\":{\"@type\":\"EntryPoint\",\"urlTemplate\":\"http:\/\/fapacastello.com\/es\/?s={search_term_string}\"},\"query-input\":\"required name=search_term_string\"}],\"inLanguage\":\"es\"},{\"@type\":\"ImageObject\",\"inLanguage\":\"es\",\"@id\":\"https:\/\/fapacastello.com\/es\/event\/formacio-en-linia-que-cobreix-lasseguranca-de-responsabilitat-civil\/#primaryimage\",\"url\":\"http:\/\/fapacastello.com\/wp-content\/uploads\/2023\/12\/BANNERS-WEB.jpg\",\"contentUrl\":\"http:\/\/fapacastello.com\/wp-content\/uploads\/2023\/12\/BANNERS-WEB.jpg\",\"width\":2000,\"height\":875},{\"@type\":\"WebPage\",\"@id\":\"https:\/\/fapacastello.com\/es\/event\/formacio-en-linia-que-cobreix-lasseguranca-de-responsabilitat-civil\/#webpage\",\"url\":\"https:\/\/fapacastello.com\/es\/event\/formacio-en-linia-que-cobreix-lasseguranca-de-responsabilitat-civil\/\",\"name\":\"Formaci\u00f3n en l\u00ednea: \u00bfQu\u00e9 cubre el seguro de responsabilidad civil? | FAMPA Castell\u00f3 Penyagolosa\",\"isPartOf\":{\"@id\":\"http:\/\/fapacastello.com\/es\/#website\"},\"primaryImageOfPage\":{\"@id\":\"https:\/\/fapacastello.com\/es\/event\/formacio-en-linia-que-cobreix-lasseguranca-de-responsabilitat-civil\/#primaryimage\"},\"datePublished\":\"2023-12-04T14:35:23+00:00\",\"dateModified\":\"2023-12-04T14:36:40+00:00\",\"breadcrumb\":{\"@id\":\"https:\/\/fapacastello.com\/es\/event\/formacio-en-linia-que-cobreix-lasseguranca-de-responsabilitat-civil\/#breadcrumb\"},\"inLanguage\":\"es\",\"potentialAction\":[{\"@type\":\"ReadAction\",\"target\":[\"https:\/\/fapacastello.com\/es\/event\/formacio-en-linia-que-cobreix-lasseguranca-de-responsabilitat-civil\/\"]}]},{\"@type\":\"BreadcrumbList\",\"@id\":\"https:\/\/fapacastello.com\/es\/event\/formacio-en-linia-que-cobreix-lasseguranca-de-responsabilitat-civil\/#breadcrumb\",\"itemListElement\":[{\"@type\":\"ListItem\",\"position\":1,\"name\":\"Portada\",\"item\":\"http:\/\/fapacastello.com\/es\/\"},{\"@type\":\"ListItem\",\"position\":2,\"name\":\"Formaci\u00f3n en l\u00ednea: \u00bfQu\u00e9 cubre el seguro de responsabilidad civil?\"}]}]}<\/script>\n<!-- \/ Yoast SEO plugin. -->","yoast_head_json":{"title":"Formaci\u00f3n en l\u00ednea: \u00bfQu\u00e9 cubre el seguro de responsabilidad civil? | FAMPA Castell\u00f3 Penyagolosa","robots":{"index":"index","follow":"follow","max-snippet":"max-snippet:-1","max-image-preview":"max-image-preview:large","max-video-preview":"max-video-preview:-1"},"canonical":"https:\/\/fapacastello.com\/es\/event\/formacio-en-linia-que-cobreix-lasseguranca-de-responsabilitat-civil\/","og_locale":"es_ES","og_type":"article","og_title":"Formaci\u00f3n en l\u00ednea: \u00bfQu\u00e9 cubre el seguro de responsabilidad civil? | FAMPA Castell\u00f3 Penyagolosa","og_description":"Estimada Junta Directiva de la AMPA, os queremos invitar a la formaci\u00f3n \u201c\u00bfQu\u00e9 cubre el seguro de responsabilidad civil?\u201d, organizada con la colaboraci\u00f3n de Ar\u00e7, que tendr\u00e1 lugar el mi\u00e9rcoles 13 de diciembre a las 18 h en l\u00ednea. En la charla explicaremos las coberturas y caracter\u00edsticas de los seguros de responsabilidad civil que ten\u00e9is contratados por estar federadas con nosotros. Os pod\u00e9is inscribir a trav\u00e9s de este enlace https:\/\/forms.gle\/DGnCUt5FpLSyjhpC7 hasta el 12 de diciembre a las 14 h.","og_url":"https:\/\/fapacastello.com\/es\/event\/formacio-en-linia-que-cobreix-lasseguranca-de-responsabilitat-civil\/","og_site_name":"FAMPA Castell\u00f3 Penyagolosa","article_publisher":"http:\/\/www.facebook.com\/fapa.penyagolosa","article_modified_time":"2023-12-04T14:36:40+00:00","og_image":[{"width":2000,"height":875,"url":"https:\/\/fapacastello.com\/wp-content\/uploads\/2023\/12\/BANNERS-WEB.jpg","type":"image\/jpeg"}],"author":"Raquel Garc\u00eda","twitter_card":"summary","twitter_site":"@FAMPACS","twitter_misc":{"Tiempo de lectura":"1 minuto"},"schema":{"@context":"https:\/\/schema.org","@graph":[{"@type":"WebSite","@id":"http:\/\/fapacastello.com\/es\/#website","url":"http:\/\/fapacastello.com\/es\/","name":"FAMPA Castell\u00f3 Penyagolosa","description":"Fapa-Castell\u00f3n Penyagolosa. Federaci\u00f3n de Asociaciones de Padres i Madres de Alumnos Provincia de Castell\u00f3n.","potentialAction":[{"@type":"SearchAction","target":{"@type":"EntryPoint","urlTemplate":"http:\/\/fapacastello.com\/es\/?s={search_term_string}"},"query-input":"required name=search_term_string"}],"inLanguage":"es"},{"@type":"ImageObject","inLanguage":"es","@id":"https:\/\/fapacastello.com\/es\/event\/formacio-en-linia-que-cobreix-lasseguranca-de-responsabilitat-civil\/#primaryimage","url":"http:\/\/fapacastello.com\/wp-content\/uploads\/2023\/12\/BANNERS-WEB.jpg","contentUrl":"http:\/\/fapacastello.com\/wp-content\/uploads\/2023\/12\/BANNERS-WEB.jpg","width":2000,"height":875},{"@type":"WebPage","@id":"https:\/\/fapacastello.com\/es\/event\/formacio-en-linia-que-cobreix-lasseguranca-de-responsabilitat-civil\/#webpage","url":"https:\/\/fapacastello.com\/es\/event\/formacio-en-linia-que-cobreix-lasseguranca-de-responsabilitat-civil\/","name":"Formaci\u00f3n en l\u00ednea: \u00bfQu\u00e9 cubre el seguro de responsabilidad civil? | FAMPA Castell\u00f3 Penyagolosa","isPartOf":{"@id":"http:\/\/fapacastello.com\/es\/#website"},"primaryImageOfPage":{"@id":"https:\/\/fapacastello.com\/es\/event\/formacio-en-linia-que-cobreix-lasseguranca-de-responsabilitat-civil\/#primaryimage"},"datePublished":"2023-12-04T14:35:23+00:00","dateModified":"2023-12-04T14:36:40+00:00","breadcrumb":{"@id":"https:\/\/fapacastello.com\/es\/event\/formacio-en-linia-que-cobreix-lasseguranca-de-responsabilitat-civil\/#breadcrumb"},"inLanguage":"es","potentialAction":[{"@type":"ReadAction","target":["https:\/\/fapacastello.com\/es\/event\/formacio-en-linia-que-cobreix-lasseguranca-de-responsabilitat-civil\/"]}]},{"@type":"BreadcrumbList","@id":"https:\/\/fapacastello.com\/es\/event\/formacio-en-linia-que-cobreix-lasseguranca-de-responsabilitat-civil\/#breadcrumb","itemListElement":[{"@type":"ListItem","position":1,"name":"Portada","item":"http:\/\/fapacastello.com\/es\/"},{"@type":"ListItem","position":2,"name":"Formaci\u00f3n en l\u00ednea: \u00bfQu\u00e9 cubre el seguro de responsabilidad civil?"}]}]}},"_links":{"self":[{"href":"http:\/\/fapacastello.com\/es\/wp-json\/wp\/v2\/event_listing\/11634"}],"collection":[{"href":"http:\/\/fapacastello.com\/es\/wp-json\/wp\/v2\/event_listing"}],"about":[{"href":"http:\/\/fapacastello.com\/es\/wp-json\/wp\/v2\/types\/event_listing"}],"wp:featuredmedia":[{"embeddable":true,"href":"http:\/\/fapacastello.com\/es\/wp-json\/wp\/v2\/media\/11631"}],"wp:attachment":[{"href":"http:\/\/fapacastello.com\/es\/wp-json\/wp\/v2\/media?parent=11634"}],"wp:term":[{"taxonomy":"event_listing_category","embeddable":true,"href":"http:\/\/fapacastello.com\/es\/wp-json\/wp\/v2\/event_listing_category?post=11634"},{"taxonomy":"event_listing_type","embeddable":true,"href":"http:\/\/fapacastello.com\/es\/wp-json\/wp\/v2\/event_listing_type?post=11634"}],"curies":[{"name":"wp","href":"https:\/\/api.w.org\/{rel}","templated":true}]}}

Formación en línea: ¿Qué cubre el seguro de responsabilidad civil?

<p>Estimada Junta Directiva de la AMPA,</p>



<p>os queremos invitar a la formación “¿Qué cubre el seguro de responsabilidad civil?”, organizada con la colaboración de Arç, que tendrá lugar el miércoles 13 de diciembre a las 18 h en línea.</p>



<p>En la charla explicaremos las coberturas y características de los seguros de responsabilidad civil que tenéis contratados por estar federadas con nosotros.</p>



<p>Os podéis inscribir a través de este enlace https://forms.gle/DGnCUt5FpLSyjhpC7 hasta el 12 de diciembre a las 14 h.</p>



<figure class="wp-block-image size-large"><img loading="lazy" width="819" height="1024" src="https://fapacastello.com/wp-content/uploads/2023/12/Què-cobreix-lassegurança-de-responsabilitat-civil-2-819x1024.jpg" alt="" class="wp-image-11635" srcset="http://fapacastello.com/wp-content/uploads/2023/12/Què-cobreix-lassegurança-de-responsabilitat-civil-2-819x1024.jpg 819w, http://fapacastello.com/wp-content/uploads/2023/12/Què-cobreix-lassegurança-de-responsabilitat-civil-2-240x300.jpg 240w, http://fapacastello.com/wp-content/uploads/2023/12/Què-cobreix-lassegurança-de-responsabilitat-civil-2-768x960.jpg 768w, http://fapacastello.com/wp-content/uploads/2023/12/Què-cobreix-lassegurança-de-responsabilitat-civil-2-117x146.jpg 117w, http://fapacastello.com/wp-content/uploads/2023/12/Què-cobreix-lassegurança-de-responsabilitat-civil-2-40x50.jpg 40w, http://fapacastello.com/wp-content/uploads/2023/12/Què-cobreix-lassegurança-de-responsabilitat-civil-2-60x75.jpg 60w, http://fapacastello.com/wp-content/uploads/2023/12/Què-cobreix-lassegurança-de-responsabilitat-civil-2.jpg 1080w" sizes="(max-width: 819px) 100vw, 819px" /></figure>

<!-- This site is optimized with the Yoast SEO plugin v19.2 - https://yoast.com/wordpress/plugins/seo/ -->
<title>Formación en línea: ¿Qué cubre el seguro de responsabilidad civil? | FAMPA Castelló Penyagolosa</title>
<meta name="robots" content="index, follow, max-snippet:-1, max-image-preview:large, max-video-preview:-1" />
<link rel="canonical" href="https://fapacastello.com/es/event/formacio-en-linia-que-cobreix-lasseguranca-de-responsabilitat-civil/" />
<meta property="og:locale" content="es_ES" />
<meta property="og:type" content="article" />
<meta property="og:title" content="Formación en línea: ¿Qué cubre el seguro de responsabilidad civil? | FAMPA Castelló Penyagolosa" />
<meta property="og:description" content="Estimada Junta Directiva de la AMPA, os queremos invitar a la formación “¿Qué cubre el seguro de responsabilidad civil?”, organizada con la colaboración de Arç, que tendrá lugar el miércoles 13 de diciembre a las 18 h en línea. En la charla explicaremos las coberturas y características de los seguros de responsabilidad civil que tenéis contratados por estar federadas con nosotros. Os podéis inscribir a través de este enlace https://forms.gle/DGnCUt5FpLSyjhpC7 hasta el 12 de diciembre a las 14 h." />
<meta property="og:url" content="https://fapacastello.com/es/event/formacio-en-linia-que-cobreix-lasseguranca-de-responsabilitat-civil/" />
<meta property="og:site_name" content="FAMPA Castelló Penyagolosa" />
<meta property="article:publisher" content="http://www.facebook.com/fapa.penyagolosa" />
<meta property="article:modified_time" content="2023-12-04T14:36:40+00:00" />
<meta property="og:image" content="https://fapacastello.com/wp-content/uploads/2023/12/BANNERS-WEB.jpg" />
	<meta property="og:image:width" content="2000" />
	<meta property="og:image:height" content="875" />
	<meta property="og:image:type" content="image/jpeg" />
<meta name="author" content="Raquel García" />
<meta name="twitter:card" content="summary" />
<meta name="twitter:site" content="@FAMPACS" />
<meta name="twitter:label1" content="Tiempo de lectura" />
	<meta name="twitter:data1" content="1 minuto" />
<script type="application/ld+json" class="yoast-schema-graph">{"@context":"https://schema.org","@graph":[{"@type":"WebSite","@id":"http://fapacastello.com/es/#website","url":"http://fapacastello.com/es/","name":"FAMPA Castelló Penyagolosa","description":"Fapa-Castellón Penyagolosa. Federación de Asociaciones de Padres i Madres de Alumnos Provincia de Castellón.","potentialAction":[{"@type":"SearchAction","target":{"@type":"EntryPoint","urlTemplate":"http://fapacastello.com/es/?s={search_term_string}"},"query-input":"required name=search_term_string"}],"inLanguage":"es"},{"@type":"ImageObject","inLanguage":"es","@id":"https://fapacastello.com/es/event/formacio-en-linia-que-cobreix-lasseguranca-de-responsabilitat-civil/#primaryimage","url":"http://fapacastello.com/wp-content/uploads/2023/12/BANNERS-WEB.jpg","contentUrl":"http://fapacastello.com/wp-content/uploads/2023/12/BANNERS-WEB.jpg","width":2000,"height":875},{"@type":"WebPage","@id":"https://fapacastello.com/es/event/formacio-en-linia-que-cobreix-lasseguranca-de-responsabilitat-civil/#webpage","url":"https://fapacastello.com/es/event/formacio-en-linia-que-cobreix-lasseguranca-de-responsabilitat-civil/","name":"Formación en línea: ¿Qué cubre el seguro de responsabilidad civil? | FAMPA Castelló Penyagolosa","isPartOf":{"@id":"http://fapacastello.com/es/#website"},"primaryImageOfPage":{"@id":"https://fapacastello.com/es/event/formacio-en-linia-que-cobreix-lasseguranca-de-responsabilitat-civil/#primaryimage"},"datePublished":"2023-12-04T14:35:23+00:00","dateModified":"2023-12-04T14:36:40+00:00","breadcrumb":{"@id":"https://fapacastello.com/es/event/formacio-en-linia-que-cobreix-lasseguranca-de-responsabilitat-civil/#breadcrumb"},"inLanguage":"es","potentialAction":[{"@type":"ReadAction","target":["https://fapacastello.com/es/event/formacio-en-linia-que-cobreix-lasseguranca-de-responsabilitat-civil/"]}]},{"@type":"BreadcrumbList","@id":"https://fapacastello.com/es/event/formacio-en-linia-que-cobreix-lasseguranca-de-responsabilitat-civil/#breadcrumb","itemListElement":[{"@type":"ListItem","position":1,"name":"Portada","item":"http://fapacastello.com/es/"},{"@type":"ListItem","position":2,"name":"Formación en línea: ¿Qué cubre el seguro de responsabilidad civil?"}]}]}</script>
<!-- / Yoast SEO plugin. -->

Formación en línea: ¿Qué cubre el seguro de responsabilidad civil? | FAMPA Castelló Penyagolosa

Estimada Junta Directiva de la AMPA, os queremos invitar a la formación “¿Qué cubre el seguro de responsabilidad civil?”, organizada con la colaboración de Arç, que tendrá lugar el miércoles 13 de diciembre a las 18 h en línea. En la charla explicaremos las coberturas y características de los seguros de responsabilidad civil que tenéis contratados por estar federadas con nosotros. Os podéis inscribir a través de este enlace https://forms.gle/DGnCUt5FpLSyjhpC7 hasta el 12 de diciembre a las 14 h.

FAMPA Castelló Penyagolosa

Raquel García

Fapa-Castellón Penyagolosa. Federación de Asociaciones de Padres i Madres de Alumnos Provincia de Castellón.
