

{"id":11810,"date":"2024-01-29T17:55:07","date_gmt":"2024-01-29T16:55:07","guid":{"rendered":"https:\/\/fapacastello.com\/?post_type=event_listing&#038;p=11810\/"},"modified":"2024-01-30T17:19:29","modified_gmt":"2024-01-30T16:19:29","slug":"promovent-la-salut-mental-en-ladolescencia","status":"publish","type":"event_listing","link":"http:\/\/fapacastello.com\/es\/event\/promovent-la-salut-mental-en-ladolescencia\/","title":{"rendered":"Promoviendo la salud mental en la adolesc\u00e8ncia"},"content":{"rendered":"\n<p>El martes 13 de febrero a las 19 h la AMPA IES Ribalta ha organizado, en colaboraci\u00f3n con FAMPA Castell\u00f3 Penyagolosa, el taller en l\u00ednea \u201cPromoviendo la salud mental en la adolescencia\u201d que impartir\u00e1 Aida Fern\u00e1ndez (https:\/\/aidafernandezpsicologa.com), licenciada en psicolog\u00eda cl\u00ednica con m\u00e1s de 15 a\u00f1os de experiencia.<\/p>\n\n\n\n<p>Para inscribirse solo hay que llenar el formulario siguiente: https:\/\/forms.gle\/mgeGGrtgkmoGcrbS8<\/p>\n\n\n\n<figure class=\"wp-block-image size-large\"><img loading=\"lazy\" width=\"819\" height=\"1024\" src=\"https:\/\/fapacastello.com\/wp-content\/uploads\/2024\/01\/240212-Promoviendo-la-salud-mental-en-la-adolescencia-IES-RIBALTA-1-819x1024.jpg\" alt=\"\" class=\"wp-image-11819\" srcset=\"http:\/\/fapacastello.com\/wp-content\/uploads\/2024\/01\/240212-Promoviendo-la-salud-mental-en-la-adolescencia-IES-RIBALTA-1-819x1024.jpg 819w, http:\/\/fapacastello.com\/wp-content\/uploads\/2024\/01\/240212-Promoviendo-la-salud-mental-en-la-adolescencia-IES-RIBALTA-1-240x300.jpg 240w, http:\/\/fapacastello.com\/wp-content\/uploads\/2024\/01\/240212-Promoviendo-la-salud-mental-en-la-adolescencia-IES-RIBALTA-1-768x960.jpg 768w, http:\/\/fapacastello.com\/wp-content\/uploads\/2024\/01\/240212-Promoviendo-la-salud-mental-en-la-adolescencia-IES-RIBALTA-1-117x146.jpg 117w, http:\/\/fapacastello.com\/wp-content\/uploads\/2024\/01\/240212-Promoviendo-la-salud-mental-en-la-adolescencia-IES-RIBALTA-1-40x50.jpg 40w, http:\/\/fapacastello.com\/wp-content\/uploads\/2024\/01\/240212-Promoviendo-la-salud-mental-en-la-adolescencia-IES-RIBALTA-1-60x75.jpg 60w, http:\/\/fapacastello.com\/wp-content\/uploads\/2024\/01\/240212-Promoviendo-la-salud-mental-en-la-adolescencia-IES-RIBALTA-1.jpg 1080w\" sizes=\"(max-width: 819px) 100vw, 819px\" \/><\/figure>\n","protected":false},"featured_media":11821,"template":"","meta":[],"event_listing_category":[],"event_listing_type":[],"yoast_head":"<!-- This site is optimized with the Yoast SEO plugin v19.2 - https:\/\/yoast.com\/wordpress\/plugins\/seo\/ -->\n<title>Promoviendo la salud mental en la adolesc\u00e8ncia | FAMPA Castell\u00f3 Penyagolosa<\/title>\n<meta name=\"robots\" content=\"index, follow, max-snippet:-1, max-image-preview:large, max-video-preview:-1\" \/>\n<link rel=\"canonical\" href=\"http:\/\/fapacastello.com\/es\/event\/promovent-la-salut-mental-en-ladolescencia\/\" \/>\n<meta property=\"og:locale\" content=\"es_ES\" \/>\n<meta property=\"og:type\" content=\"article\" \/>\n<meta property=\"og:title\" content=\"Promoviendo la salud mental en la adolesc\u00e8ncia | FAMPA Castell\u00f3 Penyagolosa\" \/>\n<meta property=\"og:description\" content=\"El martes 13 de febrero a las 19 h la AMPA IES Ribalta ha organizado, en colaboraci\u00f3n con FAMPA Castell\u00f3 Penyagolosa, el taller en l\u00ednea \u201cPromoviendo la salud mental en la adolescencia\u201d que impartir\u00e1 Aida Fern\u00e1ndez (https:\/\/aidafernandezpsicologa.com), licenciada en psicolog\u00eda cl\u00ednica con m\u00e1s de 15 a\u00f1os de experiencia. Para inscribirse solo hay que llenar el formulario siguiente: https:\/\/forms.gle\/mgeGGrtgkmoGcrbS8\" \/>\n<meta property=\"og:url\" content=\"http:\/\/fapacastello.com\/es\/event\/promovent-la-salut-mental-en-ladolescencia\/\" \/>\n<meta property=\"og:site_name\" content=\"FAMPA Castell\u00f3 Penyagolosa\" \/>\n<meta property=\"article:publisher\" content=\"http:\/\/www.facebook.com\/fapa.penyagolosa\" \/>\n<meta property=\"article:modified_time\" content=\"2024-01-30T16:19:29+00:00\" \/>\n<meta property=\"og:image\" content=\"http:\/\/fapacastello.com\/wp-content\/uploads\/2024\/01\/BANNERS-WEB.png\" \/>\n\t<meta property=\"og:image:width\" content=\"2000\" \/>\n\t<meta property=\"og:image:height\" content=\"875\" \/>\n\t<meta property=\"og:image:type\" content=\"image\/png\" \/>\n<meta name=\"author\" content=\"Raquel Garc\u00eda\" \/>\n<meta name=\"twitter:card\" content=\"summary\" \/>\n<meta name=\"twitter:site\" content=\"@FAMPACS\" \/>\n<meta name=\"twitter:label1\" content=\"Tiempo de lectura\" \/>\n\t<meta name=\"twitter:data1\" content=\"1 minuto\" \/>\n<script type=\"application\/ld+json\" class=\"yoast-schema-graph\">{\"@context\":\"https:\/\/schema.org\",\"@graph\":[{\"@type\":\"WebSite\",\"@id\":\"http:\/\/fapacastello.com\/es\/#website\",\"url\":\"http:\/\/fapacastello.com\/es\/\",\"name\":\"FAMPA Castell\u00f3 Penyagolosa\",\"description\":\"Fapa-Castell\u00f3n Penyagolosa. Federaci\u00f3n de Asociaciones de Padres i Madres de Alumnos Provincia de Castell\u00f3n.\",\"potentialAction\":[{\"@type\":\"SearchAction\",\"target\":{\"@type\":\"EntryPoint\",\"urlTemplate\":\"http:\/\/fapacastello.com\/es\/?s={search_term_string}\"},\"query-input\":\"required name=search_term_string\"}],\"inLanguage\":\"es\"},{\"@type\":\"ImageObject\",\"inLanguage\":\"es\",\"@id\":\"http:\/\/fapacastello.com\/es\/event\/promovent-la-salut-mental-en-ladolescencia\/#primaryimage\",\"url\":\"http:\/\/fapacastello.com\/wp-content\/uploads\/2024\/01\/BANNERS-WEB.png\",\"contentUrl\":\"http:\/\/fapacastello.com\/wp-content\/uploads\/2024\/01\/BANNERS-WEB.png\",\"width\":2000,\"height\":875},{\"@type\":\"WebPage\",\"@id\":\"http:\/\/fapacastello.com\/es\/event\/promovent-la-salut-mental-en-ladolescencia\/#webpage\",\"url\":\"http:\/\/fapacastello.com\/es\/event\/promovent-la-salut-mental-en-ladolescencia\/\",\"name\":\"Promoviendo la salud mental en la adolesc\u00e8ncia | FAMPA Castell\u00f3 Penyagolosa\",\"isPartOf\":{\"@id\":\"http:\/\/fapacastello.com\/es\/#website\"},\"primaryImageOfPage\":{\"@id\":\"http:\/\/fapacastello.com\/es\/event\/promovent-la-salut-mental-en-ladolescencia\/#primaryimage\"},\"datePublished\":\"2024-01-29T16:55:07+00:00\",\"dateModified\":\"2024-01-30T16:19:29+00:00\",\"breadcrumb\":{\"@id\":\"http:\/\/fapacastello.com\/es\/event\/promovent-la-salut-mental-en-ladolescencia\/#breadcrumb\"},\"inLanguage\":\"es\",\"potentialAction\":[{\"@type\":\"ReadAction\",\"target\":[\"http:\/\/fapacastello.com\/es\/event\/promovent-la-salut-mental-en-ladolescencia\/\"]}]},{\"@type\":\"BreadcrumbList\",\"@id\":\"http:\/\/fapacastello.com\/es\/event\/promovent-la-salut-mental-en-ladolescencia\/#breadcrumb\",\"itemListElement\":[{\"@type\":\"ListItem\",\"position\":1,\"name\":\"Portada\",\"item\":\"http:\/\/fapacastello.com\/es\/\"},{\"@type\":\"ListItem\",\"position\":2,\"name\":\"Promoviendo la salud mental en la adolesc\u00e8ncia\"}]}]}<\/script>\n<!-- \/ Yoast SEO plugin. -->","yoast_head_json":{"title":"Promoviendo la salud mental en la adolesc\u00e8ncia | FAMPA Castell\u00f3 Penyagolosa","robots":{"index":"index","follow":"follow","max-snippet":"max-snippet:-1","max-image-preview":"max-image-preview:large","max-video-preview":"max-video-preview:-1"},"canonical":"http:\/\/fapacastello.com\/es\/event\/promovent-la-salut-mental-en-ladolescencia\/","og_locale":"es_ES","og_type":"article","og_title":"Promoviendo la salud mental en la adolesc\u00e8ncia | FAMPA Castell\u00f3 Penyagolosa","og_description":"El martes 13 de febrero a las 19 h la AMPA IES Ribalta ha organizado, en colaboraci\u00f3n con FAMPA Castell\u00f3 Penyagolosa, el taller en l\u00ednea \u201cPromoviendo la salud mental en la adolescencia\u201d que impartir\u00e1 Aida Fern\u00e1ndez (https:\/\/aidafernandezpsicologa.com), licenciada en psicolog\u00eda cl\u00ednica con m\u00e1s de 15 a\u00f1os de experiencia. Para inscribirse solo hay que llenar el formulario siguiente: https:\/\/forms.gle\/mgeGGrtgkmoGcrbS8","og_url":"http:\/\/fapacastello.com\/es\/event\/promovent-la-salut-mental-en-ladolescencia\/","og_site_name":"FAMPA Castell\u00f3 Penyagolosa","article_publisher":"http:\/\/www.facebook.com\/fapa.penyagolosa","article_modified_time":"2024-01-30T16:19:29+00:00","og_image":[{"width":2000,"height":875,"url":"http:\/\/fapacastello.com\/wp-content\/uploads\/2024\/01\/BANNERS-WEB.png","type":"image\/png"}],"author":"Raquel Garc\u00eda","twitter_card":"summary","twitter_site":"@FAMPACS","twitter_misc":{"Tiempo de lectura":"1 minuto"},"schema":{"@context":"https:\/\/schema.org","@graph":[{"@type":"WebSite","@id":"http:\/\/fapacastello.com\/es\/#website","url":"http:\/\/fapacastello.com\/es\/","name":"FAMPA Castell\u00f3 Penyagolosa","description":"Fapa-Castell\u00f3n Penyagolosa. Federaci\u00f3n de Asociaciones de Padres i Madres de Alumnos Provincia de Castell\u00f3n.","potentialAction":[{"@type":"SearchAction","target":{"@type":"EntryPoint","urlTemplate":"http:\/\/fapacastello.com\/es\/?s={search_term_string}"},"query-input":"required name=search_term_string"}],"inLanguage":"es"},{"@type":"ImageObject","inLanguage":"es","@id":"http:\/\/fapacastello.com\/es\/event\/promovent-la-salut-mental-en-ladolescencia\/#primaryimage","url":"http:\/\/fapacastello.com\/wp-content\/uploads\/2024\/01\/BANNERS-WEB.png","contentUrl":"http:\/\/fapacastello.com\/wp-content\/uploads\/2024\/01\/BANNERS-WEB.png","width":2000,"height":875},{"@type":"WebPage","@id":"http:\/\/fapacastello.com\/es\/event\/promovent-la-salut-mental-en-ladolescencia\/#webpage","url":"http:\/\/fapacastello.com\/es\/event\/promovent-la-salut-mental-en-ladolescencia\/","name":"Promoviendo la salud mental en la adolesc\u00e8ncia | FAMPA Castell\u00f3 Penyagolosa","isPartOf":{"@id":"http:\/\/fapacastello.com\/es\/#website"},"primaryImageOfPage":{"@id":"http:\/\/fapacastello.com\/es\/event\/promovent-la-salut-mental-en-ladolescencia\/#primaryimage"},"datePublished":"2024-01-29T16:55:07+00:00","dateModified":"2024-01-30T16:19:29+00:00","breadcrumb":{"@id":"http:\/\/fapacastello.com\/es\/event\/promovent-la-salut-mental-en-ladolescencia\/#breadcrumb"},"inLanguage":"es","potentialAction":[{"@type":"ReadAction","target":["http:\/\/fapacastello.com\/es\/event\/promovent-la-salut-mental-en-ladolescencia\/"]}]},{"@type":"BreadcrumbList","@id":"http:\/\/fapacastello.com\/es\/event\/promovent-la-salut-mental-en-ladolescencia\/#breadcrumb","itemListElement":[{"@type":"ListItem","position":1,"name":"Portada","item":"http:\/\/fapacastello.com\/es\/"},{"@type":"ListItem","position":2,"name":"Promoviendo la salud mental en la adolesc\u00e8ncia"}]}]}},"_links":{"self":[{"href":"http:\/\/fapacastello.com\/es\/wp-json\/wp\/v2\/event_listing\/11810"}],"collection":[{"href":"http:\/\/fapacastello.com\/es\/wp-json\/wp\/v2\/event_listing"}],"about":[{"href":"http:\/\/fapacastello.com\/es\/wp-json\/wp\/v2\/types\/event_listing"}],"wp:featuredmedia":[{"embeddable":true,"href":"http:\/\/fapacastello.com\/es\/wp-json\/wp\/v2\/media\/11821"}],"wp:attachment":[{"href":"http:\/\/fapacastello.com\/es\/wp-json\/wp\/v2\/media?parent=11810"}],"wp:term":[{"taxonomy":"event_listing_category","embeddable":true,"href":"http:\/\/fapacastello.com\/es\/wp-json\/wp\/v2\/event_listing_category?post=11810"},{"taxonomy":"event_listing_type","embeddable":true,"href":"http:\/\/fapacastello.com\/es\/wp-json\/wp\/v2\/event_listing_type?post=11810"}],"curies":[{"name":"wp","href":"https:\/\/api.w.org\/{rel}","templated":true}]}}

Promoviendo la salud mental en la adolescència

<p>El martes 13 de febrero a las 19 h la AMPA IES Ribalta ha organizado, en colaboración con FAMPA Castelló Penyagolosa, el taller en línea “Promoviendo la salud mental en la adolescencia” que impartirá Aida Fernández (https://aidafernandezpsicologa.com), licenciada en psicología clínica con más de 15 años de experiencia.</p>



<p>Para inscribirse solo hay que llenar el formulario siguiente: https://forms.gle/mgeGGrtgkmoGcrbS8</p>



<figure class="wp-block-image size-large"><img loading="lazy" width="819" height="1024" src="https://fapacastello.com/wp-content/uploads/2024/01/240212-Promoviendo-la-salud-mental-en-la-adolescencia-IES-RIBALTA-1-819x1024.jpg" alt="" class="wp-image-11819" srcset="http://fapacastello.com/wp-content/uploads/2024/01/240212-Promoviendo-la-salud-mental-en-la-adolescencia-IES-RIBALTA-1-819x1024.jpg 819w, http://fapacastello.com/wp-content/uploads/2024/01/240212-Promoviendo-la-salud-mental-en-la-adolescencia-IES-RIBALTA-1-240x300.jpg 240w, http://fapacastello.com/wp-content/uploads/2024/01/240212-Promoviendo-la-salud-mental-en-la-adolescencia-IES-RIBALTA-1-768x960.jpg 768w, http://fapacastello.com/wp-content/uploads/2024/01/240212-Promoviendo-la-salud-mental-en-la-adolescencia-IES-RIBALTA-1-117x146.jpg 117w, http://fapacastello.com/wp-content/uploads/2024/01/240212-Promoviendo-la-salud-mental-en-la-adolescencia-IES-RIBALTA-1-40x50.jpg 40w, http://fapacastello.com/wp-content/uploads/2024/01/240212-Promoviendo-la-salud-mental-en-la-adolescencia-IES-RIBALTA-1-60x75.jpg 60w, http://fapacastello.com/wp-content/uploads/2024/01/240212-Promoviendo-la-salud-mental-en-la-adolescencia-IES-RIBALTA-1.jpg 1080w" sizes="(max-width: 819px) 100vw, 819px" /></figure>

<!-- This site is optimized with the Yoast SEO plugin v19.2 - https://yoast.com/wordpress/plugins/seo/ -->
<title>Promoviendo la salud mental en la adolescència | FAMPA Castelló Penyagolosa</title>
<meta name="robots" content="index, follow, max-snippet:-1, max-image-preview:large, max-video-preview:-1" />
<link rel="canonical" href="http://fapacastello.com/es/event/promovent-la-salut-mental-en-ladolescencia/" />
<meta property="og:locale" content="es_ES" />
<meta property="og:type" content="article" />
<meta property="og:title" content="Promoviendo la salud mental en la adolescència | FAMPA Castelló Penyagolosa" />
<meta property="og:description" content="El martes 13 de febrero a las 19 h la AMPA IES Ribalta ha organizado, en colaboración con FAMPA Castelló Penyagolosa, el taller en línea “Promoviendo la salud mental en la adolescencia” que impartirá Aida Fernández (https://aidafernandezpsicologa.com), licenciada en psicología clínica con más de 15 años de experiencia. Para inscribirse solo hay que llenar el formulario siguiente: https://forms.gle/mgeGGrtgkmoGcrbS8" />
<meta property="og:url" content="http://fapacastello.com/es/event/promovent-la-salut-mental-en-ladolescencia/" />
<meta property="og:site_name" content="FAMPA Castelló Penyagolosa" />
<meta property="article:publisher" content="http://www.facebook.com/fapa.penyagolosa" />
<meta property="article:modified_time" content="2024-01-30T16:19:29+00:00" />
<meta property="og:image" content="http://fapacastello.com/wp-content/uploads/2024/01/BANNERS-WEB.png" />
	<meta property="og:image:width" content="2000" />
	<meta property="og:image:height" content="875" />
	<meta property="og:image:type" content="image/png" />
<meta name="author" content="Raquel García" />
<meta name="twitter:card" content="summary" />
<meta name="twitter:site" content="@FAMPACS" />
<meta name="twitter:label1" content="Tiempo de lectura" />
	<meta name="twitter:data1" content="1 minuto" />
<script type="application/ld+json" class="yoast-schema-graph">{"@context":"https://schema.org","@graph":[{"@type":"WebSite","@id":"http://fapacastello.com/es/#website","url":"http://fapacastello.com/es/","name":"FAMPA Castelló Penyagolosa","description":"Fapa-Castellón Penyagolosa. Federación de Asociaciones de Padres i Madres de Alumnos Provincia de Castellón.","potentialAction":[{"@type":"SearchAction","target":{"@type":"EntryPoint","urlTemplate":"http://fapacastello.com/es/?s={search_term_string}"},"query-input":"required name=search_term_string"}],"inLanguage":"es"},{"@type":"ImageObject","inLanguage":"es","@id":"http://fapacastello.com/es/event/promovent-la-salut-mental-en-ladolescencia/#primaryimage","url":"http://fapacastello.com/wp-content/uploads/2024/01/BANNERS-WEB.png","contentUrl":"http://fapacastello.com/wp-content/uploads/2024/01/BANNERS-WEB.png","width":2000,"height":875},{"@type":"WebPage","@id":"http://fapacastello.com/es/event/promovent-la-salut-mental-en-ladolescencia/#webpage","url":"http://fapacastello.com/es/event/promovent-la-salut-mental-en-ladolescencia/","name":"Promoviendo la salud mental en la adolescència | FAMPA Castelló Penyagolosa","isPartOf":{"@id":"http://fapacastello.com/es/#website"},"primaryImageOfPage":{"@id":"http://fapacastello.com/es/event/promovent-la-salut-mental-en-ladolescencia/#primaryimage"},"datePublished":"2024-01-29T16:55:07+00:00","dateModified":"2024-01-30T16:19:29+00:00","breadcrumb":{"@id":"http://fapacastello.com/es/event/promovent-la-salut-mental-en-ladolescencia/#breadcrumb"},"inLanguage":"es","potentialAction":[{"@type":"ReadAction","target":["http://fapacastello.com/es/event/promovent-la-salut-mental-en-ladolescencia/"]}]},{"@type":"BreadcrumbList","@id":"http://fapacastello.com/es/event/promovent-la-salut-mental-en-ladolescencia/#breadcrumb","itemListElement":[{"@type":"ListItem","position":1,"name":"Portada","item":"http://fapacastello.com/es/"},{"@type":"ListItem","position":2,"name":"Promoviendo la salud mental en la adolescència"}]}]}</script>
<!-- / Yoast SEO plugin. -->

Promoviendo la salud mental en la adolescència | FAMPA Castelló Penyagolosa

El martes 13 de febrero a las 19 h la AMPA IES Ribalta ha organizado, en colaboración con FAMPA Castelló Penyagolosa, el taller en línea “Promoviendo la salud mental en la adolescencia” que impartirá Aida Fernández (https://aidafernandezpsicologa.com), licenciada en psicología clínica con más de 15 años de experiencia. Para inscribirse solo hay que llenar el formulario siguiente: https://forms.gle/mgeGGrtgkmoGcrbS8

FAMPA Castelló Penyagolosa

Raquel García

Fapa-Castellón Penyagolosa. Federación de Asociaciones de Padres i Madres de Alumnos Provincia de Castellón.
