

{"id":13637,"date":"2025-01-14T11:00:18","date_gmt":"2025-01-14T10:00:18","guid":{"rendered":"https:\/\/fapacastello.com\/?post_type=event_listing&#038;p=13637\/"},"modified":"2025-01-14T11:02:11","modified_gmt":"2025-01-14T10:02:11","slug":"taula-redona-la-nova-llei-educativa-valenciana-explicacio-i-dubtes","status":"publish","type":"event_listing","link":"http:\/\/fapacastello.com\/es\/event\/taula-redona-la-nova-llei-educativa-valenciana-explicacio-i-dubtes\/","title":{"rendered":"Taula redona: La nova llei educativa valenciana. Explicaci\u00f3 i dubtes."},"content":{"rendered":"\n<p>Desde la FAMPA Castell\u00f3 Penyagolosa, queremos invitaros a participar en una mesa redonda informativa que hemos organizado en colaboraci\u00f3n con la coordinadora de AMPAS La Vall d&#8217;Uix\u00f3-Castro y el Ayuntamiento de La Vall d&#8217;Uix\u00f3 para aclarar dudas sobre la nueva ley educativa valenciana (o Ley de Libertad Educativa).<\/p>\n\n\n\n<h3>Detalles del evento:<\/h3>\n\n\n\n<ul><li>Fecha y hora:&nbsp;<strong>Mi\u00e9rcoles, 15 de enero de 2025, a las 19 h.<\/strong><\/li><li>Lugar:&nbsp;<strong>Biblioteca Municipal de La Vall d\u2019Uix\u00f3.<\/strong><\/li><li>Inscripci\u00f3n previa:&nbsp;<a href=\"https:\/\/forms.gle\/HNSwhzKFrM6oYwyi7\">https:\/\/forms.gle\/HNSwhzKFrM6oYwyi7<\/a>.<\/li><\/ul>\n\n\n\n<h3>Objetivos de la mesa redonda:<\/h3>\n\n\n\n<ul><li>Entender los principales aspectos de la nueva ley.<\/li><li>Resolver dudas sobre el proceso de votaci\u00f3n que se iniciar\u00e1 pr\u00f3ximamente en los centros educativos.<\/li><li>Plantear preguntas directamente a nuestros expertos invitados.<\/li><\/ul>\n\n\n\n<h3>Participantes:<\/h3>\n\n\n\n<p>El acto contar\u00e1 con reconocidos expertos en educaci\u00f3n:<\/p>\n\n\n\n<ul><li>Vicent Pitarch: Fil\u00f3logo y socioling\u00fcista valenciano.<\/li><li>Francesc Mezquita: Docente de secundaria.<\/li><li>Mar\u00eda Cruces: Concejala de educaci\u00f3n de La Vall d\u2019Uix\u00f3.<\/li><li>Marc Ruiz: Docente de secundaria en la especialidad de matem\u00e1ticas y miembro de STEPV.<\/li><li>Representante del colectivo Familias por el Valenciano.<\/li><\/ul>\n\n\n\n<p>El periodista Ximo G\u00f3rriz ser\u00e1 el moderador.<\/p>\n\n\n\n<p>Os animamos a asistir y formar parte de este encuentro para compartir inquietudes y resolver dudas sobre una normativa que afecta el futuro educativo de nuestros hijos e hijas.<\/p>\n\n\n\n<p>Para m\u00e1s informaci\u00f3n, pod\u00e9is contactar con nosotros.<\/p>\n","protected":false},"featured_media":13557,"template":"","meta":[],"event_listing_category":[],"event_listing_type":[],"yoast_head":"<!-- This site is optimized with the Yoast SEO plugin v19.2 - https:\/\/yoast.com\/wordpress\/plugins\/seo\/ -->\n<title>Taula redona: La nova llei educativa valenciana. Explicaci\u00f3 i dubtes. | FAMPA Castell\u00f3 Penyagolosa<\/title>\n<meta name=\"robots\" content=\"index, follow, max-snippet:-1, max-image-preview:large, max-video-preview:-1\" \/>\n<link rel=\"canonical\" href=\"https:\/\/fapacastello.com\/es\/event\/taula-redona-la-nova-llei-educativa-valenciana-explicacio-i-dubtes\/\" \/>\n<meta property=\"og:locale\" content=\"es_ES\" \/>\n<meta property=\"og:type\" content=\"article\" \/>\n<meta property=\"og:title\" content=\"Taula redona: La nova llei educativa valenciana. Explicaci\u00f3 i dubtes. | FAMPA Castell\u00f3 Penyagolosa\" \/>\n<meta property=\"og:description\" content=\"Desde la FAMPA Castell\u00f3 Penyagolosa, queremos invitaros a participar en una mesa redonda informativa que hemos organizado en colaboraci\u00f3n con la coordinadora de AMPAS La Vall d&#8217;Uix\u00f3-Castro y el Ayuntamiento de La Vall d&#8217;Uix\u00f3 para aclarar dudas sobre la nueva ley educativa valenciana (o Ley de Libertad Educativa). Detalles del evento: Fecha y hora:&nbsp;Mi\u00e9rcoles, 15 de enero de 2025, a las 19 h. Lugar:&nbsp;Biblioteca Municipal de La Vall d\u2019Uix\u00f3. Inscripci\u00f3n previa:&nbsp;https:\/\/forms.gle\/HNSwhzKFrM6oYwyi7. Objetivos de la mesa redonda: Entender los principales aspectos de la nueva ley. Resolver dudas sobre el proceso de votaci\u00f3n que se iniciar\u00e1 pr\u00f3ximamente en los centros educativos. Plantear preguntas directamente a nuestros expertos invitados. Participantes: El acto contar\u00e1 con reconocidos expertos en educaci\u00f3n: Vicent Pitarch: Fil\u00f3logo y socioling\u00fcista valenciano. Francesc Mezquita: Docente de secundaria. Mar\u00eda Cruces: Concejala de educaci\u00f3n de La Vall d\u2019Uix\u00f3. Marc Ruiz: Docente de secundaria en la especialidad de matem\u00e1ticas y miembro de STEPV. Representante del colectivo Familias por el Valenciano. El periodista Ximo G\u00f3rriz ser\u00e1 el moderador. Os animamos a asistir y formar parte de este encuentro para compartir inquietudes y resolver dudas sobre una normativa que afecta el futuro educativo de nuestros hijos e hijas. Para m\u00e1s informaci\u00f3n, pod\u00e9is contactar con nosotros.\" \/>\n<meta property=\"og:url\" content=\"https:\/\/fapacastello.com\/es\/event\/taula-redona-la-nova-llei-educativa-valenciana-explicacio-i-dubtes\/\" \/>\n<meta property=\"og:site_name\" content=\"FAMPA Castell\u00f3 Penyagolosa\" \/>\n<meta property=\"article:publisher\" content=\"http:\/\/www.facebook.com\/fapa.penyagolosa\" \/>\n<meta property=\"article:modified_time\" content=\"2025-01-14T10:02:11+00:00\" \/>\n<meta property=\"og:image\" content=\"https:\/\/fapacastello.com\/wp-content\/uploads\/2024\/12\/BANNERS-WEB-1.jpg\" \/>\n\t<meta property=\"og:image:width\" content=\"2000\" \/>\n\t<meta property=\"og:image:height\" content=\"875\" \/>\n\t<meta property=\"og:image:type\" content=\"image\/jpeg\" \/>\n<meta name=\"author\" content=\"Raquel Garc\u00eda\" \/>\n<meta name=\"twitter:card\" content=\"summary\" \/>\n<meta name=\"twitter:site\" content=\"@FAMPACS\" \/>\n<meta name=\"twitter:label1\" content=\"Tiempo de lectura\" \/>\n\t<meta name=\"twitter:data1\" content=\"2 minutos\" \/>\n<script type=\"application\/ld+json\" class=\"yoast-schema-graph\">{\"@context\":\"https:\/\/schema.org\",\"@graph\":[{\"@type\":\"WebSite\",\"@id\":\"http:\/\/fapacastello.com\/es\/#website\",\"url\":\"http:\/\/fapacastello.com\/es\/\",\"name\":\"FAMPA Castell\u00f3 Penyagolosa\",\"description\":\"Fapa-Castell\u00f3n Penyagolosa. Federaci\u00f3n de Asociaciones de Padres i Madres de Alumnos Provincia de Castell\u00f3n.\",\"potentialAction\":[{\"@type\":\"SearchAction\",\"target\":{\"@type\":\"EntryPoint\",\"urlTemplate\":\"http:\/\/fapacastello.com\/es\/?s={search_term_string}\"},\"query-input\":\"required name=search_term_string\"}],\"inLanguage\":\"es\"},{\"@type\":\"ImageObject\",\"inLanguage\":\"es\",\"@id\":\"https:\/\/fapacastello.com\/es\/event\/taula-redona-la-nova-llei-educativa-valenciana-explicacio-i-dubtes\/#primaryimage\",\"url\":\"http:\/\/fapacastello.com\/wp-content\/uploads\/2024\/12\/BANNERS-WEB-1.jpg\",\"contentUrl\":\"http:\/\/fapacastello.com\/wp-content\/uploads\/2024\/12\/BANNERS-WEB-1.jpg\",\"width\":2000,\"height\":875},{\"@type\":\"WebPage\",\"@id\":\"https:\/\/fapacastello.com\/es\/event\/taula-redona-la-nova-llei-educativa-valenciana-explicacio-i-dubtes\/#webpage\",\"url\":\"https:\/\/fapacastello.com\/es\/event\/taula-redona-la-nova-llei-educativa-valenciana-explicacio-i-dubtes\/\",\"name\":\"Taula redona: La nova llei educativa valenciana. Explicaci\u00f3 i dubtes. | FAMPA Castell\u00f3 Penyagolosa\",\"isPartOf\":{\"@id\":\"http:\/\/fapacastello.com\/es\/#website\"},\"primaryImageOfPage\":{\"@id\":\"https:\/\/fapacastello.com\/es\/event\/taula-redona-la-nova-llei-educativa-valenciana-explicacio-i-dubtes\/#primaryimage\"},\"datePublished\":\"2025-01-14T10:00:18+00:00\",\"dateModified\":\"2025-01-14T10:02:11+00:00\",\"breadcrumb\":{\"@id\":\"https:\/\/fapacastello.com\/es\/event\/taula-redona-la-nova-llei-educativa-valenciana-explicacio-i-dubtes\/#breadcrumb\"},\"inLanguage\":\"es\",\"potentialAction\":[{\"@type\":\"ReadAction\",\"target\":[\"https:\/\/fapacastello.com\/es\/event\/taula-redona-la-nova-llei-educativa-valenciana-explicacio-i-dubtes\/\"]}]},{\"@type\":\"BreadcrumbList\",\"@id\":\"https:\/\/fapacastello.com\/es\/event\/taula-redona-la-nova-llei-educativa-valenciana-explicacio-i-dubtes\/#breadcrumb\",\"itemListElement\":[{\"@type\":\"ListItem\",\"position\":1,\"name\":\"Portada\",\"item\":\"http:\/\/fapacastello.com\/es\/\"},{\"@type\":\"ListItem\",\"position\":2,\"name\":\"Taula redona: La nova llei educativa valenciana. Explicaci\u00f3 i dubtes.\"}]}]}<\/script>\n<!-- \/ Yoast SEO plugin. -->","yoast_head_json":{"title":"Taula redona: La nova llei educativa valenciana. Explicaci\u00f3 i dubtes. | FAMPA Castell\u00f3 Penyagolosa","robots":{"index":"index","follow":"follow","max-snippet":"max-snippet:-1","max-image-preview":"max-image-preview:large","max-video-preview":"max-video-preview:-1"},"canonical":"https:\/\/fapacastello.com\/es\/event\/taula-redona-la-nova-llei-educativa-valenciana-explicacio-i-dubtes\/","og_locale":"es_ES","og_type":"article","og_title":"Taula redona: La nova llei educativa valenciana. Explicaci\u00f3 i dubtes. | FAMPA Castell\u00f3 Penyagolosa","og_description":"Desde la FAMPA Castell\u00f3 Penyagolosa, queremos invitaros a participar en una mesa redonda informativa que hemos organizado en colaboraci\u00f3n con la coordinadora de AMPAS La Vall d&#8217;Uix\u00f3-Castro y el Ayuntamiento de La Vall d&#8217;Uix\u00f3 para aclarar dudas sobre la nueva ley educativa valenciana (o Ley de Libertad Educativa). Detalles del evento: Fecha y hora:&nbsp;Mi\u00e9rcoles, 15 de enero de 2025, a las 19 h. Lugar:&nbsp;Biblioteca Municipal de La Vall d\u2019Uix\u00f3. Inscripci\u00f3n previa:&nbsp;https:\/\/forms.gle\/HNSwhzKFrM6oYwyi7. Objetivos de la mesa redonda: Entender los principales aspectos de la nueva ley. Resolver dudas sobre el proceso de votaci\u00f3n que se iniciar\u00e1 pr\u00f3ximamente en los centros educativos. Plantear preguntas directamente a nuestros expertos invitados. Participantes: El acto contar\u00e1 con reconocidos expertos en educaci\u00f3n: Vicent Pitarch: Fil\u00f3logo y socioling\u00fcista valenciano. Francesc Mezquita: Docente de secundaria. Mar\u00eda Cruces: Concejala de educaci\u00f3n de La Vall d\u2019Uix\u00f3. Marc Ruiz: Docente de secundaria en la especialidad de matem\u00e1ticas y miembro de STEPV. Representante del colectivo Familias por el Valenciano. El periodista Ximo G\u00f3rriz ser\u00e1 el moderador. Os animamos a asistir y formar parte de este encuentro para compartir inquietudes y resolver dudas sobre una normativa que afecta el futuro educativo de nuestros hijos e hijas. Para m\u00e1s informaci\u00f3n, pod\u00e9is contactar con nosotros.","og_url":"https:\/\/fapacastello.com\/es\/event\/taula-redona-la-nova-llei-educativa-valenciana-explicacio-i-dubtes\/","og_site_name":"FAMPA Castell\u00f3 Penyagolosa","article_publisher":"http:\/\/www.facebook.com\/fapa.penyagolosa","article_modified_time":"2025-01-14T10:02:11+00:00","og_image":[{"width":2000,"height":875,"url":"https:\/\/fapacastello.com\/wp-content\/uploads\/2024\/12\/BANNERS-WEB-1.jpg","type":"image\/jpeg"}],"author":"Raquel Garc\u00eda","twitter_card":"summary","twitter_site":"@FAMPACS","twitter_misc":{"Tiempo de lectura":"2 minutos"},"schema":{"@context":"https:\/\/schema.org","@graph":[{"@type":"WebSite","@id":"http:\/\/fapacastello.com\/es\/#website","url":"http:\/\/fapacastello.com\/es\/","name":"FAMPA Castell\u00f3 Penyagolosa","description":"Fapa-Castell\u00f3n Penyagolosa. Federaci\u00f3n de Asociaciones de Padres i Madres de Alumnos Provincia de Castell\u00f3n.","potentialAction":[{"@type":"SearchAction","target":{"@type":"EntryPoint","urlTemplate":"http:\/\/fapacastello.com\/es\/?s={search_term_string}"},"query-input":"required name=search_term_string"}],"inLanguage":"es"},{"@type":"ImageObject","inLanguage":"es","@id":"https:\/\/fapacastello.com\/es\/event\/taula-redona-la-nova-llei-educativa-valenciana-explicacio-i-dubtes\/#primaryimage","url":"http:\/\/fapacastello.com\/wp-content\/uploads\/2024\/12\/BANNERS-WEB-1.jpg","contentUrl":"http:\/\/fapacastello.com\/wp-content\/uploads\/2024\/12\/BANNERS-WEB-1.jpg","width":2000,"height":875},{"@type":"WebPage","@id":"https:\/\/fapacastello.com\/es\/event\/taula-redona-la-nova-llei-educativa-valenciana-explicacio-i-dubtes\/#webpage","url":"https:\/\/fapacastello.com\/es\/event\/taula-redona-la-nova-llei-educativa-valenciana-explicacio-i-dubtes\/","name":"Taula redona: La nova llei educativa valenciana. Explicaci\u00f3 i dubtes. | FAMPA Castell\u00f3 Penyagolosa","isPartOf":{"@id":"http:\/\/fapacastello.com\/es\/#website"},"primaryImageOfPage":{"@id":"https:\/\/fapacastello.com\/es\/event\/taula-redona-la-nova-llei-educativa-valenciana-explicacio-i-dubtes\/#primaryimage"},"datePublished":"2025-01-14T10:00:18+00:00","dateModified":"2025-01-14T10:02:11+00:00","breadcrumb":{"@id":"https:\/\/fapacastello.com\/es\/event\/taula-redona-la-nova-llei-educativa-valenciana-explicacio-i-dubtes\/#breadcrumb"},"inLanguage":"es","potentialAction":[{"@type":"ReadAction","target":["https:\/\/fapacastello.com\/es\/event\/taula-redona-la-nova-llei-educativa-valenciana-explicacio-i-dubtes\/"]}]},{"@type":"BreadcrumbList","@id":"https:\/\/fapacastello.com\/es\/event\/taula-redona-la-nova-llei-educativa-valenciana-explicacio-i-dubtes\/#breadcrumb","itemListElement":[{"@type":"ListItem","position":1,"name":"Portada","item":"http:\/\/fapacastello.com\/es\/"},{"@type":"ListItem","position":2,"name":"Taula redona: La nova llei educativa valenciana. Explicaci\u00f3 i dubtes."}]}]}},"_links":{"self":[{"href":"http:\/\/fapacastello.com\/es\/wp-json\/wp\/v2\/event_listing\/13637"}],"collection":[{"href":"http:\/\/fapacastello.com\/es\/wp-json\/wp\/v2\/event_listing"}],"about":[{"href":"http:\/\/fapacastello.com\/es\/wp-json\/wp\/v2\/types\/event_listing"}],"wp:featuredmedia":[{"embeddable":true,"href":"http:\/\/fapacastello.com\/es\/wp-json\/wp\/v2\/media\/13557"}],"wp:attachment":[{"href":"http:\/\/fapacastello.com\/es\/wp-json\/wp\/v2\/media?parent=13637"}],"wp:term":[{"taxonomy":"event_listing_category","embeddable":true,"href":"http:\/\/fapacastello.com\/es\/wp-json\/wp\/v2\/event_listing_category?post=13637"},{"taxonomy":"event_listing_type","embeddable":true,"href":"http:\/\/fapacastello.com\/es\/wp-json\/wp\/v2\/event_listing_type?post=13637"}],"curies":[{"name":"wp","href":"https:\/\/api.w.org\/{rel}","templated":true}]}}

Taula redona: La nova llei educativa valenciana. Explicació i dubtes.

<p>Desde la FAMPA Castelló Penyagolosa, queremos invitaros a participar en una mesa redonda informativa que hemos organizado en colaboración con la coordinadora de AMPAS La Vall d&#8217;Uixó-Castro y el Ayuntamiento de La Vall d&#8217;Uixó para aclarar dudas sobre la nueva ley educativa valenciana (o Ley de Libertad Educativa).</p>



<h3>Detalles del evento:</h3>



<ul><li>Fecha y hora:&nbsp;<strong>Miércoles, 15 de enero de 2025, a las 19 h.</strong></li><li>Lugar:&nbsp;<strong>Biblioteca Municipal de La Vall d’Uixó.</strong></li><li>Inscripción previa:&nbsp;<a href="https://forms.gle/HNSwhzKFrM6oYwyi7">https://forms.gle/HNSwhzKFrM6oYwyi7</a>.</li></ul>



<h3>Objetivos de la mesa redonda:</h3>



<ul><li>Entender los principales aspectos de la nueva ley.</li><li>Resolver dudas sobre el proceso de votación que se iniciará próximamente en los centros educativos.</li><li>Plantear preguntas directamente a nuestros expertos invitados.</li></ul>



<h3>Participantes:</h3>



<p>El acto contará con reconocidos expertos en educación:</p>



<ul><li>Vicent Pitarch: Filólogo y sociolingüista valenciano.</li><li>Francesc Mezquita: Docente de secundaria.</li><li>María Cruces: Concejala de educación de La Vall d’Uixó.</li><li>Marc Ruiz: Docente de secundaria en la especialidad de matemáticas y miembro de STEPV.</li><li>Representante del colectivo Familias por el Valenciano.</li></ul>



<p>El periodista Ximo Górriz será el moderador.</p>



<p>Os animamos a asistir y formar parte de este encuentro para compartir inquietudes y resolver dudas sobre una normativa que afecta el futuro educativo de nuestros hijos e hijas.</p>



<p>Para más información, podéis contactar con nosotros.</p>

<!-- This site is optimized with the Yoast SEO plugin v19.2 - https://yoast.com/wordpress/plugins/seo/ -->
<title>Taula redona: La nova llei educativa valenciana. Explicació i dubtes. | FAMPA Castelló Penyagolosa</title>
<meta name="robots" content="index, follow, max-snippet:-1, max-image-preview:large, max-video-preview:-1" />
<link rel="canonical" href="https://fapacastello.com/es/event/taula-redona-la-nova-llei-educativa-valenciana-explicacio-i-dubtes/" />
<meta property="og:locale" content="es_ES" />
<meta property="og:type" content="article" />
<meta property="og:title" content="Taula redona: La nova llei educativa valenciana. Explicació i dubtes. | FAMPA Castelló Penyagolosa" />
<meta property="og:description" content="Desde la FAMPA Castelló Penyagolosa, queremos invitaros a participar en una mesa redonda informativa que hemos organizado en colaboración con la coordinadora de AMPAS La Vall d&#8217;Uixó-Castro y el Ayuntamiento de La Vall d&#8217;Uixó para aclarar dudas sobre la nueva ley educativa valenciana (o Ley de Libertad Educativa). Detalles del evento: Fecha y hora:&nbsp;Miércoles, 15 de enero de 2025, a las 19 h. Lugar:&nbsp;Biblioteca Municipal de La Vall d’Uixó. Inscripción previa:&nbsp;https://forms.gle/HNSwhzKFrM6oYwyi7. Objetivos de la mesa redonda: Entender los principales aspectos de la nueva ley. Resolver dudas sobre el proceso de votación que se iniciará próximamente en los centros educativos. Plantear preguntas directamente a nuestros expertos invitados. Participantes: El acto contará con reconocidos expertos en educación: Vicent Pitarch: Filólogo y sociolingüista valenciano. Francesc Mezquita: Docente de secundaria. María Cruces: Concejala de educación de La Vall d’Uixó. Marc Ruiz: Docente de secundaria en la especialidad de matemáticas y miembro de STEPV. Representante del colectivo Familias por el Valenciano. El periodista Ximo Górriz será el moderador. Os animamos a asistir y formar parte de este encuentro para compartir inquietudes y resolver dudas sobre una normativa que afecta el futuro educativo de nuestros hijos e hijas. Para más información, podéis contactar con nosotros." />
<meta property="og:url" content="https://fapacastello.com/es/event/taula-redona-la-nova-llei-educativa-valenciana-explicacio-i-dubtes/" />
<meta property="og:site_name" content="FAMPA Castelló Penyagolosa" />
<meta property="article:publisher" content="http://www.facebook.com/fapa.penyagolosa" />
<meta property="article:modified_time" content="2025-01-14T10:02:11+00:00" />
<meta property="og:image" content="https://fapacastello.com/wp-content/uploads/2024/12/BANNERS-WEB-1.jpg" />
	<meta property="og:image:width" content="2000" />
	<meta property="og:image:height" content="875" />
	<meta property="og:image:type" content="image/jpeg" />
<meta name="author" content="Raquel García" />
<meta name="twitter:card" content="summary" />
<meta name="twitter:site" content="@FAMPACS" />
<meta name="twitter:label1" content="Tiempo de lectura" />
	<meta name="twitter:data1" content="2 minutos" />
<script type="application/ld+json" class="yoast-schema-graph">{"@context":"https://schema.org","@graph":[{"@type":"WebSite","@id":"http://fapacastello.com/es/#website","url":"http://fapacastello.com/es/","name":"FAMPA Castelló Penyagolosa","description":"Fapa-Castellón Penyagolosa. Federación de Asociaciones de Padres i Madres de Alumnos Provincia de Castellón.","potentialAction":[{"@type":"SearchAction","target":{"@type":"EntryPoint","urlTemplate":"http://fapacastello.com/es/?s={search_term_string}"},"query-input":"required name=search_term_string"}],"inLanguage":"es"},{"@type":"ImageObject","inLanguage":"es","@id":"https://fapacastello.com/es/event/taula-redona-la-nova-llei-educativa-valenciana-explicacio-i-dubtes/#primaryimage","url":"http://fapacastello.com/wp-content/uploads/2024/12/BANNERS-WEB-1.jpg","contentUrl":"http://fapacastello.com/wp-content/uploads/2024/12/BANNERS-WEB-1.jpg","width":2000,"height":875},{"@type":"WebPage","@id":"https://fapacastello.com/es/event/taula-redona-la-nova-llei-educativa-valenciana-explicacio-i-dubtes/#webpage","url":"https://fapacastello.com/es/event/taula-redona-la-nova-llei-educativa-valenciana-explicacio-i-dubtes/","name":"Taula redona: La nova llei educativa valenciana. Explicació i dubtes. | FAMPA Castelló Penyagolosa","isPartOf":{"@id":"http://fapacastello.com/es/#website"},"primaryImageOfPage":{"@id":"https://fapacastello.com/es/event/taula-redona-la-nova-llei-educativa-valenciana-explicacio-i-dubtes/#primaryimage"},"datePublished":"2025-01-14T10:00:18+00:00","dateModified":"2025-01-14T10:02:11+00:00","breadcrumb":{"@id":"https://fapacastello.com/es/event/taula-redona-la-nova-llei-educativa-valenciana-explicacio-i-dubtes/#breadcrumb"},"inLanguage":"es","potentialAction":[{"@type":"ReadAction","target":["https://fapacastello.com/es/event/taula-redona-la-nova-llei-educativa-valenciana-explicacio-i-dubtes/"]}]},{"@type":"BreadcrumbList","@id":"https://fapacastello.com/es/event/taula-redona-la-nova-llei-educativa-valenciana-explicacio-i-dubtes/#breadcrumb","itemListElement":[{"@type":"ListItem","position":1,"name":"Portada","item":"http://fapacastello.com/es/"},{"@type":"ListItem","position":2,"name":"Taula redona: La nova llei educativa valenciana. Explicació i dubtes."}]}]}</script>
<!-- / Yoast SEO plugin. -->

Taula redona: La nova llei educativa valenciana. Explicació i dubtes. | FAMPA Castelló Penyagolosa

Desde la FAMPA Castelló Penyagolosa, queremos invitaros a participar en una mesa redonda informativa que hemos organizado en colaboración con la coordinadora de AMPAS La Vall d&#8217;Uixó-Castro y el Ayuntamiento de La Vall d&#8217;Uixó para aclarar dudas sobre la nueva ley educativa valenciana (o Ley de Libertad Educativa). Detalles del evento: Fecha y hora:&nbsp;Miércoles, 15 de enero de 2025, a las 19 h. Lugar:&nbsp;Biblioteca Municipal de La Vall d’Uixó. Inscripción previa:&nbsp;https://forms.gle/HNSwhzKFrM6oYwyi7. Objetivos de la mesa redonda: Entender los principales aspectos de la nueva ley. Resolver dudas sobre el proceso de votación que se iniciará próximamente en los centros educativos. Plantear preguntas directamente a nuestros expertos invitados. Participantes: El acto contará con reconocidos expertos en educación: Vicent Pitarch: Filólogo y sociolingüista valenciano. Francesc Mezquita: Docente de secundaria. María Cruces: Concejala de educación de La Vall d’Uixó. Marc Ruiz: Docente de secundaria en la especialidad de matemáticas y miembro de STEPV. Representante del colectivo Familias por el Valenciano. El periodista Ximo Górriz será el moderador. Os animamos a asistir y formar parte de este encuentro para compartir inquietudes y resolver dudas sobre una normativa que afecta el futuro educativo de nuestros hijos e hijas. Para más información, podéis contactar con nosotros.

FAMPA Castelló Penyagolosa

Raquel García

Fapa-Castellón Penyagolosa. Federación de Asociaciones de Padres i Madres de Alumnos Provincia de Castellón.
