

{"id":9390,"date":"2023-01-10T18:32:16","date_gmt":"2023-01-10T17:32:16","guid":{"rendered":"http:\/\/fapacastello.com\/?post_type=event_listing&#038;p=9390\/"},"modified":"2023-01-16T08:50:25","modified_gmt":"2023-01-16T07:50:25","slug":"com-educar-per-crear-una-bona-identitat-digital","status":"publish","type":"event_listing","link":"http:\/\/fapacastello.com\/es\/event\/com-educar-per-crear-una-bona-identitat-digital\/","title":{"rendered":"C\u00f3mo educar para crear una buena identidad digital"},"content":{"rendered":"\n<p style=\"font-size:15px\">Os presentamos la segunda formaci\u00f3n impartida por la periodista Sandra Romero sobre las herramientas digitales para familias de alumnos\/as desde 6.\u00ba de primaria hasta 2.\u00ba de ESO.<\/p>\n\n\n\n<p style=\"font-size:15px\">La formaci\u00f3n se realizar\u00e1 el 28 de enero de 10 h a 12 h en el Museo de Bellas Artes de Castell\u00f3.<\/p>\n\n\n\n<p style=\"font-size:15px\">En esta formaci\u00f3n aprenderemos como educar para desarrollar un esp\u00edritu cr\u00edtico, sobre la impronta y la identidad digital y como gestionarla con los hijos e hijas. Tambi\u00e9n aprenderemos a utilizar las redes sociales que usan los adolescentes: TikTok, Instagram, Whatsapp y LinkedIn. Y finalmente sobre c\u00f3mo se pueden utilizar las redes a manera de curr\u00edculum.<\/p>\n\n\n\n<p style=\"font-size:15px\">La inscripci\u00f3n se podr\u00e1 realizar hasta el 27 de enero a las 15 h a trav\u00e9s de este enlace: <a href=\"https:\/\/l.facebook.com\/l.php?u=https%3A%2F%2Fforms.gle%2Fy9yHmfs6hspybHRU7%3Ffbclid%3DIwAR1mVJ4iSePdk9Dmn25GEc3JCB29hLcX3XNxXY_7d3AC3ik4BA8WiqwALls&amp;h=AT1Or33bmUmw3osEbfl-RVnsvimGxTxgOlAiOLQxagVKbzKjX-tm28uEsPfeqMJwYz-IPgSw8XwLfhWJzzbzxuIvjGXZuJgEme9Ub1UuXluF8Vz5mQVKiXsrc_tdbn5VQT50IeUhBw&amp;__tn__=-UK-R&amp;c[0]=AT0EfqZopAb3yEkppMjBUhzS530nAqrHoDAYUsD02HqdBdxt1EsYMpZVpqtH6eo1ichRcx4FHV8UJ5hGFvq76agREq9slhbZQKU3uJRZVr3cnYptNTBli07Jr0F3gQ6cymhcjR9FwAr2IANajakOD3Ae2d5vtalcKekjJq5FHUfE1K_bbZ874xzTF1d7Lx1UqgXEpsH46JiQ\" rel=\"noreferrer noopener\" target=\"_blank\">https:\/\/forms.gle\/y9yHmfs6hspybHRU7<\/a><\/p>\n\n\n\n<figure class=\"wp-block-image size-large\"><img loading=\"lazy\" width=\"724\" height=\"1024\" src=\"http:\/\/fapacastello.com\/wp-content\/uploads\/2023\/01\/2-1-724x1024.jpg\" alt=\"\" class=\"wp-image-9439\" srcset=\"http:\/\/fapacastello.com\/wp-content\/uploads\/2023\/01\/2-1-724x1024.jpg 724w, http:\/\/fapacastello.com\/wp-content\/uploads\/2023\/01\/2-1-212x300.jpg 212w, http:\/\/fapacastello.com\/wp-content\/uploads\/2023\/01\/2-1-768x1086.jpg 768w, http:\/\/fapacastello.com\/wp-content\/uploads\/2023\/01\/2-1-1086x1536.jpg 1086w, http:\/\/fapacastello.com\/wp-content\/uploads\/2023\/01\/2-1-1448x2048.jpg 1448w, http:\/\/fapacastello.com\/wp-content\/uploads\/2023\/01\/2-1-103x146.jpg 103w, http:\/\/fapacastello.com\/wp-content\/uploads\/2023\/01\/2-1-35x50.jpg 35w, http:\/\/fapacastello.com\/wp-content\/uploads\/2023\/01\/2-1-53x75.jpg 53w, http:\/\/fapacastello.com\/wp-content\/uploads\/2023\/01\/2-1-300x424.jpg 300w, http:\/\/fapacastello.com\/wp-content\/uploads\/2023\/01\/2-1.jpg 1587w\" sizes=\"(max-width: 724px) 100vw, 724px\" \/><\/figure>\n","protected":false},"featured_media":9441,"template":"","meta":[],"event_listing_category":[],"event_listing_type":[],"yoast_head":"<!-- This site is optimized with the Yoast SEO plugin v19.2 - https:\/\/yoast.com\/wordpress\/plugins\/seo\/ -->\n<title>C\u00f3mo educar para crear una buena identidad digital | FAMPA Castell\u00f3 Penyagolosa<\/title>\n<meta name=\"robots\" content=\"index, follow, max-snippet:-1, max-image-preview:large, max-video-preview:-1\" \/>\n<link rel=\"canonical\" href=\"http:\/\/fapacastello.com\/es\/event\/com-educar-per-crear-una-bona-identitat-digital\/\" \/>\n<meta property=\"og:locale\" content=\"es_ES\" \/>\n<meta property=\"og:type\" content=\"article\" \/>\n<meta property=\"og:title\" content=\"C\u00f3mo educar para crear una buena identidad digital | FAMPA Castell\u00f3 Penyagolosa\" \/>\n<meta property=\"og:description\" content=\"Os presentamos la segunda formaci\u00f3n impartida por la periodista Sandra Romero sobre las herramientas digitales para familias de alumnos\/as desde 6.\u00ba de primaria hasta 2.\u00ba de ESO. La formaci\u00f3n se realizar\u00e1 el 28 de enero de 10 h a 12 h en el Museo de Bellas Artes de Castell\u00f3. En esta formaci\u00f3n aprenderemos como educar para desarrollar un esp\u00edritu cr\u00edtico, sobre la impronta y la identidad digital y como gestionarla con los hijos e hijas. Tambi\u00e9n aprenderemos a utilizar las redes sociales que usan los adolescentes: TikTok, Instagram, Whatsapp y LinkedIn. Y finalmente sobre c\u00f3mo se pueden utilizar las redes a manera de curr\u00edculum. La inscripci\u00f3n se podr\u00e1 realizar hasta el 27 de enero a las 15 h a trav\u00e9s de este enlace: https:\/\/forms.gle\/y9yHmfs6hspybHRU7\" \/>\n<meta property=\"og:url\" content=\"http:\/\/fapacastello.com\/es\/event\/com-educar-per-crear-una-bona-identitat-digital\/\" \/>\n<meta property=\"og:site_name\" content=\"FAMPA Castell\u00f3 Penyagolosa\" \/>\n<meta property=\"article:publisher\" content=\"http:\/\/www.facebook.com\/fapa.penyagolosa\" \/>\n<meta property=\"article:modified_time\" content=\"2023-01-16T07:50:25+00:00\" \/>\n<meta property=\"og:image\" content=\"http:\/\/fapacastello.com\/wp-content\/uploads\/2023\/01\/Aprenent-a-Perdonar-banner-1.jpg\" \/>\n\t<meta property=\"og:image:width\" content=\"1920\" \/>\n\t<meta property=\"og:image:height\" content=\"480\" \/>\n\t<meta property=\"og:image:type\" content=\"image\/jpeg\" \/>\n<meta name=\"author\" content=\"Raquel Garc\u00eda\" \/>\n<meta name=\"twitter:card\" content=\"summary\" \/>\n<meta name=\"twitter:site\" content=\"@FAMPACS\" \/>\n<meta name=\"twitter:label1\" content=\"Tiempo de lectura\" \/>\n\t<meta name=\"twitter:data1\" content=\"1 minuto\" \/>\n<script type=\"application\/ld+json\" class=\"yoast-schema-graph\">{\"@context\":\"https:\/\/schema.org\",\"@graph\":[{\"@type\":\"WebSite\",\"@id\":\"http:\/\/fapacastello.com\/es\/#website\",\"url\":\"http:\/\/fapacastello.com\/es\/\",\"name\":\"FAMPA Castell\u00f3 Penyagolosa\",\"description\":\"Fapa-Castell\u00f3n Penyagolosa. Federaci\u00f3n de Asociaciones de Padres i Madres de Alumnos Provincia de Castell\u00f3n.\",\"potentialAction\":[{\"@type\":\"SearchAction\",\"target\":{\"@type\":\"EntryPoint\",\"urlTemplate\":\"http:\/\/fapacastello.com\/es\/?s={search_term_string}\"},\"query-input\":\"required name=search_term_string\"}],\"inLanguage\":\"es\"},{\"@type\":\"ImageObject\",\"inLanguage\":\"es\",\"@id\":\"http:\/\/fapacastello.com\/es\/event\/com-educar-per-crear-una-bona-identitat-digital\/#primaryimage\",\"url\":\"http:\/\/fapacastello.com\/wp-content\/uploads\/2023\/01\/Aprenent-a-Perdonar-banner-1.jpg\",\"contentUrl\":\"http:\/\/fapacastello.com\/wp-content\/uploads\/2023\/01\/Aprenent-a-Perdonar-banner-1.jpg\",\"width\":1920,\"height\":480},{\"@type\":\"WebPage\",\"@id\":\"http:\/\/fapacastello.com\/es\/event\/com-educar-per-crear-una-bona-identitat-digital\/#webpage\",\"url\":\"http:\/\/fapacastello.com\/es\/event\/com-educar-per-crear-una-bona-identitat-digital\/\",\"name\":\"C\u00f3mo educar para crear una buena identidad digital | FAMPA Castell\u00f3 Penyagolosa\",\"isPartOf\":{\"@id\":\"http:\/\/fapacastello.com\/es\/#website\"},\"primaryImageOfPage\":{\"@id\":\"http:\/\/fapacastello.com\/es\/event\/com-educar-per-crear-una-bona-identitat-digital\/#primaryimage\"},\"datePublished\":\"2023-01-10T17:32:16+00:00\",\"dateModified\":\"2023-01-16T07:50:25+00:00\",\"breadcrumb\":{\"@id\":\"http:\/\/fapacastello.com\/es\/event\/com-educar-per-crear-una-bona-identitat-digital\/#breadcrumb\"},\"inLanguage\":\"es\",\"potentialAction\":[{\"@type\":\"ReadAction\",\"target\":[\"http:\/\/fapacastello.com\/es\/event\/com-educar-per-crear-una-bona-identitat-digital\/\"]}]},{\"@type\":\"BreadcrumbList\",\"@id\":\"http:\/\/fapacastello.com\/es\/event\/com-educar-per-crear-una-bona-identitat-digital\/#breadcrumb\",\"itemListElement\":[{\"@type\":\"ListItem\",\"position\":1,\"name\":\"Portada\",\"item\":\"http:\/\/fapacastello.com\/es\/\"},{\"@type\":\"ListItem\",\"position\":2,\"name\":\"C\u00f3mo educar para crear una buena identidad digital\"}]}]}<\/script>\n<!-- \/ Yoast SEO plugin. -->","yoast_head_json":{"title":"C\u00f3mo educar para crear una buena identidad digital | FAMPA Castell\u00f3 Penyagolosa","robots":{"index":"index","follow":"follow","max-snippet":"max-snippet:-1","max-image-preview":"max-image-preview:large","max-video-preview":"max-video-preview:-1"},"canonical":"http:\/\/fapacastello.com\/es\/event\/com-educar-per-crear-una-bona-identitat-digital\/","og_locale":"es_ES","og_type":"article","og_title":"C\u00f3mo educar para crear una buena identidad digital | FAMPA Castell\u00f3 Penyagolosa","og_description":"Os presentamos la segunda formaci\u00f3n impartida por la periodista Sandra Romero sobre las herramientas digitales para familias de alumnos\/as desde 6.\u00ba de primaria hasta 2.\u00ba de ESO. La formaci\u00f3n se realizar\u00e1 el 28 de enero de 10 h a 12 h en el Museo de Bellas Artes de Castell\u00f3. En esta formaci\u00f3n aprenderemos como educar para desarrollar un esp\u00edritu cr\u00edtico, sobre la impronta y la identidad digital y como gestionarla con los hijos e hijas. Tambi\u00e9n aprenderemos a utilizar las redes sociales que usan los adolescentes: TikTok, Instagram, Whatsapp y LinkedIn. Y finalmente sobre c\u00f3mo se pueden utilizar las redes a manera de curr\u00edculum. La inscripci\u00f3n se podr\u00e1 realizar hasta el 27 de enero a las 15 h a trav\u00e9s de este enlace: https:\/\/forms.gle\/y9yHmfs6hspybHRU7","og_url":"http:\/\/fapacastello.com\/es\/event\/com-educar-per-crear-una-bona-identitat-digital\/","og_site_name":"FAMPA Castell\u00f3 Penyagolosa","article_publisher":"http:\/\/www.facebook.com\/fapa.penyagolosa","article_modified_time":"2023-01-16T07:50:25+00:00","og_image":[{"width":1920,"height":480,"url":"http:\/\/fapacastello.com\/wp-content\/uploads\/2023\/01\/Aprenent-a-Perdonar-banner-1.jpg","type":"image\/jpeg"}],"author":"Raquel Garc\u00eda","twitter_card":"summary","twitter_site":"@FAMPACS","twitter_misc":{"Tiempo de lectura":"1 minuto"},"schema":{"@context":"https:\/\/schema.org","@graph":[{"@type":"WebSite","@id":"http:\/\/fapacastello.com\/es\/#website","url":"http:\/\/fapacastello.com\/es\/","name":"FAMPA Castell\u00f3 Penyagolosa","description":"Fapa-Castell\u00f3n Penyagolosa. Federaci\u00f3n de Asociaciones de Padres i Madres de Alumnos Provincia de Castell\u00f3n.","potentialAction":[{"@type":"SearchAction","target":{"@type":"EntryPoint","urlTemplate":"http:\/\/fapacastello.com\/es\/?s={search_term_string}"},"query-input":"required name=search_term_string"}],"inLanguage":"es"},{"@type":"ImageObject","inLanguage":"es","@id":"http:\/\/fapacastello.com\/es\/event\/com-educar-per-crear-una-bona-identitat-digital\/#primaryimage","url":"http:\/\/fapacastello.com\/wp-content\/uploads\/2023\/01\/Aprenent-a-Perdonar-banner-1.jpg","contentUrl":"http:\/\/fapacastello.com\/wp-content\/uploads\/2023\/01\/Aprenent-a-Perdonar-banner-1.jpg","width":1920,"height":480},{"@type":"WebPage","@id":"http:\/\/fapacastello.com\/es\/event\/com-educar-per-crear-una-bona-identitat-digital\/#webpage","url":"http:\/\/fapacastello.com\/es\/event\/com-educar-per-crear-una-bona-identitat-digital\/","name":"C\u00f3mo educar para crear una buena identidad digital | FAMPA Castell\u00f3 Penyagolosa","isPartOf":{"@id":"http:\/\/fapacastello.com\/es\/#website"},"primaryImageOfPage":{"@id":"http:\/\/fapacastello.com\/es\/event\/com-educar-per-crear-una-bona-identitat-digital\/#primaryimage"},"datePublished":"2023-01-10T17:32:16+00:00","dateModified":"2023-01-16T07:50:25+00:00","breadcrumb":{"@id":"http:\/\/fapacastello.com\/es\/event\/com-educar-per-crear-una-bona-identitat-digital\/#breadcrumb"},"inLanguage":"es","potentialAction":[{"@type":"ReadAction","target":["http:\/\/fapacastello.com\/es\/event\/com-educar-per-crear-una-bona-identitat-digital\/"]}]},{"@type":"BreadcrumbList","@id":"http:\/\/fapacastello.com\/es\/event\/com-educar-per-crear-una-bona-identitat-digital\/#breadcrumb","itemListElement":[{"@type":"ListItem","position":1,"name":"Portada","item":"http:\/\/fapacastello.com\/es\/"},{"@type":"ListItem","position":2,"name":"C\u00f3mo educar para crear una buena identidad digital"}]}]}},"_links":{"self":[{"href":"http:\/\/fapacastello.com\/es\/wp-json\/wp\/v2\/event_listing\/9390"}],"collection":[{"href":"http:\/\/fapacastello.com\/es\/wp-json\/wp\/v2\/event_listing"}],"about":[{"href":"http:\/\/fapacastello.com\/es\/wp-json\/wp\/v2\/types\/event_listing"}],"wp:featuredmedia":[{"embeddable":true,"href":"http:\/\/fapacastello.com\/es\/wp-json\/wp\/v2\/media\/9441"}],"wp:attachment":[{"href":"http:\/\/fapacastello.com\/es\/wp-json\/wp\/v2\/media?parent=9390"}],"wp:term":[{"taxonomy":"event_listing_category","embeddable":true,"href":"http:\/\/fapacastello.com\/es\/wp-json\/wp\/v2\/event_listing_category?post=9390"},{"taxonomy":"event_listing_type","embeddable":true,"href":"http:\/\/fapacastello.com\/es\/wp-json\/wp\/v2\/event_listing_type?post=9390"}],"curies":[{"name":"wp","href":"https:\/\/api.w.org\/{rel}","templated":true}]}}

Cómo educar para crear una buena identidad digital

<p style="font-size:15px">Os presentamos la segunda formación impartida por la periodista Sandra Romero sobre las herramientas digitales para familias de alumnos/as desde 6.º de primaria hasta 2.º de ESO.</p>



<p style="font-size:15px">La formación se realizará el 28 de enero de 10 h a 12 h en el Museo de Bellas Artes de Castelló.</p>



<p style="font-size:15px">En esta formación aprenderemos como educar para desarrollar un espíritu crítico, sobre la impronta y la identidad digital y como gestionarla con los hijos e hijas. También aprenderemos a utilizar las redes sociales que usan los adolescentes: TikTok, Instagram, Whatsapp y LinkedIn. Y finalmente sobre cómo se pueden utilizar las redes a manera de currículum.</p>



<p style="font-size:15px">La inscripción se podrá realizar hasta el 27 de enero a las 15 h a través de este enlace: <a href="https://l.facebook.com/l.php?u=https%3A%2F%2Fforms.gle%2Fy9yHmfs6hspybHRU7%3Ffbclid%3DIwAR1mVJ4iSePdk9Dmn25GEc3JCB29hLcX3XNxXY_7d3AC3ik4BA8WiqwALls&amp;h=AT1Or33bmUmw3osEbfl-RVnsvimGxTxgOlAiOLQxagVKbzKjX-tm28uEsPfeqMJwYz-IPgSw8XwLfhWJzzbzxuIvjGXZuJgEme9Ub1UuXluF8Vz5mQVKiXsrc_tdbn5VQT50IeUhBw&amp;__tn__=-UK-R&amp;c[0]=AT0EfqZopAb3yEkppMjBUhzS530nAqrHoDAYUsD02HqdBdxt1EsYMpZVpqtH6eo1ichRcx4FHV8UJ5hGFvq76agREq9slhbZQKU3uJRZVr3cnYptNTBli07Jr0F3gQ6cymhcjR9FwAr2IANajakOD3Ae2d5vtalcKekjJq5FHUfE1K_bbZ874xzTF1d7Lx1UqgXEpsH46JiQ" rel="noreferrer noopener" target="_blank">https://forms.gle/y9yHmfs6hspybHRU7</a></p>



<figure class="wp-block-image size-large"><img loading="lazy" width="724" height="1024" src="http://fapacastello.com/wp-content/uploads/2023/01/2-1-724x1024.jpg" alt="" class="wp-image-9439" srcset="http://fapacastello.com/wp-content/uploads/2023/01/2-1-724x1024.jpg 724w, http://fapacastello.com/wp-content/uploads/2023/01/2-1-212x300.jpg 212w, http://fapacastello.com/wp-content/uploads/2023/01/2-1-768x1086.jpg 768w, http://fapacastello.com/wp-content/uploads/2023/01/2-1-1086x1536.jpg 1086w, http://fapacastello.com/wp-content/uploads/2023/01/2-1-1448x2048.jpg 1448w, http://fapacastello.com/wp-content/uploads/2023/01/2-1-103x146.jpg 103w, http://fapacastello.com/wp-content/uploads/2023/01/2-1-35x50.jpg 35w, http://fapacastello.com/wp-content/uploads/2023/01/2-1-53x75.jpg 53w, http://fapacastello.com/wp-content/uploads/2023/01/2-1-300x424.jpg 300w, http://fapacastello.com/wp-content/uploads/2023/01/2-1.jpg 1587w" sizes="(max-width: 724px) 100vw, 724px" /></figure>

<!-- This site is optimized with the Yoast SEO plugin v19.2 - https://yoast.com/wordpress/plugins/seo/ -->
<title>Cómo educar para crear una buena identidad digital | FAMPA Castelló Penyagolosa</title>
<meta name="robots" content="index, follow, max-snippet:-1, max-image-preview:large, max-video-preview:-1" />
<link rel="canonical" href="http://fapacastello.com/es/event/com-educar-per-crear-una-bona-identitat-digital/" />
<meta property="og:locale" content="es_ES" />
<meta property="og:type" content="article" />
<meta property="og:title" content="Cómo educar para crear una buena identidad digital | FAMPA Castelló Penyagolosa" />
<meta property="og:description" content="Os presentamos la segunda formación impartida por la periodista Sandra Romero sobre las herramientas digitales para familias de alumnos/as desde 6.º de primaria hasta 2.º de ESO. La formación se realizará el 28 de enero de 10 h a 12 h en el Museo de Bellas Artes de Castelló. En esta formación aprenderemos como educar para desarrollar un espíritu crítico, sobre la impronta y la identidad digital y como gestionarla con los hijos e hijas. También aprenderemos a utilizar las redes sociales que usan los adolescentes: TikTok, Instagram, Whatsapp y LinkedIn. Y finalmente sobre cómo se pueden utilizar las redes a manera de currículum. La inscripción se podrá realizar hasta el 27 de enero a las 15 h a través de este enlace: https://forms.gle/y9yHmfs6hspybHRU7" />
<meta property="og:url" content="http://fapacastello.com/es/event/com-educar-per-crear-una-bona-identitat-digital/" />
<meta property="og:site_name" content="FAMPA Castelló Penyagolosa" />
<meta property="article:publisher" content="http://www.facebook.com/fapa.penyagolosa" />
<meta property="article:modified_time" content="2023-01-16T07:50:25+00:00" />
<meta property="og:image" content="http://fapacastello.com/wp-content/uploads/2023/01/Aprenent-a-Perdonar-banner-1.jpg" />
	<meta property="og:image:width" content="1920" />
	<meta property="og:image:height" content="480" />
	<meta property="og:image:type" content="image/jpeg" />
<meta name="author" content="Raquel García" />
<meta name="twitter:card" content="summary" />
<meta name="twitter:site" content="@FAMPACS" />
<meta name="twitter:label1" content="Tiempo de lectura" />
	<meta name="twitter:data1" content="1 minuto" />
<script type="application/ld+json" class="yoast-schema-graph">{"@context":"https://schema.org","@graph":[{"@type":"WebSite","@id":"http://fapacastello.com/es/#website","url":"http://fapacastello.com/es/","name":"FAMPA Castelló Penyagolosa","description":"Fapa-Castellón Penyagolosa. Federación de Asociaciones de Padres i Madres de Alumnos Provincia de Castellón.","potentialAction":[{"@type":"SearchAction","target":{"@type":"EntryPoint","urlTemplate":"http://fapacastello.com/es/?s={search_term_string}"},"query-input":"required name=search_term_string"}],"inLanguage":"es"},{"@type":"ImageObject","inLanguage":"es","@id":"http://fapacastello.com/es/event/com-educar-per-crear-una-bona-identitat-digital/#primaryimage","url":"http://fapacastello.com/wp-content/uploads/2023/01/Aprenent-a-Perdonar-banner-1.jpg","contentUrl":"http://fapacastello.com/wp-content/uploads/2023/01/Aprenent-a-Perdonar-banner-1.jpg","width":1920,"height":480},{"@type":"WebPage","@id":"http://fapacastello.com/es/event/com-educar-per-crear-una-bona-identitat-digital/#webpage","url":"http://fapacastello.com/es/event/com-educar-per-crear-una-bona-identitat-digital/","name":"Cómo educar para crear una buena identidad digital | FAMPA Castelló Penyagolosa","isPartOf":{"@id":"http://fapacastello.com/es/#website"},"primaryImageOfPage":{"@id":"http://fapacastello.com/es/event/com-educar-per-crear-una-bona-identitat-digital/#primaryimage"},"datePublished":"2023-01-10T17:32:16+00:00","dateModified":"2023-01-16T07:50:25+00:00","breadcrumb":{"@id":"http://fapacastello.com/es/event/com-educar-per-crear-una-bona-identitat-digital/#breadcrumb"},"inLanguage":"es","potentialAction":[{"@type":"ReadAction","target":["http://fapacastello.com/es/event/com-educar-per-crear-una-bona-identitat-digital/"]}]},{"@type":"BreadcrumbList","@id":"http://fapacastello.com/es/event/com-educar-per-crear-una-bona-identitat-digital/#breadcrumb","itemListElement":[{"@type":"ListItem","position":1,"name":"Portada","item":"http://fapacastello.com/es/"},{"@type":"ListItem","position":2,"name":"Cómo educar para crear una buena identidad digital"}]}]}</script>
<!-- / Yoast SEO plugin. -->

Cómo educar para crear una buena identidad digital | FAMPA Castelló Penyagolosa

Os presentamos la segunda formación impartida por la periodista Sandra Romero sobre las herramientas digitales para familias de alumnos/as desde 6.º de primaria hasta 2.º de ESO. La formación se realizará el 28 de enero de 10 h a 12 h en el Museo de Bellas Artes de Castelló. En esta formación aprenderemos como educar para desarrollar un espíritu crítico, sobre la impronta y la identidad digital y como gestionarla con los hijos e hijas. También aprenderemos a utilizar las redes sociales que usan los adolescentes: TikTok, Instagram, Whatsapp y LinkedIn. Y finalmente sobre cómo se pueden utilizar las redes a manera de currículum. La inscripción se podrá realizar hasta el 27 de enero a las 15 h a través de este enlace: https://forms.gle/y9yHmfs6hspybHRU7

FAMPA Castelló Penyagolosa

Raquel García

Fapa-Castellón Penyagolosa. Federación de Asociaciones de Padres i Madres de Alumnos Provincia de Castellón.
