

{"id":9403,"date":"2023-01-11T19:23:46","date_gmt":"2023-01-11T18:23:46","guid":{"rendered":"http:\/\/fapacastello.com\/?post_type=event_listing&#038;p=9403\/"},"modified":"2023-02-13T10:25:35","modified_gmt":"2023-02-13T09:25:35","slug":"taller-de-foment-de-la-lectura","status":"publish","type":"event_listing","link":"http:\/\/fapacastello.com\/es\/event\/taller-de-foment-de-la-lectura\/","title":{"rendered":"Taller de fomento de la lectura"},"content":{"rendered":"\n<p>La Confederaci\u00f3 Gonzalo Anaya ha programado un taller para el fomento de la lectura.<\/p>\n\n\n\n<p>Se realizar\u00e1 el 23 de febrero de 18 h a 20 h de manera telem\u00e1tica.<\/p>\n\n\n\n<p>La inscripci\u00f3n se podr\u00e1 realizar hasta el 12 de enero: <\/p>\n\n\n\n<figure class=\"wp-block-image size-full\"><img loading=\"lazy\" width=\"960\" height=\"540\" src=\"http:\/\/fapacastello.com\/wp-content\/uploads\/2023\/01\/327233376_1228037867787372_7743348653524914860_n.jpg\" alt=\"\" class=\"wp-image-9527\" srcset=\"http:\/\/fapacastello.com\/wp-content\/uploads\/2023\/01\/327233376_1228037867787372_7743348653524914860_n.jpg 960w, http:\/\/fapacastello.com\/wp-content\/uploads\/2023\/01\/327233376_1228037867787372_7743348653524914860_n-300x169.jpg 300w, http:\/\/fapacastello.com\/wp-content\/uploads\/2023\/01\/327233376_1228037867787372_7743348653524914860_n-768x432.jpg 768w, http:\/\/fapacastello.com\/wp-content\/uploads\/2023\/01\/327233376_1228037867787372_7743348653524914860_n-260x146.jpg 260w, http:\/\/fapacastello.com\/wp-content\/uploads\/2023\/01\/327233376_1228037867787372_7743348653524914860_n-50x28.jpg 50w, http:\/\/fapacastello.com\/wp-content\/uploads\/2023\/01\/327233376_1228037867787372_7743348653524914860_n-133x75.jpg 133w\" sizes=\"(max-width: 960px) 100vw, 960px\" \/><\/figure>\n","protected":false},"featured_media":9640,"template":"","meta":[],"event_listing_category":[],"event_listing_type":[],"yoast_head":"<!-- This site is optimized with the Yoast SEO plugin v19.2 - https:\/\/yoast.com\/wordpress\/plugins\/seo\/ -->\n<title>Taller de fomento de la lectura | FAMPA Castell\u00f3 Penyagolosa<\/title>\n<meta name=\"robots\" content=\"index, follow, max-snippet:-1, max-image-preview:large, max-video-preview:-1\" \/>\n<link rel=\"canonical\" href=\"http:\/\/fapacastello.com\/es\/event\/taller-de-foment-de-la-lectura\/\" \/>\n<meta property=\"og:locale\" content=\"es_ES\" \/>\n<meta property=\"og:type\" content=\"article\" \/>\n<meta property=\"og:title\" content=\"Taller de fomento de la lectura | FAMPA Castell\u00f3 Penyagolosa\" \/>\n<meta property=\"og:description\" content=\"La Confederaci\u00f3 Gonzalo Anaya ha programado un taller para el fomento de la lectura. Se realizar\u00e1 el 23 de febrero de 18 h a 20 h de manera telem\u00e1tica. La inscripci\u00f3n se podr\u00e1 realizar hasta el 12 de enero:\" \/>\n<meta property=\"og:url\" content=\"http:\/\/fapacastello.com\/es\/event\/taller-de-foment-de-la-lectura\/\" \/>\n<meta property=\"og:site_name\" content=\"FAMPA Castell\u00f3 Penyagolosa\" \/>\n<meta property=\"article:publisher\" content=\"http:\/\/www.facebook.com\/fapa.penyagolosa\" \/>\n<meta property=\"article:modified_time\" content=\"2023-02-13T09:25:35+00:00\" \/>\n<meta property=\"og:image\" content=\"http:\/\/fapacastello.com\/wp-content\/uploads\/2023\/01\/327233376_1228037867787372_7743348653524914860_n-1.jpg\" \/>\n\t<meta property=\"og:image:width\" content=\"960\" \/>\n\t<meta property=\"og:image:height\" content=\"540\" \/>\n\t<meta property=\"og:image:type\" content=\"image\/jpeg\" \/>\n<meta name=\"author\" content=\"Raquel Garc\u00eda\" \/>\n<meta name=\"twitter:card\" content=\"summary\" \/>\n<meta name=\"twitter:site\" content=\"@FAMPACS\" \/>\n<meta name=\"twitter:label1\" content=\"Tiempo de lectura\" \/>\n\t<meta name=\"twitter:data1\" content=\"1 minuto\" \/>\n<script type=\"application\/ld+json\" class=\"yoast-schema-graph\">{\"@context\":\"https:\/\/schema.org\",\"@graph\":[{\"@type\":\"WebSite\",\"@id\":\"http:\/\/fapacastello.com\/es\/#website\",\"url\":\"http:\/\/fapacastello.com\/es\/\",\"name\":\"FAMPA Castell\u00f3 Penyagolosa\",\"description\":\"Fapa-Castell\u00f3n Penyagolosa. Federaci\u00f3n de Asociaciones de Padres i Madres de Alumnos Provincia de Castell\u00f3n.\",\"potentialAction\":[{\"@type\":\"SearchAction\",\"target\":{\"@type\":\"EntryPoint\",\"urlTemplate\":\"http:\/\/fapacastello.com\/es\/?s={search_term_string}\"},\"query-input\":\"required name=search_term_string\"}],\"inLanguage\":\"es\"},{\"@type\":\"ImageObject\",\"inLanguage\":\"es\",\"@id\":\"http:\/\/fapacastello.com\/es\/event\/taller-de-foment-de-la-lectura\/#primaryimage\",\"url\":\"http:\/\/fapacastello.com\/wp-content\/uploads\/2023\/01\/327233376_1228037867787372_7743348653524914860_n-1.jpg\",\"contentUrl\":\"http:\/\/fapacastello.com\/wp-content\/uploads\/2023\/01\/327233376_1228037867787372_7743348653524914860_n-1.jpg\",\"width\":960,\"height\":540},{\"@type\":\"WebPage\",\"@id\":\"http:\/\/fapacastello.com\/es\/event\/taller-de-foment-de-la-lectura\/#webpage\",\"url\":\"http:\/\/fapacastello.com\/es\/event\/taller-de-foment-de-la-lectura\/\",\"name\":\"Taller de fomento de la lectura | FAMPA Castell\u00f3 Penyagolosa\",\"isPartOf\":{\"@id\":\"http:\/\/fapacastello.com\/es\/#website\"},\"primaryImageOfPage\":{\"@id\":\"http:\/\/fapacastello.com\/es\/event\/taller-de-foment-de-la-lectura\/#primaryimage\"},\"datePublished\":\"2023-01-11T18:23:46+00:00\",\"dateModified\":\"2023-02-13T09:25:35+00:00\",\"breadcrumb\":{\"@id\":\"http:\/\/fapacastello.com\/es\/event\/taller-de-foment-de-la-lectura\/#breadcrumb\"},\"inLanguage\":\"es\",\"potentialAction\":[{\"@type\":\"ReadAction\",\"target\":[\"http:\/\/fapacastello.com\/es\/event\/taller-de-foment-de-la-lectura\/\"]}]},{\"@type\":\"BreadcrumbList\",\"@id\":\"http:\/\/fapacastello.com\/es\/event\/taller-de-foment-de-la-lectura\/#breadcrumb\",\"itemListElement\":[{\"@type\":\"ListItem\",\"position\":1,\"name\":\"Portada\",\"item\":\"http:\/\/fapacastello.com\/es\/\"},{\"@type\":\"ListItem\",\"position\":2,\"name\":\"Taller de fomento de la lectura\"}]}]}<\/script>\n<!-- \/ Yoast SEO plugin. -->","yoast_head_json":{"title":"Taller de fomento de la lectura | FAMPA Castell\u00f3 Penyagolosa","robots":{"index":"index","follow":"follow","max-snippet":"max-snippet:-1","max-image-preview":"max-image-preview:large","max-video-preview":"max-video-preview:-1"},"canonical":"http:\/\/fapacastello.com\/es\/event\/taller-de-foment-de-la-lectura\/","og_locale":"es_ES","og_type":"article","og_title":"Taller de fomento de la lectura | FAMPA Castell\u00f3 Penyagolosa","og_description":"La Confederaci\u00f3 Gonzalo Anaya ha programado un taller para el fomento de la lectura. Se realizar\u00e1 el 23 de febrero de 18 h a 20 h de manera telem\u00e1tica. La inscripci\u00f3n se podr\u00e1 realizar hasta el 12 de enero:","og_url":"http:\/\/fapacastello.com\/es\/event\/taller-de-foment-de-la-lectura\/","og_site_name":"FAMPA Castell\u00f3 Penyagolosa","article_publisher":"http:\/\/www.facebook.com\/fapa.penyagolosa","article_modified_time":"2023-02-13T09:25:35+00:00","og_image":[{"width":960,"height":540,"url":"http:\/\/fapacastello.com\/wp-content\/uploads\/2023\/01\/327233376_1228037867787372_7743348653524914860_n-1.jpg","type":"image\/jpeg"}],"author":"Raquel Garc\u00eda","twitter_card":"summary","twitter_site":"@FAMPACS","twitter_misc":{"Tiempo de lectura":"1 minuto"},"schema":{"@context":"https:\/\/schema.org","@graph":[{"@type":"WebSite","@id":"http:\/\/fapacastello.com\/es\/#website","url":"http:\/\/fapacastello.com\/es\/","name":"FAMPA Castell\u00f3 Penyagolosa","description":"Fapa-Castell\u00f3n Penyagolosa. Federaci\u00f3n de Asociaciones de Padres i Madres de Alumnos Provincia de Castell\u00f3n.","potentialAction":[{"@type":"SearchAction","target":{"@type":"EntryPoint","urlTemplate":"http:\/\/fapacastello.com\/es\/?s={search_term_string}"},"query-input":"required name=search_term_string"}],"inLanguage":"es"},{"@type":"ImageObject","inLanguage":"es","@id":"http:\/\/fapacastello.com\/es\/event\/taller-de-foment-de-la-lectura\/#primaryimage","url":"http:\/\/fapacastello.com\/wp-content\/uploads\/2023\/01\/327233376_1228037867787372_7743348653524914860_n-1.jpg","contentUrl":"http:\/\/fapacastello.com\/wp-content\/uploads\/2023\/01\/327233376_1228037867787372_7743348653524914860_n-1.jpg","width":960,"height":540},{"@type":"WebPage","@id":"http:\/\/fapacastello.com\/es\/event\/taller-de-foment-de-la-lectura\/#webpage","url":"http:\/\/fapacastello.com\/es\/event\/taller-de-foment-de-la-lectura\/","name":"Taller de fomento de la lectura | FAMPA Castell\u00f3 Penyagolosa","isPartOf":{"@id":"http:\/\/fapacastello.com\/es\/#website"},"primaryImageOfPage":{"@id":"http:\/\/fapacastello.com\/es\/event\/taller-de-foment-de-la-lectura\/#primaryimage"},"datePublished":"2023-01-11T18:23:46+00:00","dateModified":"2023-02-13T09:25:35+00:00","breadcrumb":{"@id":"http:\/\/fapacastello.com\/es\/event\/taller-de-foment-de-la-lectura\/#breadcrumb"},"inLanguage":"es","potentialAction":[{"@type":"ReadAction","target":["http:\/\/fapacastello.com\/es\/event\/taller-de-foment-de-la-lectura\/"]}]},{"@type":"BreadcrumbList","@id":"http:\/\/fapacastello.com\/es\/event\/taller-de-foment-de-la-lectura\/#breadcrumb","itemListElement":[{"@type":"ListItem","position":1,"name":"Portada","item":"http:\/\/fapacastello.com\/es\/"},{"@type":"ListItem","position":2,"name":"Taller de fomento de la lectura"}]}]}},"_links":{"self":[{"href":"http:\/\/fapacastello.com\/es\/wp-json\/wp\/v2\/event_listing\/9403"}],"collection":[{"href":"http:\/\/fapacastello.com\/es\/wp-json\/wp\/v2\/event_listing"}],"about":[{"href":"http:\/\/fapacastello.com\/es\/wp-json\/wp\/v2\/types\/event_listing"}],"wp:featuredmedia":[{"embeddable":true,"href":"http:\/\/fapacastello.com\/es\/wp-json\/wp\/v2\/media\/9640"}],"wp:attachment":[{"href":"http:\/\/fapacastello.com\/es\/wp-json\/wp\/v2\/media?parent=9403"}],"wp:term":[{"taxonomy":"event_listing_category","embeddable":true,"href":"http:\/\/fapacastello.com\/es\/wp-json\/wp\/v2\/event_listing_category?post=9403"},{"taxonomy":"event_listing_type","embeddable":true,"href":"http:\/\/fapacastello.com\/es\/wp-json\/wp\/v2\/event_listing_type?post=9403"}],"curies":[{"name":"wp","href":"https:\/\/api.w.org\/{rel}","templated":true}]}}

<p>La Confederació Gonzalo Anaya ha programado un taller para el fomento de la lectura.</p>



<p>Se realizará el 23 de febrero de 18 h a 20 h de manera telemática.</p>



<p>La inscripción se podrá realizar hasta el 12 de enero: </p>



<figure class="wp-block-image size-full"><img loading="lazy" width="960" height="540" src="http://fapacastello.com/wp-content/uploads/2023/01/327233376_1228037867787372_7743348653524914860_n.jpg" alt="" class="wp-image-9527" srcset="http://fapacastello.com/wp-content/uploads/2023/01/327233376_1228037867787372_7743348653524914860_n.jpg 960w, http://fapacastello.com/wp-content/uploads/2023/01/327233376_1228037867787372_7743348653524914860_n-300x169.jpg 300w, http://fapacastello.com/wp-content/uploads/2023/01/327233376_1228037867787372_7743348653524914860_n-768x432.jpg 768w, http://fapacastello.com/wp-content/uploads/2023/01/327233376_1228037867787372_7743348653524914860_n-260x146.jpg 260w, http://fapacastello.com/wp-content/uploads/2023/01/327233376_1228037867787372_7743348653524914860_n-50x28.jpg 50w, http://fapacastello.com/wp-content/uploads/2023/01/327233376_1228037867787372_7743348653524914860_n-133x75.jpg 133w" sizes="(max-width: 960px) 100vw, 960px" /></figure>

<!-- This site is optimized with the Yoast SEO plugin v19.2 - https://yoast.com/wordpress/plugins/seo/ -->
<title>Taller de fomento de la lectura | FAMPA Castelló Penyagolosa</title>
<meta name="robots" content="index, follow, max-snippet:-1, max-image-preview:large, max-video-preview:-1" />
<link rel="canonical" href="http://fapacastello.com/es/event/taller-de-foment-de-la-lectura/" />
<meta property="og:locale" content="es_ES" />
<meta property="og:type" content="article" />
<meta property="og:title" content="Taller de fomento de la lectura | FAMPA Castelló Penyagolosa" />
<meta property="og:description" content="La Confederació Gonzalo Anaya ha programado un taller para el fomento de la lectura. Se realizará el 23 de febrero de 18 h a 20 h de manera telemática. La inscripción se podrá realizar hasta el 12 de enero:" />
<meta property="og:url" content="http://fapacastello.com/es/event/taller-de-foment-de-la-lectura/" />
<meta property="og:site_name" content="FAMPA Castelló Penyagolosa" />
<meta property="article:publisher" content="http://www.facebook.com/fapa.penyagolosa" />
<meta property="article:modified_time" content="2023-02-13T09:25:35+00:00" />
<meta property="og:image" content="http://fapacastello.com/wp-content/uploads/2023/01/327233376_1228037867787372_7743348653524914860_n-1.jpg" />
	<meta property="og:image:width" content="960" />
	<meta property="og:image:height" content="540" />
	<meta property="og:image:type" content="image/jpeg" />
<meta name="author" content="Raquel García" />
<meta name="twitter:card" content="summary" />
<meta name="twitter:site" content="@FAMPACS" />
<meta name="twitter:label1" content="Tiempo de lectura" />
	<meta name="twitter:data1" content="1 minuto" />
<script type="application/ld+json" class="yoast-schema-graph">{"@context":"https://schema.org","@graph":[{"@type":"WebSite","@id":"http://fapacastello.com/es/#website","url":"http://fapacastello.com/es/","name":"FAMPA Castelló Penyagolosa","description":"Fapa-Castellón Penyagolosa. Federación de Asociaciones de Padres i Madres de Alumnos Provincia de Castellón.","potentialAction":[{"@type":"SearchAction","target":{"@type":"EntryPoint","urlTemplate":"http://fapacastello.com/es/?s={search_term_string}"},"query-input":"required name=search_term_string"}],"inLanguage":"es"},{"@type":"ImageObject","inLanguage":"es","@id":"http://fapacastello.com/es/event/taller-de-foment-de-la-lectura/#primaryimage","url":"http://fapacastello.com/wp-content/uploads/2023/01/327233376_1228037867787372_7743348653524914860_n-1.jpg","contentUrl":"http://fapacastello.com/wp-content/uploads/2023/01/327233376_1228037867787372_7743348653524914860_n-1.jpg","width":960,"height":540},{"@type":"WebPage","@id":"http://fapacastello.com/es/event/taller-de-foment-de-la-lectura/#webpage","url":"http://fapacastello.com/es/event/taller-de-foment-de-la-lectura/","name":"Taller de fomento de la lectura | FAMPA Castelló Penyagolosa","isPartOf":{"@id":"http://fapacastello.com/es/#website"},"primaryImageOfPage":{"@id":"http://fapacastello.com/es/event/taller-de-foment-de-la-lectura/#primaryimage"},"datePublished":"2023-01-11T18:23:46+00:00","dateModified":"2023-02-13T09:25:35+00:00","breadcrumb":{"@id":"http://fapacastello.com/es/event/taller-de-foment-de-la-lectura/#breadcrumb"},"inLanguage":"es","potentialAction":[{"@type":"ReadAction","target":["http://fapacastello.com/es/event/taller-de-foment-de-la-lectura/"]}]},{"@type":"BreadcrumbList","@id":"http://fapacastello.com/es/event/taller-de-foment-de-la-lectura/#breadcrumb","itemListElement":[{"@type":"ListItem","position":1,"name":"Portada","item":"http://fapacastello.com/es/"},{"@type":"ListItem","position":2,"name":"Taller de fomento de la lectura"}]}]}</script>
<!-- / Yoast SEO plugin. -->

Taller de fomento de la lectura | FAMPA Castelló Penyagolosa

La Confederació Gonzalo Anaya ha programado un taller para el fomento de la lectura. Se realizará el 23 de febrero de 18 h a 20 h de manera telemática. La inscripción se podrá realizar hasta el 12 de enero:

FAMPA Castelló Penyagolosa

Raquel García

Fapa-Castellón Penyagolosa. Federación de Asociaciones de Padres i Madres de Alumnos Provincia de Castellón.
