

{"id":9978,"date":"2023-04-12T11:07:09","date_gmt":"2023-04-12T09:07:09","guid":{"rendered":"http:\/\/fapacastello.com\/?post_type=event_listing&#038;p=9978\/"},"modified":"2023-04-12T11:08:36","modified_gmt":"2023-04-12T09:08:36","slug":"taller-destimulacio-de-la-lectoescriptura-a-casa-2","status":"publish","type":"event_listing","link":"http:\/\/fapacastello.com\/es\/event\/taller-destimulacio-de-la-lectoescriptura-a-casa-2\/","title":{"rendered":"Taller de estimulaci\u00f3n de la lectoescritura en casa"},"content":{"rendered":"\n<figure class=\"wp-block-image size-large\"><img loading=\"lazy\" width=\"724\" height=\"1024\" src=\"http:\/\/fapacastello.com\/wp-content\/uploads\/2023\/04\/2-724x1024.jpg\" alt=\"\" class=\"wp-image-9968\" srcset=\"http:\/\/fapacastello.com\/wp-content\/uploads\/2023\/04\/2-724x1024.jpg 724w, http:\/\/fapacastello.com\/wp-content\/uploads\/2023\/04\/2-212x300.jpg 212w, http:\/\/fapacastello.com\/wp-content\/uploads\/2023\/04\/2-768x1086.jpg 768w, http:\/\/fapacastello.com\/wp-content\/uploads\/2023\/04\/2-1086x1536.jpg 1086w, http:\/\/fapacastello.com\/wp-content\/uploads\/2023\/04\/2-1448x2048.jpg 1448w, http:\/\/fapacastello.com\/wp-content\/uploads\/2023\/04\/2-103x146.jpg 103w, http:\/\/fapacastello.com\/wp-content\/uploads\/2023\/04\/2-35x50.jpg 35w, http:\/\/fapacastello.com\/wp-content\/uploads\/2023\/04\/2-53x75.jpg 53w, http:\/\/fapacastello.com\/wp-content\/uploads\/2023\/04\/2-300x424.jpg 300w, http:\/\/fapacastello.com\/wp-content\/uploads\/2023\/04\/2.jpg 1587w\" sizes=\"(max-width: 724px) 100vw, 724px\" \/><\/figure>\n","protected":false},"featured_media":9954,"template":"","meta":[],"event_listing_category":[],"event_listing_type":[],"yoast_head":"<!-- This site is optimized with the Yoast SEO plugin v19.2 - https:\/\/yoast.com\/wordpress\/plugins\/seo\/ -->\n<title>Taller de estimulaci\u00f3n de la lectoescritura en casa<\/title>\n<meta name=\"description\" content=\"La federaci\u00f3n, con la formadora Judith Gallardo, organiza el taller en l\u00ednea &quot;Estimulaci\u00f3n de la lectoescritura a casa&quot; para familias.\" \/>\n<meta name=\"robots\" content=\"index, follow, max-snippet:-1, max-image-preview:large, max-video-preview:-1\" \/>\n<link rel=\"canonical\" href=\"https:\/\/fapacastello.com\/es\/event\/taller-destimulacio-de-la-lectoescriptura-a-casa-2\/\" \/>\n<meta property=\"og:locale\" content=\"es_ES\" \/>\n<meta property=\"og:type\" content=\"article\" \/>\n<meta property=\"og:title\" content=\"Taller de estimulaci\u00f3n de la lectoescritura en casa\" \/>\n<meta property=\"og:description\" content=\"La federaci\u00f3n, con la formadora Judith Gallardo, organiza el taller en l\u00ednea &quot;Estimulaci\u00f3n de la lectoescritura a casa&quot; para familias.\" \/>\n<meta property=\"og:url\" content=\"https:\/\/fapacastello.com\/es\/event\/taller-destimulacio-de-la-lectoescriptura-a-casa-2\/\" \/>\n<meta property=\"og:site_name\" content=\"FAMPA Castell\u00f3 Penyagolosa\" \/>\n<meta property=\"article:publisher\" content=\"http:\/\/www.facebook.com\/fapa.penyagolosa\" \/>\n<meta property=\"article:modified_time\" content=\"2023-04-12T09:08:36+00:00\" \/>\n<meta property=\"og:image\" content=\"https:\/\/fapacastello.com\/wp-content\/uploads\/2023\/04\/BANNERS-WEB-2.jpg\" \/>\n\t<meta property=\"og:image:width\" content=\"2000\" \/>\n\t<meta property=\"og:image:height\" content=\"875\" \/>\n\t<meta property=\"og:image:type\" content=\"image\/jpeg\" \/>\n<meta name=\"author\" content=\"Raquel Garc\u00eda\" \/>\n<meta name=\"twitter:card\" content=\"summary\" \/>\n<meta name=\"twitter:site\" content=\"@FAMPACS\" \/>\n<meta name=\"twitter:label1\" content=\"Tiempo de lectura\" \/>\n\t<meta name=\"twitter:data1\" content=\"1 minuto\" \/>\n<script type=\"application\/ld+json\" class=\"yoast-schema-graph\">{\"@context\":\"https:\/\/schema.org\",\"@graph\":[{\"@type\":\"WebSite\",\"@id\":\"http:\/\/fapacastello.com\/es\/#website\",\"url\":\"http:\/\/fapacastello.com\/es\/\",\"name\":\"FAMPA Castell\u00f3 Penyagolosa\",\"description\":\"Fapa-Castell\u00f3n Penyagolosa. Federaci\u00f3n de Asociaciones de Padres i Madres de Alumnos Provincia de Castell\u00f3n.\",\"potentialAction\":[{\"@type\":\"SearchAction\",\"target\":{\"@type\":\"EntryPoint\",\"urlTemplate\":\"http:\/\/fapacastello.com\/es\/?s={search_term_string}\"},\"query-input\":\"required name=search_term_string\"}],\"inLanguage\":\"es\"},{\"@type\":\"ImageObject\",\"inLanguage\":\"es\",\"@id\":\"https:\/\/fapacastello.com\/es\/event\/taller-destimulacio-de-la-lectoescriptura-a-casa-2\/#primaryimage\",\"url\":\"http:\/\/fapacastello.com\/wp-content\/uploads\/2023\/04\/BANNERS-WEB-2.jpg\",\"contentUrl\":\"http:\/\/fapacastello.com\/wp-content\/uploads\/2023\/04\/BANNERS-WEB-2.jpg\",\"width\":2000,\"height\":875},{\"@type\":\"WebPage\",\"@id\":\"https:\/\/fapacastello.com\/es\/event\/taller-destimulacio-de-la-lectoescriptura-a-casa-2\/#webpage\",\"url\":\"https:\/\/fapacastello.com\/es\/event\/taller-destimulacio-de-la-lectoescriptura-a-casa-2\/\",\"name\":\"Taller de estimulaci\u00f3n de la lectoescritura en casa\",\"isPartOf\":{\"@id\":\"http:\/\/fapacastello.com\/es\/#website\"},\"primaryImageOfPage\":{\"@id\":\"https:\/\/fapacastello.com\/es\/event\/taller-destimulacio-de-la-lectoescriptura-a-casa-2\/#primaryimage\"},\"datePublished\":\"2023-04-12T09:07:09+00:00\",\"dateModified\":\"2023-04-12T09:08:36+00:00\",\"description\":\"La federaci\u00f3n, con la formadora Judith Gallardo, organiza el taller en l\u00ednea \\\"Estimulaci\u00f3n de la lectoescritura a casa\\\" para familias.\",\"breadcrumb\":{\"@id\":\"https:\/\/fapacastello.com\/es\/event\/taller-destimulacio-de-la-lectoescriptura-a-casa-2\/#breadcrumb\"},\"inLanguage\":\"es\",\"potentialAction\":[{\"@type\":\"ReadAction\",\"target\":[\"https:\/\/fapacastello.com\/es\/event\/taller-destimulacio-de-la-lectoescriptura-a-casa-2\/\"]}]},{\"@type\":\"BreadcrumbList\",\"@id\":\"https:\/\/fapacastello.com\/es\/event\/taller-destimulacio-de-la-lectoescriptura-a-casa-2\/#breadcrumb\",\"itemListElement\":[{\"@type\":\"ListItem\",\"position\":1,\"name\":\"Portada\",\"item\":\"http:\/\/fapacastello.com\/es\/\"},{\"@type\":\"ListItem\",\"position\":2,\"name\":\"Taller de estimulaci\u00f3n de la lectoescritura en casa\"}]}]}<\/script>\n<!-- \/ Yoast SEO plugin. -->","yoast_head_json":{"title":"Taller de estimulaci\u00f3n de la lectoescritura en casa","description":"La federaci\u00f3n, con la formadora Judith Gallardo, organiza el taller en l\u00ednea \"Estimulaci\u00f3n de la lectoescritura a casa\" para familias.","robots":{"index":"index","follow":"follow","max-snippet":"max-snippet:-1","max-image-preview":"max-image-preview:large","max-video-preview":"max-video-preview:-1"},"canonical":"https:\/\/fapacastello.com\/es\/event\/taller-destimulacio-de-la-lectoescriptura-a-casa-2\/","og_locale":"es_ES","og_type":"article","og_title":"Taller de estimulaci\u00f3n de la lectoescritura en casa","og_description":"La federaci\u00f3n, con la formadora Judith Gallardo, organiza el taller en l\u00ednea \"Estimulaci\u00f3n de la lectoescritura a casa\" para familias.","og_url":"https:\/\/fapacastello.com\/es\/event\/taller-destimulacio-de-la-lectoescriptura-a-casa-2\/","og_site_name":"FAMPA Castell\u00f3 Penyagolosa","article_publisher":"http:\/\/www.facebook.com\/fapa.penyagolosa","article_modified_time":"2023-04-12T09:08:36+00:00","og_image":[{"width":2000,"height":875,"url":"https:\/\/fapacastello.com\/wp-content\/uploads\/2023\/04\/BANNERS-WEB-2.jpg","type":"image\/jpeg"}],"author":"Raquel Garc\u00eda","twitter_card":"summary","twitter_site":"@FAMPACS","twitter_misc":{"Tiempo de lectura":"1 minuto"},"schema":{"@context":"https:\/\/schema.org","@graph":[{"@type":"WebSite","@id":"http:\/\/fapacastello.com\/es\/#website","url":"http:\/\/fapacastello.com\/es\/","name":"FAMPA Castell\u00f3 Penyagolosa","description":"Fapa-Castell\u00f3n Penyagolosa. Federaci\u00f3n de Asociaciones de Padres i Madres de Alumnos Provincia de Castell\u00f3n.","potentialAction":[{"@type":"SearchAction","target":{"@type":"EntryPoint","urlTemplate":"http:\/\/fapacastello.com\/es\/?s={search_term_string}"},"query-input":"required name=search_term_string"}],"inLanguage":"es"},{"@type":"ImageObject","inLanguage":"es","@id":"https:\/\/fapacastello.com\/es\/event\/taller-destimulacio-de-la-lectoescriptura-a-casa-2\/#primaryimage","url":"http:\/\/fapacastello.com\/wp-content\/uploads\/2023\/04\/BANNERS-WEB-2.jpg","contentUrl":"http:\/\/fapacastello.com\/wp-content\/uploads\/2023\/04\/BANNERS-WEB-2.jpg","width":2000,"height":875},{"@type":"WebPage","@id":"https:\/\/fapacastello.com\/es\/event\/taller-destimulacio-de-la-lectoescriptura-a-casa-2\/#webpage","url":"https:\/\/fapacastello.com\/es\/event\/taller-destimulacio-de-la-lectoescriptura-a-casa-2\/","name":"Taller de estimulaci\u00f3n de la lectoescritura en casa","isPartOf":{"@id":"http:\/\/fapacastello.com\/es\/#website"},"primaryImageOfPage":{"@id":"https:\/\/fapacastello.com\/es\/event\/taller-destimulacio-de-la-lectoescriptura-a-casa-2\/#primaryimage"},"datePublished":"2023-04-12T09:07:09+00:00","dateModified":"2023-04-12T09:08:36+00:00","description":"La federaci\u00f3n, con la formadora Judith Gallardo, organiza el taller en l\u00ednea \"Estimulaci\u00f3n de la lectoescritura a casa\" para familias.","breadcrumb":{"@id":"https:\/\/fapacastello.com\/es\/event\/taller-destimulacio-de-la-lectoescriptura-a-casa-2\/#breadcrumb"},"inLanguage":"es","potentialAction":[{"@type":"ReadAction","target":["https:\/\/fapacastello.com\/es\/event\/taller-destimulacio-de-la-lectoescriptura-a-casa-2\/"]}]},{"@type":"BreadcrumbList","@id":"https:\/\/fapacastello.com\/es\/event\/taller-destimulacio-de-la-lectoescriptura-a-casa-2\/#breadcrumb","itemListElement":[{"@type":"ListItem","position":1,"name":"Portada","item":"http:\/\/fapacastello.com\/es\/"},{"@type":"ListItem","position":2,"name":"Taller de estimulaci\u00f3n de la lectoescritura en casa"}]}]}},"_links":{"self":[{"href":"http:\/\/fapacastello.com\/es\/wp-json\/wp\/v2\/event_listing\/9978"}],"collection":[{"href":"http:\/\/fapacastello.com\/es\/wp-json\/wp\/v2\/event_listing"}],"about":[{"href":"http:\/\/fapacastello.com\/es\/wp-json\/wp\/v2\/types\/event_listing"}],"wp:featuredmedia":[{"embeddable":true,"href":"http:\/\/fapacastello.com\/es\/wp-json\/wp\/v2\/media\/9954"}],"wp:attachment":[{"href":"http:\/\/fapacastello.com\/es\/wp-json\/wp\/v2\/media?parent=9978"}],"wp:term":[{"taxonomy":"event_listing_category","embeddable":true,"href":"http:\/\/fapacastello.com\/es\/wp-json\/wp\/v2\/event_listing_category?post=9978"},{"taxonomy":"event_listing_type","embeddable":true,"href":"http:\/\/fapacastello.com\/es\/wp-json\/wp\/v2\/event_listing_type?post=9978"}],"curies":[{"name":"wp","href":"https:\/\/api.w.org\/{rel}","templated":true}]}}

Taller de estimulación de la lectoescritura en casa

<!-- This site is optimized with the Yoast SEO plugin v19.2 - https://yoast.com/wordpress/plugins/seo/ -->
<title>Taller de estimulación de la lectoescritura en casa</title>
<meta name="description" content="La federación, con la formadora Judith Gallardo, organiza el taller en línea &quot;Estimulación de la lectoescritura a casa&quot; para familias." />
<meta name="robots" content="index, follow, max-snippet:-1, max-image-preview:large, max-video-preview:-1" />
<link rel="canonical" href="https://fapacastello.com/es/event/taller-destimulacio-de-la-lectoescriptura-a-casa-2/" />
<meta property="og:locale" content="es_ES" />
<meta property="og:type" content="article" />
<meta property="og:title" content="Taller de estimulación de la lectoescritura en casa" />
<meta property="og:description" content="La federación, con la formadora Judith Gallardo, organiza el taller en línea &quot;Estimulación de la lectoescritura a casa&quot; para familias." />
<meta property="og:url" content="https://fapacastello.com/es/event/taller-destimulacio-de-la-lectoescriptura-a-casa-2/" />
<meta property="og:site_name" content="FAMPA Castelló Penyagolosa" />
<meta property="article:publisher" content="http://www.facebook.com/fapa.penyagolosa" />
<meta property="article:modified_time" content="2023-04-12T09:08:36+00:00" />
<meta property="og:image" content="https://fapacastello.com/wp-content/uploads/2023/04/BANNERS-WEB-2.jpg" />
	<meta property="og:image:width" content="2000" />
	<meta property="og:image:height" content="875" />
	<meta property="og:image:type" content="image/jpeg" />
<meta name="author" content="Raquel García" />
<meta name="twitter:card" content="summary" />
<meta name="twitter:site" content="@FAMPACS" />
<meta name="twitter:label1" content="Tiempo de lectura" />
	<meta name="twitter:data1" content="1 minuto" />
<script type="application/ld+json" class="yoast-schema-graph">{"@context":"https://schema.org","@graph":[{"@type":"WebSite","@id":"http://fapacastello.com/es/#website","url":"http://fapacastello.com/es/","name":"FAMPA Castelló Penyagolosa","description":"Fapa-Castellón Penyagolosa. Federación de Asociaciones de Padres i Madres de Alumnos Provincia de Castellón.","potentialAction":[{"@type":"SearchAction","target":{"@type":"EntryPoint","urlTemplate":"http://fapacastello.com/es/?s={search_term_string}"},"query-input":"required name=search_term_string"}],"inLanguage":"es"},{"@type":"ImageObject","inLanguage":"es","@id":"https://fapacastello.com/es/event/taller-destimulacio-de-la-lectoescriptura-a-casa-2/#primaryimage","url":"http://fapacastello.com/wp-content/uploads/2023/04/BANNERS-WEB-2.jpg","contentUrl":"http://fapacastello.com/wp-content/uploads/2023/04/BANNERS-WEB-2.jpg","width":2000,"height":875},{"@type":"WebPage","@id":"https://fapacastello.com/es/event/taller-destimulacio-de-la-lectoescriptura-a-casa-2/#webpage","url":"https://fapacastello.com/es/event/taller-destimulacio-de-la-lectoescriptura-a-casa-2/","name":"Taller de estimulación de la lectoescritura en casa","isPartOf":{"@id":"http://fapacastello.com/es/#website"},"primaryImageOfPage":{"@id":"https://fapacastello.com/es/event/taller-destimulacio-de-la-lectoescriptura-a-casa-2/#primaryimage"},"datePublished":"2023-04-12T09:07:09+00:00","dateModified":"2023-04-12T09:08:36+00:00","description":"La federación, con la formadora Judith Gallardo, organiza el taller en línea \"Estimulación de la lectoescritura a casa\" para familias.","breadcrumb":{"@id":"https://fapacastello.com/es/event/taller-destimulacio-de-la-lectoescriptura-a-casa-2/#breadcrumb"},"inLanguage":"es","potentialAction":[{"@type":"ReadAction","target":["https://fapacastello.com/es/event/taller-destimulacio-de-la-lectoescriptura-a-casa-2/"]}]},{"@type":"BreadcrumbList","@id":"https://fapacastello.com/es/event/taller-destimulacio-de-la-lectoescriptura-a-casa-2/#breadcrumb","itemListElement":[{"@type":"ListItem","position":1,"name":"Portada","item":"http://fapacastello.com/es/"},{"@type":"ListItem","position":2,"name":"Taller de estimulación de la lectoescritura en casa"}]}]}</script>
<!-- / Yoast SEO plugin. -->

La federación, con la formadora Judith Gallardo, organiza el taller en línea "Estimulación de la lectoescritura a casa" para familias.

FAMPA Castelló Penyagolosa

Raquel García

Fapa-Castellón Penyagolosa. Federación de Asociaciones de Padres i Madres de Alumnos Provincia de Castellón.
