

{"version":"1.0","provider_name":"FAMPA Castell\u00f3 Penyagolosa","provider_url":"https:\/\/fapacastello.com\/es","author_name":"FAMPA Castell\u00f3","author_url":"https:\/\/fapacastello.com\/es\/author\/fapacas\/","title":"FAMPA Castell\u00f3 apoya a ni\u00f1as y ni\u00f1os refugiados | FAMPA Castell\u00f3 Penyagolosa","type":"rich","width":600,"height":338,"html":"<blockquote class=\"wp-embedded-content\" data-secret=\"AsBkPsPSLg\"><a href=\"https:\/\/fapacastello.com\/es\/2022\/03\/09\/fampa-castello-apoya-ninas-y-ninos-refugiados\/\">FAMPA Castell\u00f3 apoya a ni\u00f1as y ni\u00f1os refugiados<\/a><\/blockquote><iframe sandbox=\"allow-scripts\" security=\"restricted\" src=\"https:\/\/fapacastello.com\/es\/2022\/03\/09\/fampa-castello-apoya-ninas-y-ninos-refugiados\/embed\/#?secret=AsBkPsPSLg\" width=\"600\" height=\"338\" title=\"\u00abFAMPA Castell\u00f3 apoya a ni\u00f1as y ni\u00f1os refugiados\u00bb \u2014 FAMPA Castell\u00f3 Penyagolosa\" data-secret=\"AsBkPsPSLg\" frameborder=\"0\" marginwidth=\"0\" marginheight=\"0\" scrolling=\"no\" class=\"wp-embedded-content\"><\/iframe><script type=\"text\/javascript\">\n\/*! This file is auto-generated *\/\n!function(c,d){\"use strict\";var e=!1,o=!1;if(d.querySelector)if(c.addEventListener)e=!0;if(c.wp=c.wp||{},c.wp.receiveEmbedMessage);else if(c.wp.receiveEmbedMessage=function(e){var t=e.data;if(!t);else if(!(t.secret||t.message||t.value));else if(\/[^a-zA-Z0-9]\/.test(t.secret));else{for(var r,s,a,i=d.querySelectorAll('iframe[data-secret=\"'+t.secret+'\"]'),n=d.querySelectorAll('blockquote[data-secret=\"'+t.secret+'\"]'),o=new RegExp(\"^https?:$\",\"i\"),l=0;l<n.length;l++)n[l].style.display=\"none\";for(l=0;l<i.length;l++)if(r=i[l],e.source!==r.contentWindow);else{if(r.removeAttribute(\"style\"),\"height\"===t.message){if(1e3<(s=parseInt(t.value,10)))s=1e3;else if(~~s<200)s=200;r.height=s}if(\"link\"===t.message)if(s=d.createElement(\"a\"),a=d.createElement(\"a\"),s.href=r.getAttribute(\"src\"),a.href=t.value,!o.test(a.protocol));else if(a.host===s.host)if(d.activeElement===r)c.top.location.href=t.value}}},e)c.addEventListener(\"message\",c.wp.receiveEmbedMessage,!1),d.addEventListener(\"DOMContentLoaded\",t,!1),c.addEventListener(\"load\",t,!1);function t(){if(o);else{o=!0;for(var e,t,r,s=-1!==navigator.appVersion.indexOf(\"MSIE 10\"),a=!!navigator.userAgent.match(\/Trident.*rv:11\\.\/),i=d.querySelectorAll(\"iframe.wp-embedded-content\"),n=0;n<i.length;n++){if(!(r=(t=i[n]).getAttribute(\"data-secret\")))r=Math.random().toString(36).substr(2,10),t.src+=\"#?secret=\"+r,t.setAttribute(\"data-secret\",r);if(s||a)(e=t.cloneNode(!0)).removeAttribute(\"security\"),t.parentNode.replaceChild(e,t);t.contentWindow.postMessage({message:\"ready\",secret:r},\"*\")}}}}(window,document);\n<\/script>\n","thumbnail_url":"https:\/\/fapacastello.com\/wp-content\/uploads\/2016\/01\/CAS_ico_servicios_Comunicacion2.png","thumbnail_width":325,"thumbnail_height":240,"description":"Los centros de la provincia se preparan para recibir nuevo alumnado FAMPA Castell\u00f3 Penyagolosa apoya a las familias y menores que llegan a los municipios de la provincia e insta a la poblaci\u00f3n a fomentar la inclusi\u00f3n en todos los \u00e1mbitos, sobre todo el educativo. Las instituciones tienen que ser conscientes de que tienen que velar por el bienestar de los ni\u00f1os, ni\u00f1as y adolescentes y dar respuesta a sus necesidades. Por tanto, se tiene que prever ya como dar respuesta al aumento de la escolarizaci\u00f3n en esta recta final del curso. La federaci\u00f3n reivindica la urgencia de planificar la adaptaci\u00f3n de los menores, en la medida de lo posible, y de conseguir la plena inclusi\u00f3n. Por eso, es necesario que estas personas tengan la oportunidad de seguir form\u00e1ndose en una escuela, como defiende FAMPA Castell\u00f3, acogedora, inclusiva, abierta, p\u00fablica y de calidad. Finalmente, animamos a las familias a colaborar con la recogida solidaria en materia de ayuda humanitaria que realizan sus centros educativos (colegios, institutos) y los ayuntamientos, preferiblemente en puntos oficiales y centralizados."}

FAMPA Castelló Penyagolosa

FAMPA Castelló

FAMPA Castelló apoya a niñas y niños refugiados | FAMPA Castelló Penyagolosa

<blockquote class="wp-embedded-content" data-secret="AsBkPsPSLg"><a href="https://fapacastello.com/es/2022/03/09/fampa-castello-apoya-ninas-y-ninos-refugiados/">FAMPA Castelló apoya a niñas y niños refugiados</a></blockquote><iframe sandbox="allow-scripts" security="restricted" src="https://fapacastello.com/es/2022/03/09/fampa-castello-apoya-ninas-y-ninos-refugiados/embed/#?secret=AsBkPsPSLg" width="600" height="338" title="«FAMPA Castelló apoya a niñas y niños refugiados» — FAMPA Castelló Penyagolosa" data-secret="AsBkPsPSLg" frameborder="0" marginwidth="0" marginheight="0" scrolling="no" class="wp-embedded-content"></iframe><script type="text/javascript">
/*! This file is auto-generated */
!function(c,d){"use strict";var e=!1,o=!1;if(d.querySelector)if(c.addEventListener)e=!0;if(c.wp=c.wp||{},c.wp.receiveEmbedMessage);else if(c.wp.receiveEmbedMessage=function(e){var t=e.data;if(!t);else if(!(t.secret||t.message||t.value));else if(/[^a-zA-Z0-9]/.test(t.secret));else{for(var r,s,a,i=d.querySelectorAll('iframe[data-secret="'+t.secret+'"]'),n=d.querySelectorAll('blockquote[data-secret="'+t.secret+'"]'),o=new RegExp("^https?:$","i"),l=0;l<n.length;l++)n[l].style.display="none";for(l=0;l<i.length;l++)if(r=i[l],e.source!==r.contentWindow);else{if(r.removeAttribute("style"),"height"===t.message){if(1e3<(s=parseInt(t.value,10)))s=1e3;else if(~~s<200)s=200;r.height=s}if("link"===t.message)if(s=d.createElement("a"),a=d.createElement("a"),s.href=r.getAttribute("src"),a.href=t.value,!o.test(a.protocol));else if(a.host===s.host)if(d.activeElement===r)c.top.location.href=t.value}}},e)c.addEventListener("message",c.wp.receiveEmbedMessage,!1),d.addEventListener("DOMContentLoaded",t,!1),c.addEventListener("load",t,!1);function t(){if(o);else{o=!0;for(var e,t,r,s=-1!==navigator.appVersion.indexOf("MSIE 10"),a=!!navigator.userAgent.match(/Trident.*rv:11\./),i=d.querySelectorAll("iframe.wp-embedded-content"),n=0;n<i.length;n++){if(!(r=(t=i[n]).getAttribute("data-secret")))r=Math.random().toString(36).substr(2,10),t.src+="#?secret="+r,t.setAttribute("data-secret",r);if(s||a)(e=t.cloneNode(!0)).removeAttribute("security"),t.parentNode.replaceChild(e,t);t.contentWindow.postMessage({message:"ready",secret:r},"*")}}}}(window,document);
</script>

Los centros de la provincia se preparan para recibir nuevo alumnado FAMPA Castelló Penyagolosa apoya a las familias y menores que llegan a los municipios de la provincia e insta a la población a fomentar la inclusión en todos los ámbitos, sobre todo el educativo. Las instituciones tienen que ser conscientes de que tienen que velar por el bienestar de los niños, niñas y adolescentes y dar respuesta a sus necesidades. Por tanto, se tiene que prever ya como dar respuesta al aumento de la escolarización en esta recta final del curso. La federación reivindica la urgencia de planificar la adaptación de los menores, en la medida de lo posible, y de conseguir la plena inclusión. Por eso, es necesario que estas personas tengan la oportunidad de seguir formándose en una escuela, como defiende FAMPA Castelló, acogedora, inclusiva, abierta, pública y de calidad. Finalmente, animamos a las familias a colaborar con la recogida solidaria en materia de ayuda humanitaria que realizan sus centros educativos (colegios, institutos) y los ayuntamientos, preferiblemente en puntos oficiales y centralizados.
