

{"id":12324,"date":"2024-04-15T12:08:00","date_gmt":"2024-04-15T10:08:00","guid":{"rendered":"https:\/\/fapacastello.com\/?post_type=event_listing&#038;p=12324\/"},"modified":"2024-04-15T12:10:20","modified_gmt":"2024-04-15T10:10:20","slug":"formacio-estimulacio-de-la-lectoescriptura-a-casa","status":"publish","type":"event_listing","link":"https:\/\/fapacastello.com\/es\/event\/formacio-estimulacio-de-la-lectoescriptura-a-casa\/","title":{"rendered":"Formaci\u00f3n \u201cEstimulaci\u00f3n de la Lectoescritura en Casa\u201d"},"content":{"rendered":"\n<p>El Dia del Libro, 23 de abril a las 18.30 h, la FAMPA Castell\u00f3 Penyagolosa os ofrece la formaci\u00f3n online \u201cEstimulaci\u00f3n de la lectoescritura en casa\u201d.<\/p>\n\n\n\n<p>En el taller, impartido por la formadora i ling\u00fcista Judith Gallardo, nos centraremos en entender el proceso de adquisici\u00f3n de la lectoescritura, adquirir herramientas para apoyar al aprendizaje en el hogar, identificar los errores m\u00e1s comunes en el aprendizaje y aprender a solucionarlos, as\u00ed como tener conocimientos b\u00e1sicos sobre los trastornos de la lectoescritura.<\/p>\n\n\n\n<p><a href=\"https:\/\/us06web.zoom.us\/j\/87611415932?pwd=CqeK27EDLJtLcOHXN9tyAlUolvcf1G.1\">https:\/\/us06web.zoom.us\/j\/87611415932?pwd=CqeK27EDLJtLcOHXN9tyAlUolvcf1G.1<\/a><\/p>\n\n\n\n<figure class=\"wp-container-2 wp-block-gallery-1 wp-block-gallery has-nested-images columns-default is-cropped\">\n<figure class=\"wp-block-image size-large\"><img loading=\"lazy\" width=\"819\" height=\"1024\" data-id=\"12326\"  src=\"https:\/\/fapacastello.com\/wp-content\/uploads\/2024\/04\/Estimulacio\u0301-de-la-lectoescriptura-a-casa-CAS-819x1024.jpg\" alt=\"\" class=\"wp-image-12326\" srcset=\"https:\/\/fapacastello.com\/wp-content\/uploads\/2024\/04\/Estimulacio\u0301-de-la-lectoescriptura-a-casa-CAS-819x1024.jpg 819w, https:\/\/fapacastello.com\/wp-content\/uploads\/2024\/04\/Estimulacio\u0301-de-la-lectoescriptura-a-casa-CAS-240x300.jpg 240w, https:\/\/fapacastello.com\/wp-content\/uploads\/2024\/04\/Estimulacio\u0301-de-la-lectoescriptura-a-casa-CAS-768x960.jpg 768w, https:\/\/fapacastello.com\/wp-content\/uploads\/2024\/04\/Estimulacio\u0301-de-la-lectoescriptura-a-casa-CAS-117x146.jpg 117w, https:\/\/fapacastello.com\/wp-content\/uploads\/2024\/04\/Estimulacio\u0301-de-la-lectoescriptura-a-casa-CAS-40x50.jpg 40w, https:\/\/fapacastello.com\/wp-content\/uploads\/2024\/04\/Estimulacio\u0301-de-la-lectoescriptura-a-casa-CAS-60x75.jpg 60w, https:\/\/fapacastello.com\/wp-content\/uploads\/2024\/04\/Estimulacio\u0301-de-la-lectoescriptura-a-casa-CAS.jpg 1080w\" sizes=\"(max-width: 819px) 100vw, 819px\" \/><\/figure>\n<\/figure>\n","protected":false},"featured_media":12322,"template":"","meta":[],"event_listing_category":[],"event_listing_type":[],"yoast_head":"<!-- This site is optimized with the Yoast SEO plugin v19.2 - https:\/\/yoast.com\/wordpress\/plugins\/seo\/ -->\n<title>Formaci\u00f3n \u201cEstimulaci\u00f3n de la Lectoescritura en Casa\u201d<\/title>\n<meta name=\"description\" content=\"El Dia del Llibre, 23 d&#039;abril a les 18.30 h, la FAMPA Castell\u00f3 Penyagolosa us ofereix la formaci\u00f3 en l\u00ednia \u201cEstimulaci\u00f3 de la lectoescriptura a casa\u201d.\" \/>\n<meta name=\"robots\" content=\"index, follow, max-snippet:-1, max-image-preview:large, max-video-preview:-1\" \/>\n<link rel=\"canonical\" href=\"http:\/\/fapacastello.com\/es\/event\/formacio-estimulacio-de-la-lectoescriptura-a-casa\/\" \/>\n<meta property=\"og:locale\" content=\"es_ES\" \/>\n<meta property=\"og:type\" content=\"article\" \/>\n<meta property=\"og:title\" content=\"Formaci\u00f3n \u201cEstimulaci\u00f3n de la Lectoescritura en Casa\u201d\" \/>\n<meta property=\"og:description\" content=\"El Dia del Llibre, 23 d&#039;abril a les 18.30 h, la FAMPA Castell\u00f3 Penyagolosa us ofereix la formaci\u00f3 en l\u00ednia \u201cEstimulaci\u00f3 de la lectoescriptura a casa\u201d.\" \/>\n<meta property=\"og:url\" content=\"http:\/\/fapacastello.com\/es\/event\/formacio-estimulacio-de-la-lectoescriptura-a-casa\/\" \/>\n<meta property=\"og:site_name\" content=\"FAMPA Castell\u00f3 Penyagolosa\" \/>\n<meta property=\"article:publisher\" content=\"http:\/\/www.facebook.com\/fapa.penyagolosa\" \/>\n<meta property=\"article:modified_time\" content=\"2024-04-15T10:10:20+00:00\" \/>\n<meta property=\"og:image\" content=\"http:\/\/fapacastello.com\/wp-content\/uploads\/2024\/04\/BANNERS-WEB.jpg\" \/>\n\t<meta property=\"og:image:width\" content=\"2000\" \/>\n\t<meta property=\"og:image:height\" content=\"875\" \/>\n\t<meta property=\"og:image:type\" content=\"image\/jpeg\" \/>\n<meta name=\"author\" content=\"Raquel Garc\u00eda\" \/>\n<meta name=\"twitter:card\" content=\"summary\" \/>\n<meta name=\"twitter:site\" content=\"@FAMPACS\" \/>\n<meta name=\"twitter:label1\" content=\"Tiempo de lectura\" \/>\n\t<meta name=\"twitter:data1\" content=\"1 minuto\" \/>\n<script type=\"application\/ld+json\" class=\"yoast-schema-graph\">{\"@context\":\"https:\/\/schema.org\",\"@graph\":[{\"@type\":\"WebSite\",\"@id\":\"http:\/\/fapacastello.com\/es\/#website\",\"url\":\"http:\/\/fapacastello.com\/es\/\",\"name\":\"FAMPA Castell\u00f3 Penyagolosa\",\"description\":\"Fapa-Castell\u00f3n Penyagolosa. Federaci\u00f3n de Asociaciones de Padres i Madres de Alumnos Provincia de Castell\u00f3n.\",\"potentialAction\":[{\"@type\":\"SearchAction\",\"target\":{\"@type\":\"EntryPoint\",\"urlTemplate\":\"http:\/\/fapacastello.com\/es\/?s={search_term_string}\"},\"query-input\":\"required name=search_term_string\"}],\"inLanguage\":\"es\"},{\"@type\":\"ImageObject\",\"inLanguage\":\"es\",\"@id\":\"http:\/\/fapacastello.com\/es\/event\/formacio-estimulacio-de-la-lectoescriptura-a-casa\/#primaryimage\",\"url\":\"https:\/\/fapacastello.com\/wp-content\/uploads\/2024\/04\/BANNERS-WEB.jpg\",\"contentUrl\":\"https:\/\/fapacastello.com\/wp-content\/uploads\/2024\/04\/BANNERS-WEB.jpg\",\"width\":2000,\"height\":875},{\"@type\":\"WebPage\",\"@id\":\"http:\/\/fapacastello.com\/es\/event\/formacio-estimulacio-de-la-lectoescriptura-a-casa\/#webpage\",\"url\":\"http:\/\/fapacastello.com\/es\/event\/formacio-estimulacio-de-la-lectoescriptura-a-casa\/\",\"name\":\"Formaci\u00f3n \u201cEstimulaci\u00f3n de la Lectoescritura en Casa\u201d\",\"isPartOf\":{\"@id\":\"http:\/\/fapacastello.com\/es\/#website\"},\"primaryImageOfPage\":{\"@id\":\"http:\/\/fapacastello.com\/es\/event\/formacio-estimulacio-de-la-lectoescriptura-a-casa\/#primaryimage\"},\"datePublished\":\"2024-04-15T10:08:00+00:00\",\"dateModified\":\"2024-04-15T10:10:20+00:00\",\"description\":\"El Dia del Llibre, 23 d'abril a les 18.30 h, la FAMPA Castell\u00f3 Penyagolosa us ofereix la formaci\u00f3 en l\u00ednia \u201cEstimulaci\u00f3 de la lectoescriptura a casa\u201d.\",\"breadcrumb\":{\"@id\":\"http:\/\/fapacastello.com\/es\/event\/formacio-estimulacio-de-la-lectoescriptura-a-casa\/#breadcrumb\"},\"inLanguage\":\"es\",\"potentialAction\":[{\"@type\":\"ReadAction\",\"target\":[\"http:\/\/fapacastello.com\/es\/event\/formacio-estimulacio-de-la-lectoescriptura-a-casa\/\"]}]},{\"@type\":\"BreadcrumbList\",\"@id\":\"http:\/\/fapacastello.com\/es\/event\/formacio-estimulacio-de-la-lectoescriptura-a-casa\/#breadcrumb\",\"itemListElement\":[{\"@type\":\"ListItem\",\"position\":1,\"name\":\"Portada\",\"item\":\"http:\/\/fapacastello.com\/es\/\"},{\"@type\":\"ListItem\",\"position\":2,\"name\":\"Formaci\u00f3n \u201cEstimulaci\u00f3n de la Lectoescritura en Casa\u201d\"}]}]}<\/script>\n<!-- \/ Yoast SEO plugin. -->","yoast_head_json":{"title":"Formaci\u00f3n \u201cEstimulaci\u00f3n de la Lectoescritura en Casa\u201d","description":"El Dia del Llibre, 23 d'abril a les 18.30 h, la FAMPA Castell\u00f3 Penyagolosa us ofereix la formaci\u00f3 en l\u00ednia \u201cEstimulaci\u00f3 de la lectoescriptura a casa\u201d.","robots":{"index":"index","follow":"follow","max-snippet":"max-snippet:-1","max-image-preview":"max-image-preview:large","max-video-preview":"max-video-preview:-1"},"canonical":"http:\/\/fapacastello.com\/es\/event\/formacio-estimulacio-de-la-lectoescriptura-a-casa\/","og_locale":"es_ES","og_type":"article","og_title":"Formaci\u00f3n \u201cEstimulaci\u00f3n de la Lectoescritura en Casa\u201d","og_description":"El Dia del Llibre, 23 d'abril a les 18.30 h, la FAMPA Castell\u00f3 Penyagolosa us ofereix la formaci\u00f3 en l\u00ednia \u201cEstimulaci\u00f3 de la lectoescriptura a casa\u201d.","og_url":"http:\/\/fapacastello.com\/es\/event\/formacio-estimulacio-de-la-lectoescriptura-a-casa\/","og_site_name":"FAMPA Castell\u00f3 Penyagolosa","article_publisher":"http:\/\/www.facebook.com\/fapa.penyagolosa","article_modified_time":"2024-04-15T10:10:20+00:00","og_image":[{"width":2000,"height":875,"url":"http:\/\/fapacastello.com\/wp-content\/uploads\/2024\/04\/BANNERS-WEB.jpg","type":"image\/jpeg"}],"author":"Raquel Garc\u00eda","twitter_card":"summary","twitter_site":"@FAMPACS","twitter_misc":{"Tiempo de lectura":"1 minuto"},"schema":{"@context":"https:\/\/schema.org","@graph":[{"@type":"WebSite","@id":"http:\/\/fapacastello.com\/es\/#website","url":"http:\/\/fapacastello.com\/es\/","name":"FAMPA Castell\u00f3 Penyagolosa","description":"Fapa-Castell\u00f3n Penyagolosa. Federaci\u00f3n de Asociaciones de Padres i Madres de Alumnos Provincia de Castell\u00f3n.","potentialAction":[{"@type":"SearchAction","target":{"@type":"EntryPoint","urlTemplate":"http:\/\/fapacastello.com\/es\/?s={search_term_string}"},"query-input":"required name=search_term_string"}],"inLanguage":"es"},{"@type":"ImageObject","inLanguage":"es","@id":"http:\/\/fapacastello.com\/es\/event\/formacio-estimulacio-de-la-lectoescriptura-a-casa\/#primaryimage","url":"https:\/\/fapacastello.com\/wp-content\/uploads\/2024\/04\/BANNERS-WEB.jpg","contentUrl":"https:\/\/fapacastello.com\/wp-content\/uploads\/2024\/04\/BANNERS-WEB.jpg","width":2000,"height":875},{"@type":"WebPage","@id":"http:\/\/fapacastello.com\/es\/event\/formacio-estimulacio-de-la-lectoescriptura-a-casa\/#webpage","url":"http:\/\/fapacastello.com\/es\/event\/formacio-estimulacio-de-la-lectoescriptura-a-casa\/","name":"Formaci\u00f3n \u201cEstimulaci\u00f3n de la Lectoescritura en Casa\u201d","isPartOf":{"@id":"http:\/\/fapacastello.com\/es\/#website"},"primaryImageOfPage":{"@id":"http:\/\/fapacastello.com\/es\/event\/formacio-estimulacio-de-la-lectoescriptura-a-casa\/#primaryimage"},"datePublished":"2024-04-15T10:08:00+00:00","dateModified":"2024-04-15T10:10:20+00:00","description":"El Dia del Llibre, 23 d'abril a les 18.30 h, la FAMPA Castell\u00f3 Penyagolosa us ofereix la formaci\u00f3 en l\u00ednia \u201cEstimulaci\u00f3 de la lectoescriptura a casa\u201d.","breadcrumb":{"@id":"http:\/\/fapacastello.com\/es\/event\/formacio-estimulacio-de-la-lectoescriptura-a-casa\/#breadcrumb"},"inLanguage":"es","potentialAction":[{"@type":"ReadAction","target":["http:\/\/fapacastello.com\/es\/event\/formacio-estimulacio-de-la-lectoescriptura-a-casa\/"]}]},{"@type":"BreadcrumbList","@id":"http:\/\/fapacastello.com\/es\/event\/formacio-estimulacio-de-la-lectoescriptura-a-casa\/#breadcrumb","itemListElement":[{"@type":"ListItem","position":1,"name":"Portada","item":"http:\/\/fapacastello.com\/es\/"},{"@type":"ListItem","position":2,"name":"Formaci\u00f3n \u201cEstimulaci\u00f3n de la Lectoescritura en Casa\u201d"}]}]}},"_links":{"self":[{"href":"https:\/\/fapacastello.com\/es\/wp-json\/wp\/v2\/event_listing\/12324"}],"collection":[{"href":"https:\/\/fapacastello.com\/es\/wp-json\/wp\/v2\/event_listing"}],"about":[{"href":"https:\/\/fapacastello.com\/es\/wp-json\/wp\/v2\/types\/event_listing"}],"wp:featuredmedia":[{"embeddable":true,"href":"https:\/\/fapacastello.com\/es\/wp-json\/wp\/v2\/media\/12322"}],"wp:attachment":[{"href":"https:\/\/fapacastello.com\/es\/wp-json\/wp\/v2\/media?parent=12324"}],"wp:term":[{"taxonomy":"event_listing_category","embeddable":true,"href":"https:\/\/fapacastello.com\/es\/wp-json\/wp\/v2\/event_listing_category?post=12324"},{"taxonomy":"event_listing_type","embeddable":true,"href":"https:\/\/fapacastello.com\/es\/wp-json\/wp\/v2\/event_listing_type?post=12324"}],"curies":[{"name":"wp","href":"https:\/\/api.w.org\/{rel}","templated":true}]}}

Formación “Estimulación de la Lectoescritura en Casa”

<p>El Dia del Libro, 23 de abril a las 18.30 h, la FAMPA Castelló Penyagolosa os ofrece la formación online “Estimulación de la lectoescritura en casa”.</p>



<p>En el taller, impartido por la formadora i lingüista Judith Gallardo, nos centraremos en entender el proceso de adquisición de la lectoescritura, adquirir herramientas para apoyar al aprendizaje en el hogar, identificar los errores más comunes en el aprendizaje y aprender a solucionarlos, así como tener conocimientos básicos sobre los trastornos de la lectoescritura.</p>



<p><a href="https://us06web.zoom.us/j/87611415932?pwd=CqeK27EDLJtLcOHXN9tyAlUolvcf1G.1">https://us06web.zoom.us/j/87611415932?pwd=CqeK27EDLJtLcOHXN9tyAlUolvcf1G.1</a></p>



<figure class="wp-container-2 wp-block-gallery-1 wp-block-gallery has-nested-images columns-default is-cropped">
<figure class="wp-block-image size-large"><img loading="lazy" width="819" height="1024" data-id="12326"  src="https://fapacastello.com/wp-content/uploads/2024/04/Estimulació-de-la-lectoescriptura-a-casa-CAS-819x1024.jpg" alt="" class="wp-image-12326" srcset="https://fapacastello.com/wp-content/uploads/2024/04/Estimulació-de-la-lectoescriptura-a-casa-CAS-819x1024.jpg 819w, https://fapacastello.com/wp-content/uploads/2024/04/Estimulació-de-la-lectoescriptura-a-casa-CAS-240x300.jpg 240w, https://fapacastello.com/wp-content/uploads/2024/04/Estimulació-de-la-lectoescriptura-a-casa-CAS-768x960.jpg 768w, https://fapacastello.com/wp-content/uploads/2024/04/Estimulació-de-la-lectoescriptura-a-casa-CAS-117x146.jpg 117w, https://fapacastello.com/wp-content/uploads/2024/04/Estimulació-de-la-lectoescriptura-a-casa-CAS-40x50.jpg 40w, https://fapacastello.com/wp-content/uploads/2024/04/Estimulació-de-la-lectoescriptura-a-casa-CAS-60x75.jpg 60w, https://fapacastello.com/wp-content/uploads/2024/04/Estimulació-de-la-lectoescriptura-a-casa-CAS.jpg 1080w" sizes="(max-width: 819px) 100vw, 819px" /></figure>
</figure>

<!-- This site is optimized with the Yoast SEO plugin v19.2 - https://yoast.com/wordpress/plugins/seo/ -->
<title>Formación “Estimulación de la Lectoescritura en Casa”</title>
<meta name="description" content="El Dia del Llibre, 23 d&#039;abril a les 18.30 h, la FAMPA Castelló Penyagolosa us ofereix la formació en línia “Estimulació de la lectoescriptura a casa”." />
<meta name="robots" content="index, follow, max-snippet:-1, max-image-preview:large, max-video-preview:-1" />
<link rel="canonical" href="http://fapacastello.com/es/event/formacio-estimulacio-de-la-lectoescriptura-a-casa/" />
<meta property="og:locale" content="es_ES" />
<meta property="og:type" content="article" />
<meta property="og:title" content="Formación “Estimulación de la Lectoescritura en Casa”" />
<meta property="og:description" content="El Dia del Llibre, 23 d&#039;abril a les 18.30 h, la FAMPA Castelló Penyagolosa us ofereix la formació en línia “Estimulació de la lectoescriptura a casa”." />
<meta property="og:url" content="http://fapacastello.com/es/event/formacio-estimulacio-de-la-lectoescriptura-a-casa/" />
<meta property="og:site_name" content="FAMPA Castelló Penyagolosa" />
<meta property="article:publisher" content="http://www.facebook.com/fapa.penyagolosa" />
<meta property="article:modified_time" content="2024-04-15T10:10:20+00:00" />
<meta property="og:image" content="http://fapacastello.com/wp-content/uploads/2024/04/BANNERS-WEB.jpg" />
	<meta property="og:image:width" content="2000" />
	<meta property="og:image:height" content="875" />
	<meta property="og:image:type" content="image/jpeg" />
<meta name="author" content="Raquel García" />
<meta name="twitter:card" content="summary" />
<meta name="twitter:site" content="@FAMPACS" />
<meta name="twitter:label1" content="Tiempo de lectura" />
	<meta name="twitter:data1" content="1 minuto" />
<script type="application/ld+json" class="yoast-schema-graph">{"@context":"https://schema.org","@graph":[{"@type":"WebSite","@id":"http://fapacastello.com/es/#website","url":"http://fapacastello.com/es/","name":"FAMPA Castelló Penyagolosa","description":"Fapa-Castellón Penyagolosa. Federación de Asociaciones de Padres i Madres de Alumnos Provincia de Castellón.","potentialAction":[{"@type":"SearchAction","target":{"@type":"EntryPoint","urlTemplate":"http://fapacastello.com/es/?s={search_term_string}"},"query-input":"required name=search_term_string"}],"inLanguage":"es"},{"@type":"ImageObject","inLanguage":"es","@id":"http://fapacastello.com/es/event/formacio-estimulacio-de-la-lectoescriptura-a-casa/#primaryimage","url":"https://fapacastello.com/wp-content/uploads/2024/04/BANNERS-WEB.jpg","contentUrl":"https://fapacastello.com/wp-content/uploads/2024/04/BANNERS-WEB.jpg","width":2000,"height":875},{"@type":"WebPage","@id":"http://fapacastello.com/es/event/formacio-estimulacio-de-la-lectoescriptura-a-casa/#webpage","url":"http://fapacastello.com/es/event/formacio-estimulacio-de-la-lectoescriptura-a-casa/","name":"Formación “Estimulación de la Lectoescritura en Casa”","isPartOf":{"@id":"http://fapacastello.com/es/#website"},"primaryImageOfPage":{"@id":"http://fapacastello.com/es/event/formacio-estimulacio-de-la-lectoescriptura-a-casa/#primaryimage"},"datePublished":"2024-04-15T10:08:00+00:00","dateModified":"2024-04-15T10:10:20+00:00","description":"El Dia del Llibre, 23 d'abril a les 18.30 h, la FAMPA Castelló Penyagolosa us ofereix la formació en línia “Estimulació de la lectoescriptura a casa”.","breadcrumb":{"@id":"http://fapacastello.com/es/event/formacio-estimulacio-de-la-lectoescriptura-a-casa/#breadcrumb"},"inLanguage":"es","potentialAction":[{"@type":"ReadAction","target":["http://fapacastello.com/es/event/formacio-estimulacio-de-la-lectoescriptura-a-casa/"]}]},{"@type":"BreadcrumbList","@id":"http://fapacastello.com/es/event/formacio-estimulacio-de-la-lectoescriptura-a-casa/#breadcrumb","itemListElement":[{"@type":"ListItem","position":1,"name":"Portada","item":"http://fapacastello.com/es/"},{"@type":"ListItem","position":2,"name":"Formación “Estimulación de la Lectoescritura en Casa”"}]}]}</script>
<!-- / Yoast SEO plugin. -->

El Dia del Llibre, 23 d'abril a les 18.30 h, la FAMPA Castelló Penyagolosa us ofereix la formació en línia “Estimulació de la lectoescriptura a casa”.

FAMPA Castelló Penyagolosa

Raquel García

Fapa-Castellón Penyagolosa. Federación de Asociaciones de Padres i Madres de Alumnos Provincia de Castellón.
