

{"id":3262,"date":"2016-01-22T17:35:43","date_gmt":"2016-01-22T17:35:43","guid":{"rendered":"http:\/\/gonzaloanaya.mindthebrand.com\/?page_id=3262"},"modified":"2023-07-11T10:05:52","modified_gmt":"2023-07-11T08:05:52","slug":"junta-directiva","status":"publish","type":"page","link":"https:\/\/fapacastello.com\/es\/junta-directiva\/","title":{"rendered":"Junta Directiva"},"content":{"rendered":"","protected":false},"excerpt":{"rendered":"","protected":false},"author":5,"featured_media":3334,"parent":0,"menu_order":0,"comment_status":"closed","ping_status":"closed","template":"","meta":[],"yoast_head":"<!-- This site is optimized with the Yoast SEO plugin v19.2 - https:\/\/yoast.com\/wordpress\/plugins\/seo\/ -->\n<title>Junta Directiva | FAMPA Castell\u00f3 Penyagolosa<\/title>\n<meta name=\"robots\" content=\"index, follow, max-snippet:-1, max-image-preview:large, max-video-preview:-1\" \/>\n<link rel=\"canonical\" href=\"http:\/\/fapacastello.com\/es\/junta-directiva\/\" \/>\n<meta property=\"og:locale\" content=\"es_ES\" \/>\n<meta property=\"og:type\" content=\"article\" \/>\n<meta property=\"og:title\" content=\"Junta Directiva | FAMPA Castell\u00f3 Penyagolosa\" \/>\n<meta property=\"og:url\" content=\"http:\/\/fapacastello.com\/es\/junta-directiva\/\" \/>\n<meta property=\"og:site_name\" content=\"FAMPA Castell\u00f3 Penyagolosa\" \/>\n<meta property=\"article:publisher\" content=\"http:\/\/www.facebook.com\/fapa.penyagolosa\" \/>\n<meta property=\"article:modified_time\" content=\"2023-07-11T08:05:52+00:00\" \/>\n<meta property=\"og:image\" content=\"http:\/\/fapacastello.com\/wp-content\/uploads\/2016\/01\/quienes.jpg\" \/>\n\t<meta property=\"og:image:width\" content=\"1600\" \/>\n\t<meta property=\"og:image:height\" content=\"390\" \/>\n\t<meta property=\"og:image:type\" content=\"image\/jpeg\" \/>\n<meta name=\"author\" content=\"FAMPA Castell\u00f3\" \/>\n<meta name=\"twitter:card\" content=\"summary\" \/>\n<meta name=\"twitter:site\" content=\"@FAMPACS\" \/>\n<script type=\"application\/ld+json\" class=\"yoast-schema-graph\">{\"@context\":\"https:\/\/schema.org\",\"@graph\":[{\"@type\":\"WebSite\",\"@id\":\"http:\/\/fapacastello.com\/#website\",\"url\":\"http:\/\/fapacastello.com\/\",\"name\":\"FAMPA Castell\u00f3 Penyagolosa\",\"description\":\"Fapa-Castell\u00f3n Penyagolosa. Federaci\u00f3n de Asociaciones de Padres i Madres de Alumnos Provincia de Castell\u00f3n.\",\"potentialAction\":[{\"@type\":\"SearchAction\",\"target\":{\"@type\":\"EntryPoint\",\"urlTemplate\":\"http:\/\/fapacastello.com\/?s={search_term_string}\"},\"query-input\":\"required name=search_term_string\"}],\"inLanguage\":\"es\"},{\"@type\":\"ImageObject\",\"inLanguage\":\"es\",\"@id\":\"http:\/\/fapacastello.com\/es\/junta-directiva\/#primaryimage\",\"url\":\"https:\/\/fapacastello.com\/wp-content\/uploads\/2016\/01\/quienes.jpg\",\"contentUrl\":\"https:\/\/fapacastello.com\/wp-content\/uploads\/2016\/01\/quienes.jpg\",\"width\":1600,\"height\":390},{\"@type\":\"WebPage\",\"@id\":\"http:\/\/fapacastello.com\/es\/junta-directiva\/#webpage\",\"url\":\"http:\/\/fapacastello.com\/es\/junta-directiva\/\",\"name\":\"Junta Directiva | FAMPA Castell\u00f3 Penyagolosa\",\"isPartOf\":{\"@id\":\"http:\/\/fapacastello.com\/#website\"},\"primaryImageOfPage\":{\"@id\":\"http:\/\/fapacastello.com\/es\/junta-directiva\/#primaryimage\"},\"datePublished\":\"2016-01-22T17:35:43+00:00\",\"dateModified\":\"2023-07-11T08:05:52+00:00\",\"breadcrumb\":{\"@id\":\"http:\/\/fapacastello.com\/es\/junta-directiva\/#breadcrumb\"},\"inLanguage\":\"es\",\"potentialAction\":[{\"@type\":\"ReadAction\",\"target\":[\"http:\/\/fapacastello.com\/es\/junta-directiva\/\"]}]},{\"@type\":\"BreadcrumbList\",\"@id\":\"http:\/\/fapacastello.com\/es\/junta-directiva\/#breadcrumb\",\"itemListElement\":[{\"@type\":\"ListItem\",\"position\":1,\"name\":\"Portada\",\"item\":\"http:\/\/fapacastello.com\/es\/\"},{\"@type\":\"ListItem\",\"position\":2,\"name\":\"Junta Directiva\"}]}]}<\/script>\n<!-- \/ Yoast SEO plugin. -->","yoast_head_json":{"title":"Junta Directiva | FAMPA Castell\u00f3 Penyagolosa","robots":{"index":"index","follow":"follow","max-snippet":"max-snippet:-1","max-image-preview":"max-image-preview:large","max-video-preview":"max-video-preview:-1"},"canonical":"http:\/\/fapacastello.com\/es\/junta-directiva\/","og_locale":"es_ES","og_type":"article","og_title":"Junta Directiva | FAMPA Castell\u00f3 Penyagolosa","og_url":"http:\/\/fapacastello.com\/es\/junta-directiva\/","og_site_name":"FAMPA Castell\u00f3 Penyagolosa","article_publisher":"http:\/\/www.facebook.com\/fapa.penyagolosa","article_modified_time":"2023-07-11T08:05:52+00:00","og_image":[{"width":1600,"height":390,"url":"http:\/\/fapacastello.com\/wp-content\/uploads\/2016\/01\/quienes.jpg","type":"image\/jpeg"}],"author":"FAMPA Castell\u00f3","twitter_card":"summary","twitter_site":"@FAMPACS","schema":{"@context":"https:\/\/schema.org","@graph":[{"@type":"WebSite","@id":"http:\/\/fapacastello.com\/#website","url":"http:\/\/fapacastello.com\/","name":"FAMPA Castell\u00f3 Penyagolosa","description":"Fapa-Castell\u00f3n Penyagolosa. Federaci\u00f3n de Asociaciones de Padres i Madres de Alumnos Provincia de Castell\u00f3n.","potentialAction":[{"@type":"SearchAction","target":{"@type":"EntryPoint","urlTemplate":"http:\/\/fapacastello.com\/?s={search_term_string}"},"query-input":"required name=search_term_string"}],"inLanguage":"es"},{"@type":"ImageObject","inLanguage":"es","@id":"http:\/\/fapacastello.com\/es\/junta-directiva\/#primaryimage","url":"https:\/\/fapacastello.com\/wp-content\/uploads\/2016\/01\/quienes.jpg","contentUrl":"https:\/\/fapacastello.com\/wp-content\/uploads\/2016\/01\/quienes.jpg","width":1600,"height":390},{"@type":"WebPage","@id":"http:\/\/fapacastello.com\/es\/junta-directiva\/#webpage","url":"http:\/\/fapacastello.com\/es\/junta-directiva\/","name":"Junta Directiva | FAMPA Castell\u00f3 Penyagolosa","isPartOf":{"@id":"http:\/\/fapacastello.com\/#website"},"primaryImageOfPage":{"@id":"http:\/\/fapacastello.com\/es\/junta-directiva\/#primaryimage"},"datePublished":"2016-01-22T17:35:43+00:00","dateModified":"2023-07-11T08:05:52+00:00","breadcrumb":{"@id":"http:\/\/fapacastello.com\/es\/junta-directiva\/#breadcrumb"},"inLanguage":"es","potentialAction":[{"@type":"ReadAction","target":["http:\/\/fapacastello.com\/es\/junta-directiva\/"]}]},{"@type":"BreadcrumbList","@id":"http:\/\/fapacastello.com\/es\/junta-directiva\/#breadcrumb","itemListElement":[{"@type":"ListItem","position":1,"name":"Portada","item":"http:\/\/fapacastello.com\/es\/"},{"@type":"ListItem","position":2,"name":"Junta Directiva"}]}]}},"_links":{"self":[{"href":"https:\/\/fapacastello.com\/es\/wp-json\/wp\/v2\/pages\/3262"}],"collection":[{"href":"https:\/\/fapacastello.com\/es\/wp-json\/wp\/v2\/pages"}],"about":[{"href":"https:\/\/fapacastello.com\/es\/wp-json\/wp\/v2\/types\/page"}],"author":[{"embeddable":true,"href":"https:\/\/fapacastello.com\/es\/wp-json\/wp\/v2\/users\/5"}],"replies":[{"embeddable":true,"href":"https:\/\/fapacastello.com\/es\/wp-json\/wp\/v2\/comments?post=3262"}],"version-history":[{"count":1,"href":"https:\/\/fapacastello.com\/es\/wp-json\/wp\/v2\/pages\/3262\/revisions"}],"predecessor-version":[{"id":3263,"href":"https:\/\/fapacastello.com\/es\/wp-json\/wp\/v2\/pages\/3262\/revisions\/3263"}],"wp:featuredmedia":[{"embeddable":true,"href":"https:\/\/fapacastello.com\/es\/wp-json\/wp\/v2\/media\/3334"}],"wp:attachment":[{"href":"https:\/\/fapacastello.com\/es\/wp-json\/wp\/v2\/media?parent=3262"}],"curies":[{"name":"wp","href":"https:\/\/api.w.org\/{rel}","templated":true}]}}

<!-- This site is optimized with the Yoast SEO plugin v19.2 - https://yoast.com/wordpress/plugins/seo/ -->
<title>Junta Directiva | FAMPA Castelló Penyagolosa</title>
<meta name="robots" content="index, follow, max-snippet:-1, max-image-preview:large, max-video-preview:-1" />
<link rel="canonical" href="http://fapacastello.com/es/junta-directiva/" />
<meta property="og:locale" content="es_ES" />
<meta property="og:type" content="article" />
<meta property="og:title" content="Junta Directiva | FAMPA Castelló Penyagolosa" />
<meta property="og:url" content="http://fapacastello.com/es/junta-directiva/" />
<meta property="og:site_name" content="FAMPA Castelló Penyagolosa" />
<meta property="article:publisher" content="http://www.facebook.com/fapa.penyagolosa" />
<meta property="article:modified_time" content="2023-07-11T08:05:52+00:00" />
<meta property="og:image" content="http://fapacastello.com/wp-content/uploads/2016/01/quienes.jpg" />
	<meta property="og:image:width" content="1600" />
	<meta property="og:image:height" content="390" />
	<meta property="og:image:type" content="image/jpeg" />
<meta name="author" content="FAMPA Castelló" />
<meta name="twitter:card" content="summary" />
<meta name="twitter:site" content="@FAMPACS" />
<script type="application/ld+json" class="yoast-schema-graph">{"@context":"https://schema.org","@graph":[{"@type":"WebSite","@id":"http://fapacastello.com/#website","url":"http://fapacastello.com/","name":"FAMPA Castelló Penyagolosa","description":"Fapa-Castellón Penyagolosa. Federación de Asociaciones de Padres i Madres de Alumnos Provincia de Castellón.","potentialAction":[{"@type":"SearchAction","target":{"@type":"EntryPoint","urlTemplate":"http://fapacastello.com/?s={search_term_string}"},"query-input":"required name=search_term_string"}],"inLanguage":"es"},{"@type":"ImageObject","inLanguage":"es","@id":"http://fapacastello.com/es/junta-directiva/#primaryimage","url":"https://fapacastello.com/wp-content/uploads/2016/01/quienes.jpg","contentUrl":"https://fapacastello.com/wp-content/uploads/2016/01/quienes.jpg","width":1600,"height":390},{"@type":"WebPage","@id":"http://fapacastello.com/es/junta-directiva/#webpage","url":"http://fapacastello.com/es/junta-directiva/","name":"Junta Directiva | FAMPA Castelló Penyagolosa","isPartOf":{"@id":"http://fapacastello.com/#website"},"primaryImageOfPage":{"@id":"http://fapacastello.com/es/junta-directiva/#primaryimage"},"datePublished":"2016-01-22T17:35:43+00:00","dateModified":"2023-07-11T08:05:52+00:00","breadcrumb":{"@id":"http://fapacastello.com/es/junta-directiva/#breadcrumb"},"inLanguage":"es","potentialAction":[{"@type":"ReadAction","target":["http://fapacastello.com/es/junta-directiva/"]}]},{"@type":"BreadcrumbList","@id":"http://fapacastello.com/es/junta-directiva/#breadcrumb","itemListElement":[{"@type":"ListItem","position":1,"name":"Portada","item":"http://fapacastello.com/es/"},{"@type":"ListItem","position":2,"name":"Junta Directiva"}]}]}</script>
<!-- / Yoast SEO plugin. -->

Junta Directiva | FAMPA Castelló Penyagolosa

FAMPA Castelló Penyagolosa

FAMPA Castelló

Fapa-Castellón Penyagolosa. Federación de Asociaciones de Padres i Madres de Alumnos Provincia de Castellón.
